192.168.11.104 - - [08/Sep/2025:09:04:31 +0800] "GET /eHR/img/success.png HTTP/1.1" 200 1084 "http://192.168.1.83:8088/eHR/ess/redirect.php?scriptname=page_success&msgtxt=%E7%94%B3%E8%AB%8B%E5%8F%96%E6%B6%88%E6%93%8D%E4%BD%9C%E6%88%90%E5%8A%9F.&target=iframe" "Mozilla/4.0 (compatible; MSIE 7.0; Windows NT 10.0; WOW64; Trident/7.0; .NET4.0C; .NET4.0E)"
192.168.11.47 - - [08/Sep/2025:09:04:31 +0800] "GET /eHR/ess/index.php?action=logout HTTP/1.1" 200 8826 "-" "Mozilla/5.0 (Windows NT 6.1; Win64; x64) AppleWebKit/537.36 (KHTML, like Gecko) Chrome/105.0.0.0 Safari/537.36"
192.168.11.47 - - [08/Sep/2025:09:04:31 +0800] "GET /eHR/ess/index.php?action=logout HTTP/1.1" 200 8826
192.168.11.47 - - [08/Sep/2025:09:04:31 +0800] "GET /eHR/ess/index.php?action=logout HTTP/1.1" 200 8826
192.168.11.47 - - [08/Sep/2025:09:04:31 +0800] "GET /eHR/ess/index.php?action=logout HTTP/1.1" 200 8826 "-" "Mozilla/5.0 (Windows NT 6.1; Win64; x64) AppleWebKit/537.36 (KHTML, like Gecko) Chrome/105.0.0.0 Safari/537.36"
192.168.11.104 - - [08/Sep/2025:09:04:32 +0800] "GET /eHR/ess/redirect.php?scriptname=assistant_overtime_apply_search&dept_seqno=3932&flowstatus=02&whoami=admin HTTP/1.1" 200 91344
192.168.11.104 - - [08/Sep/2025:09:04:32 +0800] "GET /eHR/ess/redirect.php?scriptname=assistant_overtime_apply_search&dept_seqno=3932&flowstatus=02&whoami=admin HTTP/1.1" 200 91344 "http://192.168.1.83:8088/eHR/ess/redirect.php?scriptname=ESNF000&appdesc=%E6%B5%81%E7%A8%8B%E7%AE%A1%E7%90%86" "Mozilla/4.0 (compatible; MSIE 7.0; Windows NT 10.0; WOW64; Trident/7.0; .NET4.0C; .NET4.0E)"
192.168.11.47 - - [08/Sep/2025:09:04:35 +0800] "POST /eHR/ess/includes/login.php HTTP/1.1" 302 - "http://192.168.1.83:8088/eHR/ess/index.php?action=logout" "Mozilla/5.0 (Windows NT 6.1; Win64; x64) AppleWebKit/537.36 (KHTML, like Gecko) Chrome/105.0.0.0 Safari/537.36"
192.168.11.47 - - [08/Sep/2025:09:04:35 +0800] "POST /eHR/ess/includes/login.php HTTP/1.1" 302 -
192.168.11.47 - - [08/Sep/2025:09:04:40 +0800] "GET /eHR/ess/redirect.php HTTP/1.1" 200 8926
192.168.11.47 - - [08/Sep/2025:09:04:40 +0800] "GET /eHR/ess/redirect.php HTTP/1.1" 200 8926 "http://192.168.1.83:8088/eHR/ess/index.php?action=logout" "Mozilla/5.0 (Windows NT 6.1; Win64; x64) AppleWebKit/537.36 (KHTML, like Gecko) Chrome/105.0.0.0 Safari/537.36"
192.168.11.47 - - [08/Sep/2025:09:04:41 +0800] "GET /eHR/ess/redirect.php?scriptname=ESNH000 HTTP/1.1" 200 10037 "http://192.168.1.83:8088/eHR/ess/redirect.php" "Mozilla/5.0 (Windows NT 6.1; Win64; x64) AppleWebKit/537.36 (KHTML, like Gecko) Chrome/105.0.0.0 Safari/537.36"
192.168.11.47 - - [08/Sep/2025:09:04:41 +0800] "GET /eHR/ess/redirect.php?scriptname=ESNH000 HTTP/1.1" 200 10037
192.168.40.56 - - [08/Sep/2025:09:04:44 +0800] "GET /eHR/ess/redirect.php?scriptname=ESNA012&appdesc=%E8%AF%B7%E5%81%87%E7%94%B3%E8%AF%B7&ajaxcall=1&func=getShiftBeginTime&shiftdate=2025-09-08 HTTP/1.1" 200 7 "http://192.168.1.83:8088/eHR/ess/redirect.php?scriptname=ESNA012&appdesc=%E8%AF%B7%E5%81%87%E7%94%B3%E8%AF%B7" "Mozilla/5.0 (Windows NT 6.2; Win64; x64) AppleWebKit/537.36 (KHTML, like Gecko) Chrome/105.0.0.0 Safari/537.36"
192.168.40.56 - - [08/Sep/2025:09:04:44 +0800] "GET /eHR/ess/redirect.php?scriptname=ESNA012&appdesc=%E8%AF%B7%E5%81%87%E7%94%B3%E8%AF%B7&ajaxcall=1&func=getShiftBeginTime&shiftdate=2025-09-08 HTTP/1.1" 200 7
192.168.11.47 - - [08/Sep/2025:09:04:46 +0800] "GET /eHR/ess/redirect.php?scriptname=ESNA012&appdesc=%E8%AF%B7%E5%81%87%E7%94%B3%E8%AF%B7 HTTP/1.1" 200 20903 "http://192.168.1.83:8088/eHR/ess/redirect.php" "Mozilla/5.0 (Windows NT 6.1; Win64; x64) AppleWebKit/537.36 (KHTML, like Gecko) Chrome/105.0.0.0 Safari/537.36"
192.168.11.47 - - [08/Sep/2025:09:04:46 +0800] "GET /eHR/ess/redirect.php?scriptname=ESNA012&appdesc=%E8%AF%B7%E5%81%87%E7%94%B3%E8%AF%B7 HTTP/1.1" 200 20903
192.168.11.47 - - [08/Sep/2025:09:04:47 +0800] "GET /eHR/img/lov.png HTTP/1.1" 200 788
192.168.11.47 - - [08/Sep/2025:09:04:47 +0800] "GET /eHR/img/lov.png HTTP/1.1" 200 788 "http://192.168.1.83:8088/eHR/css/default.css?m=20130917" "Mozilla/5.0 (Windows NT 6.1; Win64; x64) AppleWebKit/537.36 (KHTML, like Gecko) Chrome/105.0.0.0 Safari/537.36"
192.168.11.47 - - [08/Sep/2025:09:04:49 +0800] "GET /eHR/ess/redirect.php?scriptname=ESNA013&appdesc=%E8%AF%B7%E5%81%87%E7%94%B3%E8%AF%B7%E6%9F%A5%E8%AF%A2 HTTP/1.1" 200 6645
192.168.11.47 - - [08/Sep/2025:09:04:49 +0800] "GET /eHR/ess/redirect.php?scriptname=ESNA013&appdesc=%E8%AF%B7%E5%81%87%E7%94%B3%E8%AF%B7%E6%9F%A5%E8%AF%A2 HTTP/1.1" 200 6645 "http://192.168.1.83:8088/eHR/ess/redirect.php" "Mozilla/5.0 (Windows NT 6.1; Win64; x64) AppleWebKit/537.36 (KHTML, like Gecko) Chrome/105.0.0.0 Safari/537.36"
192.168.11.47 - - [08/Sep/2025:09:04:53 +0800] "POST /eHR/ess/redirect.php?scriptname=ESNA013&appdesc=%E8%AF%B7%E5%81%87%E7%94%B3%E8%AF%B7%E6%9F%A5%E8%AF%A2 HTTP/1.1" 200 110733 "http://192.168.1.83:8088/eHR/ess/redirect.php?scriptname=ESNA013&appdesc=%E8%AF%B7%E5%81%87%E7%94%B3%E8%AF%B7%E6%9F%A5%E8%AF%A2" "Mozilla/5.0 (Windows NT 6.1; Win64; x64) AppleWebKit/537.36 (KHTML, like Gecko) Chrome/105.0.0.0 Safari/537.36"
192.168.11.47 - - [08/Sep/2025:09:04:53 +0800] "POST /eHR/ess/redirect.php?scriptname=ESNA013&appdesc=%E8%AF%B7%E5%81%87%E7%94%B3%E8%AF%B7%E6%9F%A5%E8%AF%A2 HTTP/1.1" 200 110733
192.168.40.56 - - [08/Sep/2025:09:05:03 +0800] "GET /eHR/ess/redirect.php?scriptname=ESNA012&appdesc=%E8%AF%B7%E5%81%87%E7%94%B3%E8%AF%B7&ajaxcall=1&func=getShiftEndTime&shiftdate=2025-09-08 HTTP/1.1" 200 7 "http://192.168.1.83:8088/eHR/ess/redirect.php?scriptname=ESNA012&appdesc=%E8%AF%B7%E5%81%87%E7%94%B3%E8%AF%B7" "Mozilla/5.0 (Windows NT 6.2; Win64; x64) AppleWebKit/537.36 (KHTML, like Gecko) Chrome/105.0.0.0 Safari/537.36"
192.168.40.56 - - [08/Sep/2025:09:05:03 +0800] "GET /eHR/ess/redirect.php?scriptname=ESNA012&appdesc=%E8%AF%B7%E5%81%87%E7%94%B3%E8%AF%B7&ajaxcall=1&func=getShiftEndTime&shiftdate=2025-09-08 HTTP/1.1" 200 7
192.168.11.47 - - [08/Sep/2025:09:05:30 +0800] "GET /eHR/ess/redirect.php?scriptname=ESNE004&appdesc=%E6%89%B9%E9%87%8F%E8%AF%B7%E5%81%87%E6%9F%A5%E8%AF%A2 HTTP/1.1" 200 8243 "http://192.168.1.83:8088/eHR/ess/redirect.php" "Mozilla/5.0 (Windows NT 6.1; Win64; x64) AppleWebKit/537.36 (KHTML, like Gecko) Chrome/105.0.0.0 Safari/537.36"
192.168.11.47 - - [08/Sep/2025:09:05:30 +0800] "GET /eHR/ess/redirect.php?scriptname=ESNE004&appdesc=%E6%89%B9%E9%87%8F%E8%AF%B7%E5%81%87%E6%9F%A5%E8%AF%A2 HTTP/1.1" 200 8243
192.168.40.56 - - [08/Sep/2025:09:05:40 +0800] "POST /eHR/ess/redirect.php?scriptname=ajax_overtime&do=CheckLeaveApplyTimeArea HTTP/1.1" 200 2 "http://192.168.1.83:8088/eHR/ess/redirect.php?scriptname=ESNA012&appdesc=%E8%AF%B7%E5%81%87%E7%94%B3%E8%AF%B7" "Mozilla/5.0 (Windows NT 6.2; Win64; x64) AppleWebKit/537.36 (KHTML, like Gecko) Chrome/105.0.0.0 Safari/537.36"
192.168.40.56 - - [08/Sep/2025:09:05:40 +0800] "POST /eHR/ess/redirect.php?scriptname=ajax_overtime&do=CheckLeaveApplyTimeArea HTTP/1.1" 200 2
192.168.11.47 - - [08/Sep/2025:09:05:32 +0800] "POST /eHR/ess/redirect.php?scriptname=ESNE004&appdesc=%E6%89%B9%E9%87%8F%E8%AF%B7%E5%81%87%E6%9F%A5%E8%AF%A2 HTTP/1.1" 200 16733 "http://192.168.1.83:8088/eHR/ess/redirect.php?scriptname=ESNE004&appdesc=%E6%89%B9%E9%87%8F%E8%AF%B7%E5%81%87%E6%9F%A5%E8%AF%A2" "Mozilla/5.0 (Windows NT 6.1; Win64; x64) AppleWebKit/537.36 (KHTML, like Gecko) Chrome/105.0.0.0 Safari/537.36"
192.168.11.47 - - [08/Sep/2025:09:05:32 +0800] "POST /eHR/ess/redirect.php?scriptname=ESNE004&appdesc=%E6%89%B9%E9%87%8F%E8%AF%B7%E5%81%87%E6%9F%A5%E8%AF%A2 HTTP/1.1" 200 16733
192.168.40.56 - - [08/Sep/2025:09:05:44 +0800] "POST /eHR/ess/redirect.php?scriptname=ESNA012&appdesc=%E8%AF%B7%E5%81%87%E7%94%B3%E8%AF%B7 HTTP/1.1" 302 - "http://192.168.1.83:8088/eHR/ess/redirect.php?scriptname=ESNA012&appdesc=%E8%AF%B7%E5%81%87%E7%94%B3%E8%AF%B7" "Mozilla/5.0 (Windows NT 6.2; Win64; x64) AppleWebKit/537.36 (KHTML, like Gecko) Chrome/105.0.0.0 Safari/537.36"
192.168.40.56 - - [08/Sep/2025:09:05:44 +0800] "POST /eHR/ess/redirect.php?scriptname=ESNA012&appdesc=%E8%AF%B7%E5%81%87%E7%94%B3%E8%AF%B7 HTTP/1.1" 302 -
192.168.40.56 - - [08/Sep/2025:09:05:45 +0800] "GET /eHR/ess/redirect.php?scriptname=page_success&msgtxt=%E8%AF%B7%E5%81%87%E7%94%B3%E8%AF%B7%E6%8F%90%E4%BA%A4%E6%88%90%E5%8A%9F%2C%E8%AF%B7%E7%AD%89%E5%BE%85%E4%B8%BB%E7%AE%A1%E7%AD%BE%E6%A0%B8.%3Cbr%3E%E6%82%A8%E5%8F%AF%E4%BB%A5%E5%88%B0+%3Cstrong%3E+%3Ca+href%3D%22%3Fscriptname%3Demp_leave_apply_search%26flowseqno%3D116561%22%3E%E8%AF%B7%E5%81%87%E7%94%B3%E8%AF%B7%E6%9F%A5%E8%AF%A2+%3C%2Fa%3E%3C%2Fstrong%3E+%E6%9F%A5%E8%AF%A2%E6%89%80%E6%8F%90%E4%BA%A4%E7%9A%84%E7%94%B3%E8%AF%B7%E5%8D%95%E8%AF%A6%E6%83%85%E5%8F%8A%E6%B5%81%E7%A8%8B.&target=iframe HTTP/1.1" 200 3276 "http://192.168.1.83:8088/eHR/ess/redirect.php?scriptname=ESNA012&appdesc=%E8%AF%B7%E5%81%87%E7%94%B3%E8%AF%B7" "Mozilla/5.0 (Windows NT 6.2; Win64; x64) AppleWebKit/537.36 (KHTML, like Gecko) Chrome/105.0.0.0 Safari/537.36"
192.168.40.56 - - [08/Sep/2025:09:05:45 +0800] "GET /eHR/ess/redirect.php?scriptname=page_success&msgtxt=%E8%AF%B7%E5%81%87%E7%94%B3%E8%AF%B7%E6%8F%90%E4%BA%A4%E6%88%90%E5%8A%9F%2C%E8%AF%B7%E7%AD%89%E5%BE%85%E4%B8%BB%E7%AE%A1%E7%AD%BE%E6%A0%B8.%3Cbr%3E%E6%82%A8%E5%8F%AF%E4%BB%A5%E5%88%B0+%3Cstrong%3E+%3Ca+href%3D%22%3Fscriptname%3Demp_leave_apply_search%26flowseqno%3D116561%22%3E%E8%AF%B7%E5%81%87%E7%94%B3%E8%AF%B7%E6%9F%A5%E8%AF%A2+%3C%2Fa%3E%3C%2Fstrong%3E+%E6%9F%A5%E8%AF%A2%E6%89%80%E6%8F%90%E4%BA%A4%E7%9A%84%E7%94%B3%E8%AF%B7%E5%8D%95%E8%AF%A6%E6%83%85%E5%8F%8A%E6%B5%81%E7%A8%8B.&target=iframe HTTP/1.1" 200 3276
192.168.11.104 - - [08/Sep/2025:09:05:46 +0800] "GET /eHR/ess/redirect.php?scriptname=ESNE001&appdesc=%E6%89%B9%E9%87%8F%E5%8A%A0%E7%8F%AD%E7%94%B3%E8%AB%8B HTTP/1.1" 200 15271
192.168.11.104 - - [08/Sep/2025:09:05:46 +0800] "GET /eHR/ess/redirect.php?scriptname=ESNE001&appdesc=%E6%89%B9%E9%87%8F%E5%8A%A0%E7%8F%AD%E7%94%B3%E8%AB%8B HTTP/1.1" 200 15271 "http://192.168.1.83:8088/eHR/ess/redirect.php" "Mozilla/4.0 (compatible; MSIE 7.0; Windows NT 10.0; WOW64; Trident/7.0; .NET4.0C; .NET4.0E)"
192.168.11.104 - - [08/Sep/2025:09:05:47 +0800] "GET /eHR/js/date.js HTTP/1.1" 200 12630
192.168.11.104 - - [08/Sep/2025:09:05:47 +0800] "GET /eHR/js/date.js HTTP/1.1" 200 12630 "http://192.168.1.83:8088/eHR/ess/redirect.php?scriptname=ESNE001&appdesc=%E6%89%B9%E9%87%8F%E5%8A%A0%E7%8F%AD%E7%94%B3%E8%AB%8B" "Mozilla/4.0 (compatible; MSIE 7.0; Windows NT 10.0; WOW64; Trident/7.0; .NET4.0C; .NET4.0E)"
192.168.11.104 - - [08/Sep/2025:09:05:47 +0800] "GET /eHR/js/jquery.maskedinput.min.js HTTP/1.1" 200 3568
192.168.11.104 - - [08/Sep/2025:09:05:47 +0800] "GET /eHR/js/jquery.maskedinput.min.js HTTP/1.1" 200 3568 "http://192.168.1.83:8088/eHR/ess/redirect.php?scriptname=ESNE001&appdesc=%E6%89%B9%E9%87%8F%E5%8A%A0%E7%8F%AD%E7%94%B3%E8%AB%8B" "Mozilla/4.0 (compatible; MSIE 7.0; Windows NT 10.0; WOW64; Trident/7.0; .NET4.0C; .NET4.0E)"
192.168.11.104 - - [08/Sep/2025:09:05:48 +0800] "GET /eHR/css/jqueryui/themes/redmond/images/ui-icons_d8e7f3_256x240.png HTTP/1.1" 200 4369
192.168.11.104 - - [08/Sep/2025:09:05:48 +0800] "GET /eHR/css/jqueryui/themes/redmond/images/ui-icons_d8e7f3_256x240.png HTTP/1.1" 200 4369 "http://192.168.1.83:8088/eHR/ess/redirect.php?scriptname=ESNE001&appdesc=%E6%89%B9%E9%87%8F%E5%8A%A0%E7%8F%AD%E7%94%B3%E8%AB%8B" "Mozilla/4.0 (compatible; MSIE 7.0; Windows NT 10.0; WOW64; Trident/7.0; .NET4.0C; .NET4.0E)"
192.168.11.104 - - [08/Sep/2025:09:05:48 +0800] "GET /eHR/css/jqueryui/themes/redmond/images/ui-bg_flat_55_fbec88_40x100.png HTTP/1.1" 200 182 "http://192.168.1.83:8088/eHR/ess/redirect.php?scriptname=ESNE001&appdesc=%E6%89%B9%E9%87%8F%E5%8A%A0%E7%8F%AD%E7%94%B3%E8%AB%8B" "Mozilla/4.0 (compatible; MSIE 7.0; Windows NT 10.0; WOW64; Trident/7.0; .NET4.0C; .NET4.0E)"
192.168.11.104 - - [08/Sep/2025:09:05:48 +0800] "GET /eHR/css/jqueryui/themes/redmond/images/ui-bg_flat_55_fbec88_40x100.png HTTP/1.1" 200 182
192.168.40.56 - - [08/Sep/2025:09:05:50 +0800] "GET /eHR/ess/redirect.php?scriptname=ESNA015&appdesc=%E5%8A%A0%E7%8F%AD%E7%94%B3%E8%AF%B7%E6%9F%A5%E8%AF%A2 HTTP/1.1" 200 6457 "http://192.168.1.83:8088/eHR/ess/redirect.php" "Mozilla/5.0 (Windows NT 6.2; Win64; x64) AppleWebKit/537.36 (KHTML, like Gecko) Chrome/105.0.0.0 Safari/537.36"
192.168.40.56 - - [08/Sep/2025:09:05:50 +0800] "GET /eHR/ess/redirect.php?scriptname=ESNA015&appdesc=%E5%8A%A0%E7%8F%AD%E7%94%B3%E8%AF%B7%E6%9F%A5%E8%AF%A2 HTTP/1.1" 200 6457
192.168.11.47 - - [08/Sep/2025:09:05:41 +0800] "POST /eHR/ess/redirect.php?scriptname=ESNE004&appdesc=%E6%89%B9%E9%87%8F%E8%AF%B7%E5%81%87%E6%9F%A5%E8%AF%A2 HTTP/1.1" 200 66648
192.168.11.47 - - [08/Sep/2025:09:05:41 +0800] "POST /eHR/ess/redirect.php?scriptname=ESNE004&appdesc=%E6%89%B9%E9%87%8F%E8%AF%B7%E5%81%87%E6%9F%A5%E8%AF%A2 HTTP/1.1" 200 66648 "http://192.168.1.83:8088/eHR/ess/redirect.php?scriptname=ESNE004&appdesc=%E6%89%B9%E9%87%8F%E8%AF%B7%E5%81%87%E6%9F%A5%E8%AF%A2" "Mozilla/5.0 (Windows NT 6.1; Win64; x64) AppleWebKit/537.36 (KHTML, like Gecko) Chrome/105.0.0.0 Safari/537.36"
192.168.40.56 - - [08/Sep/2025:09:05:57 +0800] "POST /eHR/ess/redirect.php?scriptname=ESNA015&appdesc=%E5%8A%A0%E7%8F%AD%E7%94%B3%E8%AF%B7%E6%9F%A5%E8%AF%A2 HTTP/1.1" 200 15778 "http://192.168.1.83:8088/eHR/ess/redirect.php?scriptname=ESNA015&appdesc=%E5%8A%A0%E7%8F%AD%E7%94%B3%E8%AF%B7%E6%9F%A5%E8%AF%A2" "Mozilla/5.0 (Windows NT 6.2; Win64; x64) AppleWebKit/537.36 (KHTML, like Gecko) Chrome/105.0.0.0 Safari/537.36"
192.168.40.56 - - [08/Sep/2025:09:05:57 +0800] "POST /eHR/ess/redirect.php?scriptname=ESNA015&appdesc=%E5%8A%A0%E7%8F%AD%E7%94%B3%E8%AF%B7%E6%9F%A5%E8%AF%A2 HTTP/1.1" 200 15778
192.168.40.56 - - [08/Sep/2025:09:05:58 +0800] "POST /eHR/ess/redirect.php?scriptname=ESNA015&appdesc=%E5%8A%A0%E7%8F%AD%E7%94%B3%E8%AF%B7%E6%9F%A5%E8%AF%A2 HTTP/1.1" 200 15778
192.168.40.56 - - [08/Sep/2025:09:05:58 +0800] "POST /eHR/ess/redirect.php?scriptname=ESNA015&appdesc=%E5%8A%A0%E7%8F%AD%E7%94%B3%E8%AF%B7%E6%9F%A5%E8%AF%A2 HTTP/1.1" 200 15778 "http://192.168.1.83:8088/eHR/ess/redirect.php?scriptname=ESNA015&appdesc=%E5%8A%A0%E7%8F%AD%E7%94%B3%E8%AF%B7%E6%9F%A5%E8%AF%A2" "Mozilla/5.0 (Windows NT 6.2; Win64; x64) AppleWebKit/537.36 (KHTML, like Gecko) Chrome/105.0.0.0 Safari/537.36"
192.168.11.104 - - [08/Sep/2025:09:06:07 +0800] "GET /eHR/ess/redirect.php?scriptname=emp_lov&openW=Y&rand=0.979742540242116 HTTP/1.1" 200 54628 "-" "Mozilla/4.0 (compatible; MSIE 7.0; Windows NT 10.0; WOW64; Trident/7.0; .NET4.0C; .NET4.0E)"
192.168.11.104 - - [08/Sep/2025:09:06:07 +0800] "GET /eHR/ess/redirect.php?scriptname=emp_lov&openW=Y&rand=0.979742540242116 HTTP/1.1" 200 54628
192.168.11.47 - - [08/Sep/2025:09:05:47 +0800] "POST /eHR/ess/redirect.php?scriptname=ESNE004&appdesc=%E6%89%B9%E9%87%8F%E8%AF%B7%E5%81%87%E6%9F%A5%E8%AF%A2 HTTP/1.1" 200 50020
192.168.11.47 - - [08/Sep/2025:09:05:47 +0800] "POST /eHR/ess/redirect.php?scriptname=ESNE004&appdesc=%E6%89%B9%E9%87%8F%E8%AF%B7%E5%81%87%E6%9F%A5%E8%AF%A2 HTTP/1.1" 200 50020 "http://192.168.1.83:8088/eHR/ess/redirect.php?scriptname=ESNE004&appdesc=%E6%89%B9%E9%87%8F%E8%AF%B7%E5%81%87%E6%9F%A5%E8%AF%A2" "Mozilla/5.0 (Windows NT 6.1; Win64; x64) AppleWebKit/537.36 (KHTML, like Gecko) Chrome/105.0.0.0 Safari/537.36"
192.168.11.47 - - [08/Sep/2025:09:05:53 +0800] "GET /eHR/ess/redirect.php HTTP/1.1" 200 8926
192.168.11.47 - - [08/Sep/2025:09:05:53 +0800] "GET /eHR/ess/redirect.php HTTP/1.1" 200 8926 "http://192.168.1.83:8088/eHR/ess/index.php?action=logout" "Mozilla/5.0 (Windows NT 6.1; Win64; x64) AppleWebKit/537.36 (KHTML, like Gecko) Chrome/105.0.0.0 Safari/537.36"
192.168.11.104 - - [08/Sep/2025:09:06:17 +0800] "POST /eHR/ess/redirect.php?scriptname=emp_lov&openW=Y&rand=0.979742540242116 HTTP/1.1" 200 56814 "http://192.168.1.83:8088/eHR/ess/redirect.php?scriptname=emp_lov&openW=Y&rand=0.979742540242116" "Mozilla/4.0 (compatible; MSIE 7.0; Windows NT 10.0; WOW64; Trident/7.0; .NET4.0C; .NET4.0E)"
192.168.11.104 - - [08/Sep/2025:09:06:17 +0800] "POST /eHR/ess/redirect.php?scriptname=emp_lov&openW=Y&rand=0.979742540242116 HTTP/1.1" 200 56814
192.168.11.47 - - [08/Sep/2025:09:05:58 +0800] "POST /eHR/ess/redirect.php?scriptname=ESNE004&appdesc=%E6%89%B9%E9%87%8F%E8%AF%B7%E5%81%87%E6%9F%A5%E8%AF%A2 HTTP/1.1" 200 83319 "http://192.168.1.83:8088/eHR/ess/redirect.php?scriptname=ESNE004&appdesc=%E6%89%B9%E9%87%8F%E8%AF%B7%E5%81%87%E6%9F%A5%E8%AF%A2" "Mozilla/5.0 (Windows NT 6.1; Win64; x64) AppleWebKit/537.36 (KHTML, like Gecko) Chrome/105.0.0.0 Safari/537.36"
192.168.11.47 - - [08/Sep/2025:09:05:58 +0800] "POST /eHR/ess/redirect.php?scriptname=ESNE004&appdesc=%E6%89%B9%E9%87%8F%E8%AF%B7%E5%81%87%E6%9F%A5%E8%AF%A2 HTTP/1.1" 200 83319
192.168.11.104 - - [08/Sep/2025:09:06:27 +0800] "POST /eHR/ess/redirect.php?scriptname=ESNE001&appdesc=%E6%89%B9%E9%87%8F%E5%8A%A0%E7%8F%AD%E7%94%B3%E8%AB%8B HTTP/1.1" 200 4072 "http://192.168.1.83:8088/eHR/ess/redirect.php?scriptname=ESNE001&appdesc=%E6%89%B9%E9%87%8F%E5%8A%A0%E7%8F%AD%E7%94%B3%E8%AB%8B" "Mozilla/4.0 (compatible; MSIE 7.0; Windows NT 10.0; WOW64; Trident/7.0; .NET4.0C; .NET4.0E)"
192.168.11.104 - - [08/Sep/2025:09:06:27 +0800] "POST /eHR/ess/redirect.php?scriptname=ESNE001&appdesc=%E6%89%B9%E9%87%8F%E5%8A%A0%E7%8F%AD%E7%94%B3%E8%AB%8B HTTP/1.1" 200 4072
192.168.11.104 - - [08/Sep/2025:09:06:28 +0800] "GET /eHR/img/Y.png HTTP/1.1" 200 1084
192.168.11.104 - - [08/Sep/2025:09:06:28 +0800] "GET /eHR/img/Y.png HTTP/1.1" 200 1084 "http://192.168.1.83:8088/eHR/ess/redirect.php?scriptname=ESNE001&appdesc=%E6%89%B9%E9%87%8F%E5%8A%A0%E7%8F%AD%E7%94%B3%E8%AB%8B" "Mozilla/4.0 (compatible; MSIE 7.0; Windows NT 10.0; WOW64; Trident/7.0; .NET4.0C; .NET4.0E)"
192.168.11.104 - - [08/Sep/2025:09:06:28 +0800] "GET /eHR/css/jqueryui/themes/redmond/images/ui-icons_2e83ff_256x240.png HTTP/1.1" 200 4369
192.168.11.104 - - [08/Sep/2025:09:06:28 +0800] "GET /eHR/css/jqueryui/themes/redmond/images/ui-icons_2e83ff_256x240.png HTTP/1.1" 200 4369 "http://192.168.1.83:8088/eHR/ess/redirect.php?scriptname=ESNE001&appdesc=%E6%89%B9%E9%87%8F%E5%8A%A0%E7%8F%AD%E7%94%B3%E8%AB%8B" "Mozilla/4.0 (compatible; MSIE 7.0; Windows NT 10.0; WOW64; Trident/7.0; .NET4.0C; .NET4.0E)"
192.168.11.104 - - [08/Sep/2025:09:06:30 +0800] "GET /eHR/ess/redirect.php?scriptname=ESNE001&appdesc=%E6%89%B9%E9%87%8F%E5%8A%A0%E7%8F%AD%E7%94%B3%E8%AB%8B HTTP/1.1" 200 15271 "http://192.168.1.83:8088/eHR/ess/redirect.php" "Mozilla/4.0 (compatible; MSIE 7.0; Windows NT 10.0; WOW64; Trident/7.0; .NET4.0C; .NET4.0E)"
192.168.11.104 - - [08/Sep/2025:09:06:30 +0800] "GET /eHR/ess/redirect.php?scriptname=ESNE001&appdesc=%E6%89%B9%E9%87%8F%E5%8A%A0%E7%8F%AD%E7%94%B3%E8%AB%8B HTTP/1.1" 200 15271
192.168.11.47 - - [08/Sep/2025:09:06:00 +0800] "POST /eHR/ess/redirect.php?scriptname=ESNE004&appdesc=%E6%89%B9%E9%87%8F%E8%AF%B7%E5%81%87%E6%9F%A5%E8%AF%A2 HTTP/1.1" 200 - "http://192.168.1.83:8088/eHR/ess/redirect.php?scriptname=ESNE004&appdesc=%E6%89%B9%E9%87%8F%E8%AF%B7%E5%81%87%E6%9F%A5%E8%AF%A2" "Mozilla/5.0 (Windows NT 6.1; Win64; x64) AppleWebKit/537.36 (KHTML, like Gecko) Chrome/105.0.0.0 Safari/537.36"
192.168.11.47 - - [08/Sep/2025:09:06:00 +0800] "POST /eHR/ess/redirect.php?scriptname=ESNE004&appdesc=%E6%89%B9%E9%87%8F%E8%AF%B7%E5%81%87%E6%9F%A5%E8%AF%A2 HTTP/1.1" 200 -
192.168.11.47 - - [08/Sep/2025:09:06:09 +0800] "GET /eHR/ess/redirect.php?scriptname=ESNH000 HTTP/1.1" 200 10037 "http://192.168.1.83:8088/eHR/ess/redirect.php" "Mozilla/5.0 (Windows NT 6.1; Win64; x64) AppleWebKit/537.36 (KHTML, like Gecko) Chrome/105.0.0.0 Safari/537.36"
192.168.11.47 - - [08/Sep/2025:09:06:09 +0800] "GET /eHR/ess/redirect.php?scriptname=ESNH000 HTTP/1.1" 200 10037
192.168.11.47 - - [08/Sep/2025:09:06:22 +0800] "GET /eHR/ess/redirect.php?scriptname=ESNE004&appdesc=%E6%89%B9%E9%87%8F%E8%AF%B7%E5%81%87%E6%9F%A5%E8%AF%A2 HTTP/1.1" 200 8243
192.168.11.47 - - [08/Sep/2025:09:06:22 +0800] "GET /eHR/ess/redirect.php?scriptname=ESNE004&appdesc=%E6%89%B9%E9%87%8F%E8%AF%B7%E5%81%87%E6%9F%A5%E8%AF%A2 HTTP/1.1" 200 8243 "http://192.168.1.83:8088/eHR/ess/redirect.php" "Mozilla/5.0 (Windows NT 6.1; Win64; x64) AppleWebKit/537.36 (KHTML, like Gecko) Chrome/105.0.0.0 Safari/537.36"
192.168.11.47 - - [08/Sep/2025:09:06:25 +0800] "GET /eHR/ess/redirect.php?scriptname=ESNE004&appdesc=%E6%89%B9%E9%87%8F%E8%AF%B7%E5%81%87%E6%9F%A5%E8%AF%A2 HTTP/1.1" 200 8243
192.168.11.47 - - [08/Sep/2025:09:06:25 +0800] "GET /eHR/ess/redirect.php?scriptname=ESNE004&appdesc=%E6%89%B9%E9%87%8F%E8%AF%B7%E5%81%87%E6%9F%A5%E8%AF%A2 HTTP/1.1" 200 8243 "http://192.168.1.83:8088/eHR/ess/redirect.php" "Mozilla/5.0 (Windows NT 6.1; Win64; x64) AppleWebKit/537.36 (KHTML, like Gecko) Chrome/105.0.0.0 Safari/537.36"
192.168.11.47 - - [08/Sep/2025:09:06:30 +0800] "GET /eHR/ess/redirect.php?scriptname=ESNE004&appdesc=%E6%89%B9%E9%87%8F%E8%AF%B7%E5%81%87%E6%9F%A5%E8%AF%A2 HTTP/1.1" 200 8243
192.168.11.47 - - [08/Sep/2025:09:06:30 +0800] "GET /eHR/ess/redirect.php?scriptname=ESNE004&appdesc=%E6%89%B9%E9%87%8F%E8%AF%B7%E5%81%87%E6%9F%A5%E8%AF%A2 HTTP/1.1" 200 8243 "http://192.168.1.83:8088/eHR/ess/redirect.php" "Mozilla/5.0 (Windows NT 6.1; Win64; x64) AppleWebKit/537.36 (KHTML, like Gecko) Chrome/105.0.0.0 Safari/537.36"
192.168.11.47 - - [08/Sep/2025:09:06:33 +0800] "GET /eHR/ess/redirect.php HTTP/1.1" 200 8926
192.168.11.47 - - [08/Sep/2025:09:06:33 +0800] "GET /eHR/ess/redirect.php HTTP/1.1" 200 8926 "http://192.168.1.83:8088/eHR/ess/index.php?action=logout" "Mozilla/5.0 (Windows NT 6.1; Win64; x64) AppleWebKit/537.36 (KHTML, like Gecko) Chrome/105.0.0.0 Safari/537.36"
192.168.40.56 - - [08/Sep/2025:09:06:38 +0800] "GET /eHR/ess/redirect.php?scriptname=ESNA013&appdesc=%E8%AF%B7%E5%81%87%E7%94%B3%E8%AF%B7%E6%9F%A5%E8%AF%A2 HTTP/1.1" 200 6843 "http://192.168.1.83:8088/eHR/ess/redirect.php" "Mozilla/5.0 (Windows NT 6.2; Win64; x64) AppleWebKit/537.36 (KHTML, like Gecko) Chrome/105.0.0.0 Safari/537.36"
192.168.40.56 - - [08/Sep/2025:09:06:38 +0800] "GET /eHR/ess/redirect.php?scriptname=ESNA013&appdesc=%E8%AF%B7%E5%81%87%E7%94%B3%E8%AF%B7%E6%9F%A5%E8%AF%A2 HTTP/1.1" 200 6843
192.168.40.56 - - [08/Sep/2025:09:06:46 +0800] "POST /eHR/ess/redirect.php?scriptname=ESNA013&appdesc=%E8%AF%B7%E5%81%87%E7%94%B3%E8%AF%B7%E6%9F%A5%E8%AF%A2 HTTP/1.1" 200 10025 "http://192.168.1.83:8088/eHR/ess/redirect.php?scriptname=ESNA013&appdesc=%E8%AF%B7%E5%81%87%E7%94%B3%E8%AF%B7%E6%9F%A5%E8%AF%A2" "Mozilla/5.0 (Windows NT 6.2; Win64; x64) AppleWebKit/537.36 (KHTML, like Gecko) Chrome/105.0.0.0 Safari/537.36"
192.168.40.56 - - [08/Sep/2025:09:06:46 +0800] "POST /eHR/ess/redirect.php?scriptname=ESNA013&appdesc=%E8%AF%B7%E5%81%87%E7%94%B3%E8%AF%B7%E6%9F%A5%E8%AF%A2 HTTP/1.1" 200 10025
192.168.11.47 - - [08/Sep/2025:09:06:49 +0800] "GET /eHR/ess/index.php?action=logout HTTP/1.1" 200 8826 "-" "Mozilla/5.0 (Windows NT 6.1; Win64; x64) AppleWebKit/537.36 (KHTML, like Gecko) Chrome/105.0.0.0 Safari/537.36"
192.168.11.47 - - [08/Sep/2025:09:06:49 +0800] "GET /eHR/ess/index.php?action=logout HTTP/1.1" 200 8826
192.168.11.47 - - [08/Sep/2025:09:06:52 +0800] "POST /eHR/ess/includes/login.php HTTP/1.1" 302 - "http://192.168.1.83:8088/eHR/ess/index.php?action=logout" "Mozilla/5.0 (Windows NT 6.1; Win64; x64) AppleWebKit/537.36 (KHTML, like Gecko) Chrome/105.0.0.0 Safari/537.36"
192.168.11.47 - - [08/Sep/2025:09:06:52 +0800] "POST /eHR/ess/includes/login.php HTTP/1.1" 302 -
192.168.11.47 - - [08/Sep/2025:09:06:57 +0800] "GET /eHR/ess/redirect.php HTTP/1.1" 200 8926
192.168.11.47 - - [08/Sep/2025:09:06:57 +0800] "GET /eHR/ess/redirect.php HTTP/1.1" 200 8926 "http://192.168.1.83:8088/eHR/ess/index.php?action=logout" "Mozilla/5.0 (Windows NT 6.1; Win64; x64) AppleWebKit/537.36 (KHTML, like Gecko) Chrome/105.0.0.0 Safari/537.36"
192.168.11.47 - - [08/Sep/2025:09:06:58 +0800] "GET /eHR/ess/redirect.php?scriptname=ESNH000 HTTP/1.1" 200 10037
192.168.11.47 - - [08/Sep/2025:09:06:58 +0800] "GET /eHR/ess/redirect.php?scriptname=ESNH000 HTTP/1.1" 200 10037 "http://192.168.1.83:8088/eHR/ess/redirect.php" "Mozilla/5.0 (Windows NT 6.1; Win64; x64) AppleWebKit/537.36 (KHTML, like Gecko) Chrome/105.0.0.0 Safari/537.36"
192.168.11.47 - - [08/Sep/2025:09:07:03 +0800] "GET /eHR/ess/redirect.php?scriptname=ESNE004&appdesc=%E6%89%B9%E9%87%8F%E8%AF%B7%E5%81%87%E6%9F%A5%E8%AF%A2 HTTP/1.1" 200 8243 "http://192.168.1.83:8088/eHR/ess/redirect.php" "Mozilla/5.0 (Windows NT 6.1; Win64; x64) AppleWebKit/537.36 (KHTML, like Gecko) Chrome/105.0.0.0 Safari/537.36"
192.168.11.47 - - [08/Sep/2025:09:07:03 +0800] "GET /eHR/ess/redirect.php?scriptname=ESNE004&appdesc=%E6%89%B9%E9%87%8F%E8%AF%B7%E5%81%87%E6%9F%A5%E8%AF%A2 HTTP/1.1" 200 8243
192.168.11.47 - - [08/Sep/2025:09:07:08 +0800] "POST /eHR/ess/redirect.php?scriptname=ESNE004&appdesc=%E6%89%B9%E9%87%8F%E8%AF%B7%E5%81%87%E6%9F%A5%E8%AF%A2 HTTP/1.1" 200 180118 "http://192.168.1.83:8088/eHR/ess/redirect.php?scriptname=ESNE004&appdesc=%E6%89%B9%E9%87%8F%E8%AF%B7%E5%81%87%E6%9F%A5%E8%AF%A2" "Mozilla/5.0 (Windows NT 6.1; Win64; x64) AppleWebKit/537.36 (KHTML, like Gecko) Chrome/105.0.0.0 Safari/537.36"
192.168.11.47 - - [08/Sep/2025:09:07:08 +0800] "POST /eHR/ess/redirect.php?scriptname=ESNE004&appdesc=%E6%89%B9%E9%87%8F%E8%AF%B7%E5%81%87%E6%9F%A5%E8%AF%A2 HTTP/1.1" 200 180118
192.168.11.47 - - [08/Sep/2025:09:07:38 +0800] "POST /eHR/ess/redirect.php?scriptname=ESNE004&appdesc=%E6%89%B9%E9%87%8F%E8%AF%B7%E5%81%87%E6%9F%A5%E8%AF%A2&pageIndex=2 HTTP/1.1" 200 171132 "http://192.168.1.83:8088/eHR/ess/redirect.php?scriptname=ESNE004&appdesc=%E6%89%B9%E9%87%8F%E8%AF%B7%E5%81%87%E6%9F%A5%E8%AF%A2" "Mozilla/5.0 (Windows NT 6.1; Win64; x64) AppleWebKit/537.36 (KHTML, like Gecko) Chrome/105.0.0.0 Safari/537.36"
192.168.11.47 - - [08/Sep/2025:09:07:38 +0800] "POST /eHR/ess/redirect.php?scriptname=ESNE004&appdesc=%E6%89%B9%E9%87%8F%E8%AF%B7%E5%81%87%E6%9F%A5%E8%AF%A2&pageIndex=2 HTTP/1.1" 200 171132
192.168.11.47 - - [08/Sep/2025:09:07:42 +0800] "GET /eHR/ess/redirect.php HTTP/1.1" 200 8926
192.168.11.47 - - [08/Sep/2025:09:07:42 +0800] "GET /eHR/ess/redirect.php HTTP/1.1" 200 8926 "http://192.168.1.83:8088/eHR/ess/index.php?action=logout" "Mozilla/5.0 (Windows NT 6.1; Win64; x64) AppleWebKit/537.36 (KHTML, like Gecko) Chrome/105.0.0.0 Safari/537.36"
192.168.11.47 - - [08/Sep/2025:09:07:51 +0800] "GET /eHR/ess/redirect.php?scriptname=ESNH000 HTTP/1.1" 200 10037 "http://192.168.1.83:8088/eHR/ess/redirect.php" "Mozilla/5.0 (Windows NT 6.1; Win64; x64) AppleWebKit/537.36 (KHTML, like Gecko) Chrome/105.0.0.0 Safari/537.36"
192.168.11.47 - - [08/Sep/2025:09:07:51 +0800] "GET /eHR/ess/redirect.php?scriptname=ESNH000 HTTP/1.1" 200 10037
100.64.0.1 - - [08/Sep/2025:09:11:17 +0800] "GET / HTTP/1.1" 200 439 "-" "curl/7.81.0"
100.64.0.1 - - [08/Sep/2025:09:11:17 +0800] "GET / HTTP/1.1" 200 439
100.64.0.1 - - [08/Sep/2025:09:12:46 +0800] "GET / HTTP/1.1" 200 439 "-" "curl/7.81.0"
100.64.0.1 - - [08/Sep/2025:09:12:46 +0800] "GET / HTTP/1.1" 200 439
192.168.11.148 - - [08/Sep/2025:09:18:46 +0800] "GET /eHR/ess/redirect.php?scriptname=ESNE007&appdesc=%E5%8A%A0%E7%8F%AD%E7%94%B3%E8%AF%B7%E6%B1%87%E5%85%A5 HTTP/1.1" 200 4051 "http://192.168.1.83:8088/eHR/ess/redirect.php" "Mozilla/5.0 (Windows NT 10.0; Win64; x64; rv:142.0) Gecko/20100101 Firefox/142.0"
192.168.11.148 - - [08/Sep/2025:09:18:46 +0800] "GET /eHR/ess/redirect.php?scriptname=ESNE007&appdesc=%E5%8A%A0%E7%8F%AD%E7%94%B3%E8%AF%B7%E6%B1%87%E5%85%A5 HTTP/1.1" 200 4051
192.168.11.148 - - [08/Sep/2025:09:18:51 +0800] "POST /eHR/ess/redirect.php?scriptname=ESNE007&appdesc=%E5%8A%A0%E7%8F%AD%E7%94%B3%E8%AF%B7%E6%B1%87%E5%85%A5 HTTP/1.1" 200 6734 "http://192.168.1.83:8088/eHR/ess/redirect.php?scriptname=ESNE007&appdesc=%E5%8A%A0%E7%8F%AD%E7%94%B3%E8%AF%B7%E6%B1%87%E5%85%A5" "Mozilla/5.0 (Windows NT 10.0; Win64; x64; rv:142.0) Gecko/20100101 Firefox/142.0"
192.168.11.148 - - [08/Sep/2025:09:18:51 +0800] "POST /eHR/ess/redirect.php?scriptname=ESNE007&appdesc=%E5%8A%A0%E7%8F%AD%E7%94%B3%E8%AF%B7%E6%B1%87%E5%85%A5 HTTP/1.1" 200 6734
192.168.11.148 - - [08/Sep/2025:09:18:54 +0800] "GET /eHR/ess/redirect.php?scriptname=ESNE023&appdesc=%E5%8A%A0%E7%8F%AD%E6%B1%87%E5%85%A5%E7%BB%93%E6%9E%9C%E6%9F%A5%E8%AF%A2 HTTP/1.1" 200 44882
192.168.11.148 - - [08/Sep/2025:09:18:54 +0800] "GET /eHR/ess/redirect.php?scriptname=ESNE023&appdesc=%E5%8A%A0%E7%8F%AD%E6%B1%87%E5%85%A5%E7%BB%93%E6%9E%9C%E6%9F%A5%E8%AF%A2 HTTP/1.1" 200 44882 "http://192.168.1.83:8088/eHR/ess/redirect.php" "Mozilla/5.0 (Windows NT 10.0; Win64; x64; rv:142.0) Gecko/20100101 Firefox/142.0"
192.168.11.148 - - [08/Sep/2025:09:18:57 +0800] "GET /eHR/ess/redirect.php?scriptname=ESNE023&appdesc=%E5%8A%A0%E7%8F%AD%E6%B1%87%E5%85%A5%E7%BB%93%E6%9E%9C%E6%9F%A5%E8%AF%A2 HTTP/1.1" 200 44683 "http://192.168.1.83:8088/eHR/ess/redirect.php" "Mozilla/5.0 (Windows NT 10.0; Win64; x64; rv:142.0) Gecko/20100101 Firefox/142.0"
192.168.11.148 - - [08/Sep/2025:09:18:57 +0800] "GET /eHR/ess/redirect.php?scriptname=ESNE023&appdesc=%E5%8A%A0%E7%8F%AD%E6%B1%87%E5%85%A5%E7%BB%93%E6%9E%9C%E6%9F%A5%E8%AF%A2 HTTP/1.1" 200 44683
192.168.11.148 - - [08/Sep/2025:09:19:00 +0800] "GET /eHR/ess/redirect.php?scriptname=ESNE022&requestno=131129&appdesc=%E5%8A%A0%E7%8F%AD%E6%B1%87%E5%85%A5%E6%98%8E%E7%BB%86 HTTP/1.1" 200 6048 "http://192.168.1.83:8088/eHR/ess/redirect.php?scriptname=ESNE023&appdesc=%E5%8A%A0%E7%8F%AD%E6%B1%87%E5%85%A5%E7%BB%93%E6%9E%9C%E6%9F%A5%E8%AF%A2" "Mozilla/5.0 (Windows NT 10.0; Win64; x64; rv:142.0) Gecko/20100101 Firefox/142.0"
192.168.11.148 - - [08/Sep/2025:09:19:00 +0800] "GET /eHR/ess/redirect.php?scriptname=ESNE022&requestno=131129&appdesc=%E5%8A%A0%E7%8F%AD%E6%B1%87%E5%85%A5%E6%98%8E%E7%BB%86 HTTP/1.1" 200 6048
192.168.11.148 - - [08/Sep/2025:09:19:20 +0800] "GET /eHR/ess/redirect.php?scriptname=ESNE023&appdesc=%E5%8A%A0%E7%8F%AD%E6%B1%87%E5%85%A5%E7%BB%93%E6%9E%9C%E6%9F%A5%E8%AF%A2 HTTP/1.1" 200 44683 "http://192.168.1.83:8088/eHR/ess/redirect.php" "Mozilla/5.0 (Windows NT 10.0; Win64; x64; rv:142.0) Gecko/20100101 Firefox/142.0"
192.168.11.148 - - [08/Sep/2025:09:19:20 +0800] "GET /eHR/ess/redirect.php?scriptname=ESNE023&appdesc=%E5%8A%A0%E7%8F%AD%E6%B1%87%E5%85%A5%E7%BB%93%E6%9E%9C%E6%9F%A5%E8%AF%A2 HTTP/1.1" 200 44683
192.168.11.148 - - [08/Sep/2025:09:19:24 +0800] "GET /eHR/ess/redirect.php?scriptname=ESNE003&appdesc=%E6%89%B9%E9%87%8F%E5%8A%A0%E7%8F%AD%E6%9F%A5%E8%AF%A2 HTTP/1.1" 200 9161 "http://192.168.1.83:8088/eHR/ess/redirect.php" "Mozilla/5.0 (Windows NT 10.0; Win64; x64; rv:142.0) Gecko/20100101 Firefox/142.0"
192.168.11.148 - - [08/Sep/2025:09:19:24 +0800] "GET /eHR/ess/redirect.php?scriptname=ESNE003&appdesc=%E6%89%B9%E9%87%8F%E5%8A%A0%E7%8F%AD%E6%9F%A5%E8%AF%A2 HTTP/1.1" 200 9161
192.168.11.148 - - [08/Sep/2025:09:19:29 +0800] "POST /eHR/ess/redirect.php?scriptname=ESNE003&appdesc=%E6%89%B9%E9%87%8F%E5%8A%A0%E7%8F%AD%E6%9F%A5%E8%AF%A2 HTTP/1.1" 200 22328 "http://192.168.1.83:8088/eHR/ess/redirect.php?scriptname=ESNE003&appdesc=%E6%89%B9%E9%87%8F%E5%8A%A0%E7%8F%AD%E6%9F%A5%E8%AF%A2" "Mozilla/5.0 (Windows NT 10.0; Win64; x64; rv:142.0) Gecko/20100101 Firefox/142.0"
192.168.11.148 - - [08/Sep/2025:09:19:29 +0800] "POST /eHR/ess/redirect.php?scriptname=ESNE003&appdesc=%E6%89%B9%E9%87%8F%E5%8A%A0%E7%8F%AD%E6%9F%A5%E8%AF%A2 HTTP/1.1" 200 22328
192.168.11.187 - - [08/Sep/2025:09:19:41 +0800] "GET /eHR/ess/redirect.php HTTP/1.1" 302 121
192.168.11.187 - - [08/Sep/2025:09:19:41 +0800] "GET /eHR/ess/redirect.php HTTP/1.1" 302 121 "-" "Mozilla/5.0 (Windows NT 6.1; Win64; x64) AppleWebKit/537.36 (KHTML, like Gecko) Chrome/105.0.0.0 Safari/537.36"
192.168.11.187 - - [08/Sep/2025:09:19:42 +0800] "GET /eHR/ess/index.php?action=logout HTTP/1.1" 200 8826 "-" "Mozilla/5.0 (Windows NT 6.1; Win64; x64) AppleWebKit/537.36 (KHTML, like Gecko) Chrome/105.0.0.0 Safari/537.36"
192.168.11.187 - - [08/Sep/2025:09:19:42 +0800] "GET /eHR/ess/index.php?action=logout HTTP/1.1" 200 8826
192.168.11.187 - - [08/Sep/2025:09:19:44 +0800] "POST /eHR/ess/includes/login.php HTTP/1.1" 302 - "http://192.168.1.83:8088/eHR/ess/index.php?action=logout" "Mozilla/5.0 (Windows NT 6.1; Win64; x64) AppleWebKit/537.36 (KHTML, like Gecko) Chrome/105.0.0.0 Safari/537.36"
192.168.11.187 - - [08/Sep/2025:09:19:44 +0800] "POST /eHR/ess/includes/login.php HTTP/1.1" 302 -
192.168.11.187 - - [08/Sep/2025:09:19:50 +0800] "GET /eHR/ess/redirect.php HTTP/1.1" 200 8926
192.168.11.187 - - [08/Sep/2025:09:19:50 +0800] "GET /eHR/ess/redirect.php HTTP/1.1" 200 8926 "http://192.168.1.83:8088/eHR/ess/index.php?action=logout" "Mozilla/5.0 (Windows NT 6.1; Win64; x64) AppleWebKit/537.36 (KHTML, like Gecko) Chrome/105.0.0.0 Safari/537.36"
192.168.11.187 - - [08/Sep/2025:09:19:51 +0800] "GET /eHR/ess/redirect.php?scriptname=ESNH000 HTTP/1.1" 200 10037
192.168.11.187 - - [08/Sep/2025:09:19:51 +0800] "GET /eHR/ess/redirect.php?scriptname=ESNH000 HTTP/1.1" 200 10037 "http://192.168.1.83:8088/eHR/ess/redirect.php" "Mozilla/5.0 (Windows NT 6.1; Win64; x64) AppleWebKit/537.36 (KHTML, like Gecko) Chrome/105.0.0.0 Safari/537.36"
192.168.11.187 - - [08/Sep/2025:09:19:54 +0800] "GET /eHR/ess/redirect.php?scriptname=ESNE001&appdesc=%E6%89%B9%E9%87%8F%E5%8A%A0%E7%8F%AD%E7%94%B3%E8%AF%B7 HTTP/1.1" 200 15271 "http://192.168.1.83:8088/eHR/ess/redirect.php" "Mozilla/5.0 (Windows NT 6.1; Win64; x64) AppleWebKit/537.36 (KHTML, like Gecko) Chrome/105.0.0.0 Safari/537.36"
192.168.11.187 - - [08/Sep/2025:09:19:54 +0800] "GET /eHR/ess/redirect.php?scriptname=ESNE001&appdesc=%E6%89%B9%E9%87%8F%E5%8A%A0%E7%8F%AD%E7%94%B3%E8%AF%B7 HTTP/1.1" 200 15271
192.168.11.148 - - [08/Sep/2025:09:20:13 +0800] "POST /eHR/ess/redirect.php?scriptname=ESNE003&appdesc=%E6%89%B9%E9%87%8F%E5%8A%A0%E7%8F%AD%E6%9F%A5%E8%AF%A2 HTTP/1.1" 200 22328 "http://192.168.1.83:8088/eHR/ess/redirect.php?scriptname=ESNE003&appdesc=%E6%89%B9%E9%87%8F%E5%8A%A0%E7%8F%AD%E6%9F%A5%E8%AF%A2" "Mozilla/5.0 (Windows NT 10.0; Win64; x64; rv:142.0) Gecko/20100101 Firefox/142.0"
192.168.11.148 - - [08/Sep/2025:09:20:13 +0800] "POST /eHR/ess/redirect.php?scriptname=ESNE003&appdesc=%E6%89%B9%E9%87%8F%E5%8A%A0%E7%8F%AD%E6%9F%A5%E8%AF%A2 HTTP/1.1" 200 22328
192.168.11.148 - - [08/Sep/2025:09:20:21 +0800] "POST /eHR/ess/redirect.php?scriptname=view_flowchart&action=view_flowchart&apply_type=overtime&flow_seqno=1314098 HTTP/1.1" 200 5893 "http://192.168.1.83:8088/eHR/ess/redirect.php" "Mozilla/5.0 (Windows NT 10.0; Win64; x64; rv:142.0) Gecko/20100101 Firefox/142.0"
192.168.11.148 - - [08/Sep/2025:09:20:21 +0800] "POST /eHR/ess/redirect.php?scriptname=view_flowchart&action=view_flowchart&apply_type=overtime&flow_seqno=1314098 HTTP/1.1" 200 5893
192.168.11.148 - - [08/Sep/2025:09:20:23 +0800] "GET /eHR/css/jqueryui/themes/redmond/images/ui-bg_flat_0_aaaaaa_40x100.png HTTP/1.1" 200 180
192.168.11.148 - - [08/Sep/2025:09:20:23 +0800] "GET /eHR/css/jqueryui/themes/redmond/images/ui-bg_flat_0_aaaaaa_40x100.png HTTP/1.1" 200 180 "http://192.168.1.83:8088/eHR/css/jqueryui/themes/redmond/jquery.ui.theme.css" "Mozilla/5.0 (Windows NT 10.0; Win64; x64; rv:142.0) Gecko/20100101 Firefox/142.0"
192.168.11.148 - - [08/Sep/2025:09:20:23 +0800] "GET /eHR/css/jqueryui/themes/redmond/images/ui-icons_469bdd_256x240.png HTTP/1.1" 200 4369
192.168.11.148 - - [08/Sep/2025:09:20:23 +0800] "GET /eHR/css/jqueryui/themes/redmond/images/ui-icons_469bdd_256x240.png HTTP/1.1" 200 4369 "http://192.168.1.83:8088/eHR/css/jqueryui/themes/redmond/jquery.ui.theme.css" "Mozilla/5.0 (Windows NT 10.0; Win64; x64; rv:142.0) Gecko/20100101 Firefox/142.0"
192.168.11.148 - - [08/Sep/2025:09:20:23 +0800] "GET /eHR/img/workflow/start.png HTTP/1.1" 200 2344
192.168.11.148 - - [08/Sep/2025:09:20:23 +0800] "GET /eHR/img/workflow/process.png HTTP/1.1" 200 2728
192.168.11.148 - - [08/Sep/2025:09:20:23 +0800] "GET /eHR/img/workflow/start.png HTTP/1.1" 200 2344 "http://192.168.1.83:8088/eHR/ess/redirect.php" "Mozilla/5.0 (Windows NT 10.0; Win64; x64; rv:142.0) Gecko/20100101 Firefox/142.0"
192.168.11.148 - - [08/Sep/2025:09:20:23 +0800] "GET /eHR/img/workflow/process.png HTTP/1.1" 200 2728 "http://192.168.1.83:8088/eHR/ess/redirect.php" "Mozilla/5.0 (Windows NT 10.0; Win64; x64; rv:142.0) Gecko/20100101 Firefox/142.0"
192.168.11.148 - - [08/Sep/2025:09:20:23 +0800] "GET /eHR/img/workflow/user_sign_approve_key.png HTTP/1.1" 200 3099
192.168.11.148 - - [08/Sep/2025:09:20:23 +0800] "GET /eHR/img/workflow/user_sign_approve_key.png HTTP/1.1" 200 3099 "http://192.168.1.83:8088/eHR/ess/redirect.php" "Mozilla/5.0 (Windows NT 10.0; Win64; x64; rv:142.0) Gecko/20100101 Firefox/142.0"
192.168.11.148 - - [08/Sep/2025:09:20:23 +0800] "GET /eHR/img/workflow/user_sign_unknown_key.png HTTP/1.1" 200 3101 "http://192.168.1.83:8088/eHR/ess/redirect.php" "Mozilla/5.0 (Windows NT 10.0; Win64; x64; rv:142.0) Gecko/20100101 Firefox/142.0"
192.168.11.148 - - [08/Sep/2025:09:20:23 +0800] "GET /eHR/img/workflow/user_sign_unknown_key.png HTTP/1.1" 200 3101
192.168.11.148 - - [08/Sep/2025:09:20:23 +0800] "GET /eHR/img/workflow/end.png HTTP/1.1" 200 2726
192.168.11.148 - - [08/Sep/2025:09:20:23 +0800] "GET /eHR/img/workflow/end.png HTTP/1.1" 200 2726 "http://192.168.1.83:8088/eHR/ess/redirect.php" "Mozilla/5.0 (Windows NT 10.0; Win64; x64; rv:142.0) Gecko/20100101 Firefox/142.0"
192.168.11.187 - - [08/Sep/2025:09:20:22 +0800] "GET /eHR/ess/redirect.php?scriptname=emp_lov&openW=Y&rand=0.43602314515392027 HTTP/1.1" 200 8588
192.168.11.187 - - [08/Sep/2025:09:20:22 +0800] "GET /eHR/ess/redirect.php?scriptname=emp_lov&openW=Y&rand=0.43602314515392027 HTTP/1.1" 200 8588 "http://192.168.1.83:8088/eHR/ess/redirect.php?scriptname=ESNE001&appdesc=%E6%89%B9%E9%87%8F%E5%8A%A0%E7%8F%AD%E7%94%B3%E8%AF%B7" "Mozilla/5.0 (Windows NT 6.1; Win64; x64) AppleWebKit/537.36 (KHTML, like Gecko) Chrome/105.0.0.0 Safari/537.36"
192.168.11.187 - - [08/Sep/2025:09:20:26 +0800] "POST /eHR/ess/redirect.php?scriptname=emp_lov&openW=Y&rand=0.43602314515392027 HTTP/1.1" 200 10764 "http://192.168.1.83:8088/eHR/ess/redirect.php?scriptname=emp_lov&openW=Y&rand=0.43602314515392027" "Mozilla/5.0 (Windows NT 6.1; Win64; x64) AppleWebKit/537.36 (KHTML, like Gecko) Chrome/105.0.0.0 Safari/537.36"
192.168.11.187 - - [08/Sep/2025:09:20:26 +0800] "POST /eHR/ess/redirect.php?scriptname=emp_lov&openW=Y&rand=0.43602314515392027 HTTP/1.1" 200 10764
192.168.11.187 - - [08/Sep/2025:09:20:33 +0800] "POST /eHR/ess/redirect.php?scriptname=ESNE001&appdesc=%E6%89%B9%E9%87%8F%E5%8A%A0%E7%8F%AD%E7%94%B3%E8%AF%B7 HTTP/1.1" 200 4068
192.168.11.187 - - [08/Sep/2025:09:20:33 +0800] "POST /eHR/ess/redirect.php?scriptname=ESNE001&appdesc=%E6%89%B9%E9%87%8F%E5%8A%A0%E7%8F%AD%E7%94%B3%E8%AF%B7 HTTP/1.1" 200 4068 "http://192.168.1.83:8088/eHR/ess/redirect.php?scriptname=ESNE001&appdesc=%E6%89%B9%E9%87%8F%E5%8A%A0%E7%8F%AD%E7%94%B3%E8%AF%B7" "Mozilla/5.0 (Windows NT 6.1; Win64; x64) AppleWebKit/537.36 (KHTML, like Gecko) Chrome/105.0.0.0 Safari/537.36"
192.168.11.187 - - [08/Sep/2025:09:20:36 +0800] "GET /eHR/ess/redirect.php?scriptname=ESNE001&appdesc=%E6%89%B9%E9%87%8F%E5%8A%A0%E7%8F%AD%E7%94%B3%E8%AF%B7 HTTP/1.1" 200 15271 "http://192.168.1.83:8088/eHR/ess/redirect.php" "Mozilla/5.0 (Windows NT 6.1; Win64; x64) AppleWebKit/537.36 (KHTML, like Gecko) Chrome/105.0.0.0 Safari/537.36"
192.168.11.187 - - [08/Sep/2025:09:20:36 +0800] "GET /eHR/ess/redirect.php?scriptname=ESNE001&appdesc=%E6%89%B9%E9%87%8F%E5%8A%A0%E7%8F%AD%E7%94%B3%E8%AF%B7 HTTP/1.1" 200 15271
192.168.11.187 - - [08/Sep/2025:09:20:38 +0800] "GET /eHR/ess/redirect.php?scriptname=ESNE002&appdesc=%E6%89%B9%E9%87%8F%E8%AF%B7%E5%81%87%E7%94%B3%E8%AF%B7 HTTP/1.1" 200 22190 "http://192.168.1.83:8088/eHR/ess/redirect.php" "Mozilla/5.0 (Windows NT 6.1; Win64; x64) AppleWebKit/537.36 (KHTML, like Gecko) Chrome/105.0.0.0 Safari/537.36"
192.168.11.187 - - [08/Sep/2025:09:20:38 +0800] "GET /eHR/ess/redirect.php?scriptname=ESNE002&appdesc=%E6%89%B9%E9%87%8F%E8%AF%B7%E5%81%87%E7%94%B3%E8%AF%B7 HTTP/1.1" 200 22190
192.168.11.104 - - [08/Sep/2025:09:21:07 +0800] "GET /eHR/ess/redirect.php?scriptname=ESNF000&appdesc=%E6%B5%81%E7%A8%8B%E7%AE%A1%E7%90%86 HTTP/1.1" 200 47023 "http://192.168.1.83:8088/eHR/ess/redirect.php" "Mozilla/4.0 (compatible; MSIE 7.0; Windows NT 10.0; WOW64; Trident/7.0; .NET4.0C; .NET4.0E)"
192.168.11.104 - - [08/Sep/2025:09:21:07 +0800] "GET /eHR/ess/redirect.php?scriptname=ESNF000&appdesc=%E6%B5%81%E7%A8%8B%E7%AE%A1%E7%90%86 HTTP/1.1" 200 47023
192.168.11.187 - - [08/Sep/2025:09:21:08 +0800] "GET /eHR/ess/redirect.php?scriptname=emp_lov&openW=Y&rand=0.34740205852893324 HTTP/1.1" 200 8588
192.168.11.187 - - [08/Sep/2025:09:21:08 +0800] "GET /eHR/ess/redirect.php?scriptname=emp_lov&openW=Y&rand=0.34740205852893324 HTTP/1.1" 200 8588 "http://192.168.1.83:8088/eHR/ess/redirect.php?scriptname=ESNE002&appdesc=%E6%89%B9%E9%87%8F%E8%AF%B7%E5%81%87%E7%94%B3%E8%AF%B7" "Mozilla/5.0 (Windows NT 6.1; Win64; x64) AppleWebKit/537.36 (KHTML, like Gecko) Chrome/105.0.0.0 Safari/537.36"
192.168.11.187 - - [08/Sep/2025:09:21:13 +0800] "POST /eHR/ess/redirect.php?scriptname=emp_lov&openW=Y&rand=0.34740205852893324 HTTP/1.1" 200 10764 "http://192.168.1.83:8088/eHR/ess/redirect.php?scriptname=emp_lov&openW=Y&rand=0.34740205852893324" "Mozilla/5.0 (Windows NT 6.1; Win64; x64) AppleWebKit/537.36 (KHTML, like Gecko) Chrome/105.0.0.0 Safari/537.36"
192.168.11.187 - - [08/Sep/2025:09:21:13 +0800] "POST /eHR/ess/redirect.php?scriptname=emp_lov&openW=Y&rand=0.34740205852893324 HTTP/1.1" 200 10764
192.168.11.187 - - [08/Sep/2025:09:21:20 +0800] "POST /eHR/ess/redirect.php?scriptname=ESNE002&appdesc=%E6%89%B9%E9%87%8F%E8%AF%B7%E5%81%87%E7%94%B3%E8%AF%B7 HTTP/1.1" 200 4198 "http://192.168.1.83:8088/eHR/ess/redirect.php?scriptname=ESNE002&appdesc=%E6%89%B9%E9%87%8F%E8%AF%B7%E5%81%87%E7%94%B3%E8%AF%B7" "Mozilla/5.0 (Windows NT 6.1; Win64; x64) AppleWebKit/537.36 (KHTML, like Gecko) Chrome/105.0.0.0 Safari/537.36"
192.168.11.187 - - [08/Sep/2025:09:21:20 +0800] "POST /eHR/ess/redirect.php?scriptname=ESNE002&appdesc=%E6%89%B9%E9%87%8F%E8%AF%B7%E5%81%87%E7%94%B3%E8%AF%B7 HTTP/1.1" 200 4198
192.168.11.187 - - [08/Sep/2025:09:21:22 +0800] "GET /eHR/ess/redirect.php?scriptname=ESNE002&appdesc=%E6%89%B9%E9%87%8F%E8%AF%B7%E5%81%87%E7%94%B3%E8%AF%B7 HTTP/1.1" 200 22190
192.168.11.187 - - [08/Sep/2025:09:21:22 +0800] "GET /eHR/ess/redirect.php?scriptname=ESNE002&appdesc=%E6%89%B9%E9%87%8F%E8%AF%B7%E5%81%87%E7%94%B3%E8%AF%B7 HTTP/1.1" 200 22190 "http://192.168.1.83:8088/eHR/ess/redirect.php" "Mozilla/5.0 (Windows NT 6.1; Win64; x64) AppleWebKit/537.36 (KHTML, like Gecko) Chrome/105.0.0.0 Safari/537.36"
192.168.11.104 - - [08/Sep/2025:09:21:26 +0800] "GET /eHR/ess/redirect.php?scriptname=assistant_overtime_apply_search&dept_seqno=3932&flowstatus=01&whoami=admin HTTP/1.1" 200 64423 "http://192.168.1.83:8088/eHR/ess/redirect.php?scriptname=ESNF000&appdesc=%E6%B5%81%E7%A8%8B%E7%AE%A1%E7%90%86" "Mozilla/4.0 (compatible; MSIE 7.0; Windows NT 10.0; WOW64; Trident/7.0; .NET4.0C; .NET4.0E)"
192.168.11.104 - - [08/Sep/2025:09:21:26 +0800] "GET /eHR/ess/redirect.php?scriptname=assistant_overtime_apply_search&dept_seqno=3932&flowstatus=01&whoami=admin HTTP/1.1" 200 64423
192.168.11.104 - - [08/Sep/2025:09:21:45 +0800] "GET /eHR/ess/redirect.php?scriptname=ESNF000&appdesc=%E6%B5%81%E7%A8%8B%E7%AE%A1%E7%90%86 HTTP/1.1" 200 47023 "http://192.168.1.83:8088/eHR/ess/redirect.php" "Mozilla/4.0 (compatible; MSIE 7.0; Windows NT 10.0; WOW64; Trident/7.0; .NET4.0C; .NET4.0E)"
192.168.11.104 - - [08/Sep/2025:09:21:45 +0800] "GET /eHR/ess/redirect.php?scriptname=ESNF000&appdesc=%E6%B5%81%E7%A8%8B%E7%AE%A1%E7%90%86 HTTP/1.1" 200 47023
192.168.11.104 - - [08/Sep/2025:09:21:49 +0800] "GET /eHR/ess/redirect.php?scriptname=assistant_overtime_apply_search&dept_seqno=3932&flowstatus=02&whoami=admin HTTP/1.1" 200 91344 "http://192.168.1.83:8088/eHR/ess/redirect.php?scriptname=ESNF000&appdesc=%E6%B5%81%E7%A8%8B%E7%AE%A1%E7%90%86" "Mozilla/4.0 (compatible; MSIE 7.0; Windows NT 10.0; WOW64; Trident/7.0; .NET4.0C; .NET4.0E)"
192.168.11.104 - - [08/Sep/2025:09:21:49 +0800] "GET /eHR/ess/redirect.php?scriptname=assistant_overtime_apply_search&dept_seqno=3932&flowstatus=02&whoami=admin HTTP/1.1" 200 91344
100.64.0.1 - - [08/Sep/2025:09:32:46 +0800] "GET / HTTP/1.1" 200 439 "-" "curl/7.81.0"
100.64.0.1 - - [08/Sep/2025:09:32:46 +0800] "GET / HTTP/1.1" 200 439
192.168.11.104 - - [08/Sep/2025:09:32:51 +0800] "GET /eHR/ess/redirect.php HTTP/1.1" 200 20113 "http://192.168.1.83:8088/eHR/ess/index.php?lang=ZHT" "Mozilla/4.0 (compatible; MSIE 7.0; Windows NT 10.0; WOW64; Trident/7.0; .NET4.0C; .NET4.0E)"
192.168.11.104 - - [08/Sep/2025:09:32:51 +0800] "GET /eHR/ess/redirect.php HTTP/1.1" 200 20113
192.168.11.104 - - [08/Sep/2025:09:32:53 +0800] "GET /eHR/css/jqueryui/themes/redmond/jquery.ui.all.css HTTP/1.1" 304 - "http://192.168.1.83:8088/eHR/ess/redirect.php" "Mozilla/4.0 (compatible; MSIE 7.0; Windows NT 10.0; WOW64; Trident/7.0; .NET4.0C; .NET4.0E)"
192.168.11.104 - - [08/Sep/2025:09:32:53 +0800] "GET /eHR/css/jqueryui/themes/redmond/jquery.ui.all.css HTTP/1.1" 304 -
192.168.11.104 - - [08/Sep/2025:09:32:53 +0800] "GET /eHR/css/jqueryui/themes/redmond/jquery.ui.base.css HTTP/1.1" 304 -
192.168.11.104 - - [08/Sep/2025:09:32:53 +0800] "GET /eHR/css/jqueryui/themes/redmond/jquery.ui.base.css HTTP/1.1" 304 - "http://192.168.1.83:8088/eHR/ess/redirect.php" "Mozilla/4.0 (compatible; MSIE 7.0; Windows NT 10.0; WOW64; Trident/7.0; .NET4.0C; .NET4.0E)"
192.168.11.104 - - [08/Sep/2025:09:32:53 +0800] "GET /eHR/css/jqueryui/themes/redmond/jquery.ui.theme.css HTTP/1.1" 304 -
192.168.11.104 - - [08/Sep/2025:09:32:53 +0800] "GET /eHR/css/jqueryui/themes/redmond/jquery.ui.theme.css HTTP/1.1" 304 - "http://192.168.1.83:8088/eHR/ess/redirect.php" "Mozilla/4.0 (compatible; MSIE 7.0; Windows NT 10.0; WOW64; Trident/7.0; .NET4.0C; .NET4.0E)"
192.168.11.104 - - [08/Sep/2025:09:32:53 +0800] "GET /eHR/css/jqueryui/themes/redmond/jquery.ui.core.css HTTP/1.1" 304 -
192.168.11.104 - - [08/Sep/2025:09:32:53 +0800] "GET /eHR/css/jqueryui/themes/redmond/jquery.ui.core.css HTTP/1.1" 304 - "http://192.168.1.83:8088/eHR/ess/redirect.php" "Mozilla/4.0 (compatible; MSIE 7.0; Windows NT 10.0; WOW64; Trident/7.0; .NET4.0C; .NET4.0E)"
192.168.11.104 - - [08/Sep/2025:09:32:53 +0800] "GET /eHR/css/jqueryui/themes/redmond/jquery.ui.selectable.css HTTP/1.1" 304 - "http://192.168.1.83:8088/eHR/ess/redirect.php" "Mozilla/4.0 (compatible; MSIE 7.0; Windows NT 10.0; WOW64; Trident/7.0; .NET4.0C; .NET4.0E)"
192.168.11.104 - - [08/Sep/2025:09:32:53 +0800] "GET /eHR/css/jqueryui/themes/redmond/jquery.ui.selectable.css HTTP/1.1" 304 -
192.168.11.104 - - [08/Sep/2025:09:32:53 +0800] "GET /eHR/css/jqueryui/themes/redmond/jquery.ui.resizable.css HTTP/1.1" 304 -
192.168.11.104 - - [08/Sep/2025:09:32:53 +0800] "GET /eHR/css/jqueryui/themes/redmond/jquery.ui.resizable.css HTTP/1.1" 304 - "http://192.168.1.83:8088/eHR/ess/redirect.php" "Mozilla/4.0 (compatible; MSIE 7.0; Windows NT 10.0; WOW64; Trident/7.0; .NET4.0C; .NET4.0E)"
192.168.11.104 - - [08/Sep/2025:09:32:53 +0800] "GET /eHR/css/jqueryui/themes/redmond/jquery.ui.accordion.css HTTP/1.1" 304 -
192.168.11.104 - - [08/Sep/2025:09:32:53 +0800] "GET /eHR/css/jqueryui/themes/redmond/jquery.ui.accordion.css HTTP/1.1" 304 - "http://192.168.1.83:8088/eHR/ess/redirect.php" "Mozilla/4.0 (compatible; MSIE 7.0; Windows NT 10.0; WOW64; Trident/7.0; .NET4.0C; .NET4.0E)"
192.168.11.104 - - [08/Sep/2025:09:32:53 +0800] "GET /eHR/css/jqueryui/themes/redmond/jquery.ui.autocomplete.css HTTP/1.1" 304 -
192.168.11.104 - - [08/Sep/2025:09:32:53 +0800] "GET /eHR/css/jqueryui/themes/redmond/jquery.ui.autocomplete.css HTTP/1.1" 304 - "http://192.168.1.83:8088/eHR/ess/redirect.php" "Mozilla/4.0 (compatible; MSIE 7.0; Windows NT 10.0; WOW64; Trident/7.0; .NET4.0C; .NET4.0E)"
192.168.11.104 - - [08/Sep/2025:09:32:53 +0800] "GET /eHR/css/jqueryui/themes/redmond/jquery.ui.button.css HTTP/1.1" 304 -
192.168.11.104 - - [08/Sep/2025:09:32:53 +0800] "GET /eHR/css/jqueryui/themes/redmond/jquery.ui.button.css HTTP/1.1" 304 - "http://192.168.1.83:8088/eHR/ess/redirect.php" "Mozilla/4.0 (compatible; MSIE 7.0; Windows NT 10.0; WOW64; Trident/7.0; .NET4.0C; .NET4.0E)"
192.168.11.104 - - [08/Sep/2025:09:32:53 +0800] "GET /eHR/css/jqueryui/themes/redmond/jquery.ui.dialog.css HTTP/1.1" 304 -
192.168.11.104 - - [08/Sep/2025:09:32:53 +0800] "GET /eHR/css/jqueryui/themes/redmond/jquery.ui.dialog.css HTTP/1.1" 304 - "http://192.168.1.83:8088/eHR/ess/redirect.php" "Mozilla/4.0 (compatible; MSIE 7.0; Windows NT 10.0; WOW64; Trident/7.0; .NET4.0C; .NET4.0E)"
192.168.11.104 - - [08/Sep/2025:09:32:53 +0800] "GET /eHR/css/jqueryui/themes/redmond/jquery.ui.tabs.css HTTP/1.1" 304 - "http://192.168.1.83:8088/eHR/ess/redirect.php" "Mozilla/4.0 (compatible; MSIE 7.0; Windows NT 10.0; WOW64; Trident/7.0; .NET4.0C; .NET4.0E)"
192.168.11.104 - - [08/Sep/2025:09:32:53 +0800] "GET /eHR/css/jqueryui/themes/redmond/jquery.ui.tabs.css HTTP/1.1" 304 -
192.168.11.104 - - [08/Sep/2025:09:32:53 +0800] "GET /eHR/css/jqueryui/themes/redmond/jquery.ui.slider.css HTTP/1.1" 304 - "http://192.168.1.83:8088/eHR/ess/redirect.php" "Mozilla/4.0 (compatible; MSIE 7.0; Windows NT 10.0; WOW64; Trident/7.0; .NET4.0C; .NET4.0E)"
192.168.11.104 - - [08/Sep/2025:09:32:53 +0800] "GET /eHR/css/jqueryui/themes/redmond/jquery.ui.slider.css HTTP/1.1" 304 -
192.168.11.104 - - [08/Sep/2025:09:32:53 +0800] "GET /eHR/css/jqueryui/themes/redmond/jquery.ui.datepicker.css HTTP/1.1" 304 -
192.168.11.104 - - [08/Sep/2025:09:32:53 +0800] "GET /eHR/css/jqueryui/themes/redmond/jquery.ui.datepicker.css HTTP/1.1" 304 - "http://192.168.1.83:8088/eHR/ess/redirect.php" "Mozilla/4.0 (compatible; MSIE 7.0; Windows NT 10.0; WOW64; Trident/7.0; .NET4.0C; .NET4.0E)"
192.168.11.104 - - [08/Sep/2025:09:32:53 +0800] "GET /eHR/css/jqueryui/themes/redmond/jquery.ui.progressbar.css HTTP/1.1" 304 -
192.168.11.104 - - [08/Sep/2025:09:32:53 +0800] "GET /eHR/css/jqueryui/themes/redmond/jquery.ui.progressbar.css HTTP/1.1" 304 - "http://192.168.1.83:8088/eHR/ess/redirect.php" "Mozilla/4.0 (compatible; MSIE 7.0; Windows NT 10.0; WOW64; Trident/7.0; .NET4.0C; .NET4.0E)"
192.168.11.104 - - [08/Sep/2025:09:32:53 +0800] "GET /eHR/css/layout/layout.min.css HTTP/1.1" 304 -
