192.168.11.88 - - [29/Sep/2025:08:40:09 +0800] "GET /eHR/mgr/redirect.php?scriptname=page_error&msgtxt=%3Ch3%3EHTTP+404+-+Page+not+found%3C%2Fh3%3E%3Cbr%3E%3Cstrong%3EFile+Name%3A%3C%2Fstrong%3Epage_error%3Cbr%2F%3E%3Cstrong%3EApplication+Name%3C%2Fstrong%3E%3A&target=iframe HTTP/1.1" 302 -
192.168.11.88 - - [29/Sep/2025:08:40:09 +0800] "GET /eHR/mgr/redirect.php?scriptname=page_error&msgtxt=%3Ch3%3EHTTP+404+-+Page+not+found%3C%2Fh3%3E%3Cbr%3E%3Cstrong%3EFile+Name%3A%3C%2Fstrong%3Epage_error%3Cbr%2F%3E%3Cstrong%3EApplication+Name%3C%2Fstrong%3E%3A&target=iframe HTTP/1.1" 302 - "http://hcp.maglayers.com.cn:8088/eHR/mgr/redirect.php?scriptname=MDNH105&appdesc=%E5%8A%A0%E7%8F%AD%E7%AD%BE%E6%A0%B8" "Mozilla/5.0 (Windows NT 10.0; Win64; x64) AppleWebKit/537.36 (KHTML, like Gecko) Chrome/105.0.0.0 Safari/537.36"
192.168.11.88 - - [29/Sep/2025:08:40:09 +0800] "GET /eHR/mgr/redirect.php?scriptname=page_error&msgtxt=%3Ch3%3EHTTP+404+-+Page+not+found%3C%2Fh3%3E%3Cbr%3E%3Cstrong%3EFile+Name%3A%3C%2Fstrong%3Epage_error%3Cbr%2F%3E%3Cstrong%3EApplication+Name%3C%2Fstrong%3E%3A&target=iframe HTTP/1.1" 302 -
192.168.11.88 - - [29/Sep/2025:08:40:09 +0800] "GET /eHR/mgr/redirect.php?scriptname=page_error&msgtxt=%3Ch3%3EHTTP+404+-+Page+not+found%3C%2Fh3%3E%3Cbr%3E%3Cstrong%3EFile+Name%3A%3C%2Fstrong%3Epage_error%3Cbr%2F%3E%3Cstrong%3EApplication+Name%3C%2Fstrong%3E%3A&target=iframe HTTP/1.1" 302 - "http://hcp.maglayers.com.cn:8088/eHR/mgr/redirect.php?scriptname=MDNH105&appdesc=%E5%8A%A0%E7%8F%AD%E7%AD%BE%E6%A0%B8" "Mozilla/5.0 (Windows NT 10.0; Win64; x64) AppleWebKit/537.36 (KHTML, like Gecko) Chrome/105.0.0.0 Safari/537.36"
192.168.11.88 - - [29/Sep/2025:08:40:09 +0800] "GET /eHR/mgr/redirect.php?scriptname=page_error&msgtxt=%3Ch3%3EHTTP+404+-+Page+not+found%3C%2Fh3%3E%3Cbr%3E%3Cstrong%3EFile+Name%3A%3C%2Fstrong%3Epage_error%3Cbr%2F%3E%3Cstrong%3EApplication+Name%3C%2Fstrong%3E%3A&target=iframe HTTP/1.1" 302 -
192.168.11.88 - - [29/Sep/2025:08:40:09 +0800] "GET /eHR/mgr/redirect.php?scriptname=page_error&msgtxt=%3Ch3%3EHTTP+404+-+Page+not+found%3C%2Fh3%3E%3Cbr%3E%3Cstrong%3EFile+Name%3A%3C%2Fstrong%3Epage_error%3Cbr%2F%3E%3Cstrong%3EApplication+Name%3C%2Fstrong%3E%3A&target=iframe HTTP/1.1" 302 - "http://hcp.maglayers.com.cn:8088/eHR/mgr/redirect.php?scriptname=MDNH105&appdesc=%E5%8A%A0%E7%8F%AD%E7%AD%BE%E6%A0%B8" "Mozilla/5.0 (Windows NT 10.0; Win64; x64) AppleWebKit/537.36 (KHTML, like Gecko) Chrome/105.0.0.0 Safari/537.36"
192.168.11.88 - - [29/Sep/2025:08:40:09 +0800] "GET /eHR/mgr/redirect.php?scriptname=page_error&msgtxt=%3Ch3%3EHTTP+404+-+Page+not+found%3C%2Fh3%3E%3Cbr%3E%3Cstrong%3EFile+Name%3A%3C%2Fstrong%3Epage_error%3Cbr%2F%3E%3Cstrong%3EApplication+Name%3C%2Fstrong%3E%3A&target=iframe HTTP/1.1" 302 -
192.168.11.88 - - [29/Sep/2025:08:40:10 +0800] "GET /eHR/mgr/redirect.php?scriptname=page_error&msgtxt=%3Ch3%3EHTTP+404+-+Page+not+found%3C%2Fh3%3E%3Cbr%3E%3Cstrong%3EFile+Name%3A%3C%2Fstrong%3Epage_error%3Cbr%2F%3E%3Cstrong%3EApplication+Name%3C%2Fstrong%3E%3A&target=iframe HTTP/1.1" 302 -
192.168.11.88 - - [29/Sep/2025:08:40:10 +0800] "GET /eHR/mgr/redirect.php?scriptname=page_error&msgtxt=%3Ch3%3EHTTP+404+-+Page+not+found%3C%2Fh3%3E%3Cbr%3E%3Cstrong%3EFile+Name%3A%3C%2Fstrong%3Epage_error%3Cbr%2F%3E%3Cstrong%3EApplication+Name%3C%2Fstrong%3E%3A&target=iframe HTTP/1.1" 302 - "http://hcp.maglayers.com.cn:8088/eHR/mgr/redirect.php?scriptname=MDNH105&appdesc=%E5%8A%A0%E7%8F%AD%E7%AD%BE%E6%A0%B8" "Mozilla/5.0 (Windows NT 10.0; Win64; x64) AppleWebKit/537.36 (KHTML, like Gecko) Chrome/105.0.0.0 Safari/537.36"
192.168.11.91 - - [29/Sep/2025:08:40:20 +0800] "GET /eHR/ess/redirect.php?scriptname=emp_lov&openW=Y&rand=0.6780389289672993 HTTP/1.1" 200 8988 "http://192.168.1.83:8088/eHR/ess/redirect.php?scriptname=ESNE002&appdesc=%E6%89%B9%E9%87%8F%E8%AF%B7%E5%81%87%E7%94%B3%E8%AF%B7" "Mozilla/5.0 (Windows NT 10.0; Win64; x64; rv:143.0) Gecko/20100101 Firefox/143.0"
192.168.11.91 - - [29/Sep/2025:08:40:20 +0800] "GET /eHR/ess/redirect.php?scriptname=emp_lov&openW=Y&rand=0.6780389289672993 HTTP/1.1" 200 8988
192.168.11.91 - - [29/Sep/2025:08:40:22 +0800] "POST /eHR/ess/redirect.php?scriptname=emp_lov&openW=Y&rand=0.6780389289672993 HTTP/1.1" 200 26844 "http://192.168.1.83:8088/eHR/ess/redirect.php?scriptname=emp_lov&openW=Y&rand=0.6780389289672993" "Mozilla/5.0 (Windows NT 10.0; Win64; x64; rv:143.0) Gecko/20100101 Firefox/143.0"
192.168.11.91 - - [29/Sep/2025:08:40:22 +0800] "POST /eHR/ess/redirect.php?scriptname=emp_lov&openW=Y&rand=0.6780389289672993 HTTP/1.1" 200 26844
192.168.11.37 - - [29/Sep/2025:08:40:28 +0800] "GET /eHR/ess/redirect.php?scriptname=ESNH000 HTTP/1.1" 200 10609 "http://192.168.1.83:8088/eHR/ess/redirect.php" "Mozilla/4.0 (compatible; MSIE 7.0; Windows NT 10.0; WOW64; Trident/7.0; .NET4.0C; .NET4.0E)"
192.168.11.37 - - [29/Sep/2025:08:40:28 +0800] "GET /eHR/ess/redirect.php?scriptname=ESNH000 HTTP/1.1" 200 10609
192.168.11.37 - - [29/Sep/2025:08:40:31 +0800] "GET /eHR/ess/index.php?lang=ZHT HTTP/1.1" 200 8829 "http://192.168.1.83:8088/eHR/ess/index.php?action=logout" "Mozilla/4.0 (compatible; MSIE 7.0; Windows NT 10.0; WOW64; Trident/7.0; .NET4.0C; .NET4.0E)"
192.168.11.37 - - [29/Sep/2025:08:40:31 +0800] "GET /eHR/ess/index.php?lang=ZHT HTTP/1.1" 200 8829
192.168.11.69 - - [29/Sep/2025:08:40:36 +0800] "GET /eHR/ess/redirect.php?scriptname=emp_lov&openW=Y&rand=0.6908410790108017 HTTP/1.1" 200 10228 "http://192.168.1.83:8088/eHR/ess/redirect.php?scriptname=ESNE002&appdesc=%E6%89%B9%E9%87%8F%E8%AF%B7%E5%81%87%E7%94%B3%E8%AF%B7" "Mozilla/5.0 (Windows NT 10.0; Win64; x64; rv:143.0) Gecko/20100101 Firefox/143.0"
192.168.11.69 - - [29/Sep/2025:08:40:36 +0800] "GET /eHR/ess/redirect.php?scriptname=emp_lov&openW=Y&rand=0.6908410790108017 HTTP/1.1" 200 10228
192.168.11.37 - - [29/Sep/2025:08:40:36 +0800] "POST /eHR/ess/includes/login.php HTTP/1.1" 302 - "http://192.168.1.83:8088/eHR/ess/index.php?lang=ZHT" "Mozilla/4.0 (compatible; MSIE 7.0; Windows NT 10.0; WOW64; Trident/7.0; .NET4.0C; .NET4.0E)"
192.168.11.37 - - [29/Sep/2025:08:40:36 +0800] "POST /eHR/ess/includes/login.php HTTP/1.1" 302 -
192.168.11.37 - - [29/Sep/2025:08:40:41 +0800] "GET /eHR/ess/redirect.php HTTP/1.1" 200 20116 "http://192.168.1.83:8088/eHR/ess/index.php?lang=ZHT" "Mozilla/4.0 (compatible; MSIE 7.0; Windows NT 10.0; WOW64; Trident/7.0; .NET4.0C; .NET4.0E)"
192.168.11.37 - - [29/Sep/2025:08:40:41 +0800] "GET /eHR/ess/redirect.php HTTP/1.1" 200 20116
192.168.11.37 - - [29/Sep/2025:08:40:42 +0800] "GET /eHR/ess/redirect.php?scriptname=ESNH000 HTTP/1.1" 200 10609 "http://192.168.1.83:8088/eHR/ess/redirect.php" "Mozilla/4.0 (compatible; MSIE 7.0; Windows NT 10.0; WOW64; Trident/7.0; .NET4.0C; .NET4.0E)"
192.168.11.37 - - [29/Sep/2025:08:40:42 +0800] "GET /eHR/ess/redirect.php?scriptname=ESNH000 HTTP/1.1" 200 10609
192.168.11.69 - - [29/Sep/2025:08:40:44 +0800] "POST /eHR/ess/redirect.php?scriptname=emp_lov&openW=Y&rand=0.6908410790108017 HTTP/1.1" 200 12409 "http://192.168.1.83:8088/eHR/ess/redirect.php?scriptname=emp_lov&openW=Y&rand=0.6908410790108017" "Mozilla/5.0 (Windows NT 10.0; Win64; x64; rv:143.0) Gecko/20100101 Firefox/143.0"
192.168.11.69 - - [29/Sep/2025:08:40:44 +0800] "POST /eHR/ess/redirect.php?scriptname=emp_lov&openW=Y&rand=0.6908410790108017 HTTP/1.1" 200 12409
192.168.11.37 - - [29/Sep/2025:08:40:44 +0800] "GET /eHR/ess/index.php?lang=ZHT HTTP/1.1" 200 8829 "http://192.168.1.83:8088/eHR/ess/index.php?action=logout" "Mozilla/4.0 (compatible; MSIE 7.0; Windows NT 10.0; WOW64; Trident/7.0; .NET4.0C; .NET4.0E)"
192.168.11.37 - - [29/Sep/2025:08:40:44 +0800] "GET /eHR/ess/index.php?lang=ZHT HTTP/1.1" 200 8829
192.168.11.91 - - [29/Sep/2025:08:40:44 +0800] "POST /eHR/ess/redirect.php?scriptname=ESNE002&appdesc=%E6%89%B9%E9%87%8F%E8%AF%B7%E5%81%87%E7%94%B3%E8%AF%B7 HTTP/1.1" 200 4198 "http://192.168.1.83:8088/eHR/ess/redirect.php?scriptname=ESNE002&appdesc=%E6%89%B9%E9%87%8F%E8%AF%B7%E5%81%87%E7%94%B3%E8%AF%B7" "Mozilla/5.0 (Windows NT 10.0; Win64; x64; rv:143.0) Gecko/20100101 Firefox/143.0"
192.168.11.91 - - [29/Sep/2025:08:40:44 +0800] "POST /eHR/ess/redirect.php?scriptname=ESNE002&appdesc=%E6%89%B9%E9%87%8F%E8%AF%B7%E5%81%87%E7%94%B3%E8%AF%B7 HTTP/1.1" 200 4198
192.168.11.91 - - [29/Sep/2025:08:40:49 +0800] "GET /eHR/ess/redirect.php?scriptname=ESNE001&appdesc=%E6%89%B9%E9%87%8F%E5%8A%A0%E7%8F%AD%E7%94%B3%E8%AF%B7 HTTP/1.1" 200 15271 "http://192.168.1.83:8088/eHR/ess/redirect.php" "Mozilla/5.0 (Windows NT 10.0; Win64; x64; rv:143.0) Gecko/20100101 Firefox/143.0"
192.168.11.91 - - [29/Sep/2025:08:40:49 +0800] "GET /eHR/ess/redirect.php?scriptname=ESNE001&appdesc=%E6%89%B9%E9%87%8F%E5%8A%A0%E7%8F%AD%E7%94%B3%E8%AF%B7 HTTP/1.1" 200 15271
192.168.11.91 - - [29/Sep/2025:08:40:54 +0800] "GET /eHR/ess/redirect.php?scriptname=ESNE002&appdesc=%E6%89%B9%E9%87%8F%E8%AF%B7%E5%81%87%E7%94%B3%E8%AF%B7 HTTP/1.1" 200 22190 "http://192.168.1.83:8088/eHR/ess/redirect.php" "Mozilla/5.0 (Windows NT 10.0; Win64; x64; rv:143.0) Gecko/20100101 Firefox/143.0"
192.168.11.91 - - [29/Sep/2025:08:40:54 +0800] "GET /eHR/ess/redirect.php?scriptname=ESNE002&appdesc=%E6%89%B9%E9%87%8F%E8%AF%B7%E5%81%87%E7%94%B3%E8%AF%B7 HTTP/1.1" 200 22190
192.168.11.37 - - [29/Sep/2025:08:40:53 +0800] "POST /eHR/ess/includes/login.php HTTP/1.1" 302 - "http://192.168.1.83:8088/eHR/ess/index.php?lang=ZHT" "Mozilla/4.0 (compatible; MSIE 7.0; Windows NT 10.0; WOW64; Trident/7.0; .NET4.0C; .NET4.0E)"
192.168.11.37 - - [29/Sep/2025:08:40:53 +0800] "POST /eHR/ess/includes/login.php HTTP/1.1" 302 -
192.168.11.37 - - [29/Sep/2025:08:40:58 +0800] "GET /eHR/ess/redirect.php HTTP/1.1" 200 20113 "http://192.168.1.83:8088/eHR/ess/index.php?lang=ZHT" "Mozilla/4.0 (compatible; MSIE 7.0; Windows NT 10.0; WOW64; Trident/7.0; .NET4.0C; .NET4.0E)"
192.168.11.37 - - [29/Sep/2025:08:40:58 +0800] "GET /eHR/ess/redirect.php HTTP/1.1" 200 20113
192.168.11.37 - - [29/Sep/2025:08:40:59 +0800] "GET /eHR/ess/redirect.php?scriptname=ESNH000 HTTP/1.1" 200 10096 "http://192.168.1.83:8088/eHR/ess/redirect.php" "Mozilla/4.0 (compatible; MSIE 7.0; Windows NT 10.0; WOW64; Trident/7.0; .NET4.0C; .NET4.0E)"
192.168.11.37 - - [29/Sep/2025:08:40:59 +0800] "GET /eHR/ess/redirect.php?scriptname=ESNH000 HTTP/1.1" 200 10096
192.168.11.37 - - [29/Sep/2025:08:41:09 +0800] "GET /eHR/ess/redirect.php?scriptname=ESNF000&appdesc=%E6%B5%81%E7%A8%8B%E7%AE%A1%E7%90%86 HTTP/1.1" 200 32149 "http://192.168.1.83:8088/eHR/ess/redirect.php" "Mozilla/4.0 (compatible; MSIE 7.0; Windows NT 10.0; WOW64; Trident/7.0; .NET4.0C; .NET4.0E)"
192.168.11.37 - - [29/Sep/2025:08:41:09 +0800] "GET /eHR/ess/redirect.php?scriptname=ESNF000&appdesc=%E6%B5%81%E7%A8%8B%E7%AE%A1%E7%90%86 HTTP/1.1" 200 32149
192.168.11.91 - - [29/Sep/2025:08:41:19 +0800] "GET /eHR/ess/redirect.php?scriptname=emp_lov&openW=Y&rand=0.23670287548171443 HTTP/1.1" 200 8988 "http://192.168.1.83:8088/eHR/ess/redirect.php?scriptname=ESNE002&appdesc=%E6%89%B9%E9%87%8F%E8%AF%B7%E5%81%87%E7%94%B3%E8%AF%B7" "Mozilla/5.0 (Windows NT 10.0; Win64; x64; rv:143.0) Gecko/20100101 Firefox/143.0"
192.168.11.91 - - [29/Sep/2025:08:41:19 +0800] "GET /eHR/ess/redirect.php?scriptname=emp_lov&openW=Y&rand=0.23670287548171443 HTTP/1.1" 200 8988
192.168.11.91 - - [29/Sep/2025:08:41:23 +0800] "POST /eHR/ess/redirect.php?scriptname=emp_lov&openW=Y&rand=0.23670287548171443 HTTP/1.1" 200 26844 "http://192.168.1.83:8088/eHR/ess/redirect.php?scriptname=emp_lov&openW=Y&rand=0.23670287548171443" "Mozilla/5.0 (Windows NT 10.0; Win64; x64; rv:143.0) Gecko/20100101 Firefox/143.0"
192.168.11.91 - - [29/Sep/2025:08:41:23 +0800] "POST /eHR/ess/redirect.php?scriptname=emp_lov&openW=Y&rand=0.23670287548171443 HTTP/1.1" 200 26844
192.168.11.37 - - [29/Sep/2025:08:41:30 +0800] "GET /eHR/ess/redirect.php?scriptname=assistant_leave_apply_search&dept_seqno=3994&flowstatus=01&whoami=admin HTTP/1.1" 200 62203 "http://192.168.1.83:8088/eHR/ess/redirect.php?scriptname=ESNF000&appdesc=%E6%B5%81%E7%A8%8B%E7%AE%A1%E7%90%86" "Mozilla/4.0 (compatible; MSIE 7.0; Windows NT 10.0; WOW64; Trident/7.0; .NET4.0C; .NET4.0E)"
192.168.11.37 - - [29/Sep/2025:08:41:30 +0800] "GET /eHR/ess/redirect.php?scriptname=assistant_leave_apply_search&dept_seqno=3994&flowstatus=01&whoami=admin HTTP/1.1" 200 62203
192.168.11.37 - - [29/Sep/2025:08:41:36 +0800] "GET /eHR/ess/redirect.php?scriptname=ESNF000&appdesc=%E6%B5%81%E7%A8%8B%E7%AE%A1%E7%90%86 HTTP/1.1" 200 32149 "http://192.168.1.83:8088/eHR/ess/redirect.php" "Mozilla/4.0 (compatible; MSIE 7.0; Windows NT 10.0; WOW64; Trident/7.0; .NET4.0C; .NET4.0E)"
192.168.11.37 - - [29/Sep/2025:08:41:36 +0800] "GET /eHR/ess/redirect.php?scriptname=ESNF000&appdesc=%E6%B5%81%E7%A8%8B%E7%AE%A1%E7%90%86 HTTP/1.1" 200 32149
192.168.11.91 - - [29/Sep/2025:08:41:37 +0800] "POST /eHR/ess/redirect.php?scriptname=ESNE002&appdesc=%E6%89%B9%E9%87%8F%E8%AF%B7%E5%81%87%E7%94%B3%E8%AF%B7 HTTP/1.1" 200 4198 "http://192.168.1.83:8088/eHR/ess/redirect.php?scriptname=ESNE002&appdesc=%E6%89%B9%E9%87%8F%E8%AF%B7%E5%81%87%E7%94%B3%E8%AF%B7" "Mozilla/5.0 (Windows NT 10.0; Win64; x64; rv:143.0) Gecko/20100101 Firefox/143.0"
192.168.11.91 - - [29/Sep/2025:08:41:37 +0800] "POST /eHR/ess/redirect.php?scriptname=ESNE002&appdesc=%E6%89%B9%E9%87%8F%E8%AF%B7%E5%81%87%E7%94%B3%E8%AF%B7 HTTP/1.1" 200 4198
192.168.11.37 - - [29/Sep/2025:08:41:39 +0800] "GET /eHR/ess/redirect.php?scriptname=assistant_leave_apply_search&dept_seqno=4296&flowstatus=01&whoami=admin HTTP/1.1" 200 64473 "http://192.168.1.83:8088/eHR/ess/redirect.php?scriptname=ESNF000&appdesc=%E6%B5%81%E7%A8%8B%E7%AE%A1%E7%90%86" "Mozilla/4.0 (compatible; MSIE 7.0; Windows NT 10.0; WOW64; Trident/7.0; .NET4.0C; .NET4.0E)"
192.168.11.37 - - [29/Sep/2025:08:41:39 +0800] "GET /eHR/ess/redirect.php?scriptname=assistant_leave_apply_search&dept_seqno=4296&flowstatus=01&whoami=admin HTTP/1.1" 200 64473
192.168.11.37 - - [29/Sep/2025:08:41:42 +0800] "GET /eHR/ess/redirect.php?scriptname=ESNF000&appdesc=%E6%B5%81%E7%A8%8B%E7%AE%A1%E7%90%86 HTTP/1.1" 200 32149 "http://192.168.1.83:8088/eHR/ess/redirect.php" "Mozilla/4.0 (compatible; MSIE 7.0; Windows NT 10.0; WOW64; Trident/7.0; .NET4.0C; .NET4.0E)"
192.168.11.37 - - [29/Sep/2025:08:41:42 +0800] "GET /eHR/ess/redirect.php?scriptname=ESNF000&appdesc=%E6%B5%81%E7%A8%8B%E7%AE%A1%E7%90%86 HTTP/1.1" 200 32149
192.168.11.37 - - [29/Sep/2025:08:41:45 +0800] "GET /eHR/ess/redirect.php?scriptname=assistant_leave_apply_search&dept_seqno=4297&flowstatus=01&whoami=admin HTTP/1.1" 200 74738 "http://192.168.1.83:8088/eHR/ess/redirect.php?scriptname=ESNF000&appdesc=%E6%B5%81%E7%A8%8B%E7%AE%A1%E7%90%86" "Mozilla/4.0 (compatible; MSIE 7.0; Windows NT 10.0; WOW64; Trident/7.0; .NET4.0C; .NET4.0E)"
192.168.11.37 - - [29/Sep/2025:08:41:45 +0800] "GET /eHR/ess/redirect.php?scriptname=assistant_leave_apply_search&dept_seqno=4297&flowstatus=01&whoami=admin HTTP/1.1" 200 74738
192.168.11.37 - - [29/Sep/2025:08:41:57 +0800] "GET /eHR/ess/redirect.php?scriptname=ESNF000&appdesc=%E6%B5%81%E7%A8%8B%E7%AE%A1%E7%90%86 HTTP/1.1" 200 32149 "http://192.168.1.83:8088/eHR/ess/redirect.php" "Mozilla/4.0 (compatible; MSIE 7.0; Windows NT 10.0; WOW64; Trident/7.0; .NET4.0C; .NET4.0E)"
192.168.11.37 - - [29/Sep/2025:08:41:57 +0800] "GET /eHR/ess/redirect.php?scriptname=ESNF000&appdesc=%E6%B5%81%E7%A8%8B%E7%AE%A1%E7%90%86 HTTP/1.1" 200 32149
192.168.11.91 - - [29/Sep/2025:08:41:59 +0800] "GET /eHR/ess/redirect.php?scriptname=ESNE004&appdesc=%E6%89%B9%E9%87%8F%E8%AF%B7%E5%81%87%E6%9F%A5%E8%AF%A2 HTTP/1.1" 200 8381 "http://192.168.1.83:8088/eHR/ess/redirect.php" "Mozilla/5.0 (Windows NT 10.0; Win64; x64; rv:143.0) Gecko/20100101 Firefox/143.0"
192.168.11.91 - - [29/Sep/2025:08:41:59 +0800] "GET /eHR/ess/redirect.php?scriptname=ESNE004&appdesc=%E6%89%B9%E9%87%8F%E8%AF%B7%E5%81%87%E6%9F%A5%E8%AF%A2 HTTP/1.1" 200 8381
192.168.11.37 - - [29/Sep/2025:08:42:00 +0800] "GET /eHR/ess/redirect.php?scriptname=assistant_leave_apply_search&dept_seqno=4297&flowstatus=01&whoami=admin HTTP/1.1" 200 74738 "http://192.168.1.83:8088/eHR/ess/redirect.php?scriptname=ESNF000&appdesc=%E6%B5%81%E7%A8%8B%E7%AE%A1%E7%90%86" "Mozilla/4.0 (compatible; MSIE 7.0; Windows NT 10.0; WOW64; Trident/7.0; .NET4.0C; .NET4.0E)"
192.168.11.37 - - [29/Sep/2025:08:42:00 +0800] "GET /eHR/ess/redirect.php?scriptname=assistant_leave_apply_search&dept_seqno=4297&flowstatus=01&whoami=admin HTTP/1.1" 200 74738
192.168.11.37 - - [29/Sep/2025:08:42:05 +0800] "GET /eHR/ess/redirect.php?scriptname=ESNF000&appdesc=%E6%B5%81%E7%A8%8B%E7%AE%A1%E7%90%86 HTTP/1.1" 200 32149 "http://192.168.1.83:8088/eHR/ess/redirect.php" "Mozilla/4.0 (compatible; MSIE 7.0; Windows NT 10.0; WOW64; Trident/7.0; .NET4.0C; .NET4.0E)"
192.168.11.37 - - [29/Sep/2025:08:42:05 +0800] "GET /eHR/ess/redirect.php?scriptname=ESNF000&appdesc=%E6%B5%81%E7%A8%8B%E7%AE%A1%E7%90%86 HTTP/1.1" 200 32149
192.168.11.91 - - [29/Sep/2025:08:42:07 +0800] "POST /eHR/ess/redirect.php?scriptname=ESNE004&appdesc=%E6%89%B9%E9%87%8F%E8%AF%B7%E5%81%87%E6%9F%A5%E8%AF%A2 HTTP/1.1" 200 12509 "http://192.168.1.83:8088/eHR/ess/redirect.php?scriptname=ESNE004&appdesc=%E6%89%B9%E9%87%8F%E8%AF%B7%E5%81%87%E6%9F%A5%E8%AF%A2" "Mozilla/5.0 (Windows NT 10.0; Win64; x64; rv:143.0) Gecko/20100101 Firefox/143.0"
192.168.11.91 - - [29/Sep/2025:08:42:07 +0800] "POST /eHR/ess/redirect.php?scriptname=ESNE004&appdesc=%E6%89%B9%E9%87%8F%E8%AF%B7%E5%81%87%E6%9F%A5%E8%AF%A2 HTTP/1.1" 200 12509
192.168.11.37 - - [29/Sep/2025:08:42:08 +0800] "GET /eHR/ess/redirect.php?scriptname=assistant_leave_apply_search&dept_seqno=4298&flowstatus=01&whoami=admin HTTP/1.1" 200 70203 "http://192.168.1.83:8088/eHR/ess/redirect.php?scriptname=ESNF000&appdesc=%E6%B5%81%E7%A8%8B%E7%AE%A1%E7%90%86" "Mozilla/4.0 (compatible; MSIE 7.0; Windows NT 10.0; WOW64; Trident/7.0; .NET4.0C; .NET4.0E)"
192.168.11.37 - - [29/Sep/2025:08:42:08 +0800] "GET /eHR/ess/redirect.php?scriptname=assistant_leave_apply_search&dept_seqno=4298&flowstatus=01&whoami=admin HTTP/1.1" 200 70203
192.168.11.37 - - [29/Sep/2025:08:42:13 +0800] "GET /eHR/ess/redirect.php?scriptname=ESNF000&appdesc=%E6%B5%81%E7%A8%8B%E7%AE%A1%E7%90%86 HTTP/1.1" 200 32149 "http://192.168.1.83:8088/eHR/ess/redirect.php" "Mozilla/4.0 (compatible; MSIE 7.0; Windows NT 10.0; WOW64; Trident/7.0; .NET4.0C; .NET4.0E)"
192.168.11.37 - - [29/Sep/2025:08:42:13 +0800] "GET /eHR/ess/redirect.php?scriptname=ESNF000&appdesc=%E6%B5%81%E7%A8%8B%E7%AE%A1%E7%90%86 HTTP/1.1" 200 32149
192.168.11.91 - - [29/Sep/2025:08:42:13 +0800] "GET /eHR/ess/redirect.php?scriptname=ESNE002&appdesc=%E6%89%B9%E9%87%8F%E8%AF%B7%E5%81%87%E7%94%B3%E8%AF%B7 HTTP/1.1" 200 22190 "http://192.168.1.83:8088/eHR/ess/redirect.php" "Mozilla/5.0 (Windows NT 10.0; Win64; x64; rv:143.0) Gecko/20100101 Firefox/143.0"
192.168.11.91 - - [29/Sep/2025:08:42:13 +0800] "GET /eHR/ess/redirect.php?scriptname=ESNE002&appdesc=%E6%89%B9%E9%87%8F%E8%AF%B7%E5%81%87%E7%94%B3%E8%AF%B7 HTTP/1.1" 200 22190
192.168.11.37 - - [29/Sep/2025:08:42:16 +0800] "GET /eHR/ess/redirect.php?scriptname=assistant_leave_apply_search&dept_seqno=4298&flowstatus=01&whoami=admin HTTP/1.1" 200 70203 "http://192.168.1.83:8088/eHR/ess/redirect.php?scriptname=ESNF000&appdesc=%E6%B5%81%E7%A8%8B%E7%AE%A1%E7%90%86" "Mozilla/4.0 (compatible; MSIE 7.0; Windows NT 10.0; WOW64; Trident/7.0; .NET4.0C; .NET4.0E)"
192.168.11.37 - - [29/Sep/2025:08:42:16 +0800] "GET /eHR/ess/redirect.php?scriptname=assistant_leave_apply_search&dept_seqno=4298&flowstatus=01&whoami=admin HTTP/1.1" 200 70203
192.168.11.91 - - [29/Sep/2025:08:42:39 +0800] "GET /eHR/ess/redirect.php?scriptname=emp_lov&openW=Y&rand=0.510024820505914 HTTP/1.1" 200 8988 "http://192.168.1.83:8088/eHR/ess/redirect.php?scriptname=ESNE002&appdesc=%E6%89%B9%E9%87%8F%E8%AF%B7%E5%81%87%E7%94%B3%E8%AF%B7" "Mozilla/5.0 (Windows NT 10.0; Win64; x64; rv:143.0) Gecko/20100101 Firefox/143.0"
192.168.11.91 - - [29/Sep/2025:08:42:39 +0800] "GET /eHR/ess/redirect.php?scriptname=emp_lov&openW=Y&rand=0.510024820505914 HTTP/1.1" 200 8988
192.168.11.91 - - [29/Sep/2025:08:42:41 +0800] "POST /eHR/ess/redirect.php?scriptname=emp_lov&openW=Y&rand=0.510024820505914 HTTP/1.1" 200 26844 "http://192.168.1.83:8088/eHR/ess/redirect.php?scriptname=emp_lov&openW=Y&rand=0.510024820505914" "Mozilla/5.0 (Windows NT 10.0; Win64; x64; rv:143.0) Gecko/20100101 Firefox/143.0"
192.168.11.91 - - [29/Sep/2025:08:42:41 +0800] "POST /eHR/ess/redirect.php?scriptname=emp_lov&openW=Y&rand=0.510024820505914 HTTP/1.1" 200 26844
192.168.11.91 - - [29/Sep/2025:08:42:55 +0800] "POST /eHR/ess/redirect.php?scriptname=ESNE002&appdesc=%E6%89%B9%E9%87%8F%E8%AF%B7%E5%81%87%E7%94%B3%E8%AF%B7 HTTP/1.1" 200 4211 "http://192.168.1.83:8088/eHR/ess/redirect.php?scriptname=ESNE002&appdesc=%E6%89%B9%E9%87%8F%E8%AF%B7%E5%81%87%E7%94%B3%E8%AF%B7" "Mozilla/5.0 (Windows NT 10.0; Win64; x64; rv:143.0) Gecko/20100101 Firefox/143.0"
192.168.11.91 - - [29/Sep/2025:08:42:55 +0800] "POST /eHR/ess/redirect.php?scriptname=ESNE002&appdesc=%E6%89%B9%E9%87%8F%E8%AF%B7%E5%81%87%E7%94%B3%E8%AF%B7 HTTP/1.1" 200 4211
192.168.11.88 - - [29/Sep/2025:08:50:24 +0800] "GET /eHR/ess/redirect.php?scriptname=ESNH003&appdesc=%E8%AF%B7%E5%81%87%E7%AD%BE%E6%A0%B8 HTTP/1.1" 302 - "http://hcp.maglayers.com.cn:8088/eHR/ess/redirect.php" "Mozilla/5.0 (Windows NT 10.0; Win64; x64) AppleWebKit/537.36 (KHTML, like Gecko) Chrome/105.0.0.0 Safari/537.36"
192.168.11.88 - - [29/Sep/2025:08:50:24 +0800] "GET /eHR/ess/redirect.php?scriptname=ESNH003&appdesc=%E8%AF%B7%E5%81%87%E7%AD%BE%E6%A0%B8 HTTP/1.1" 302 -
192.168.11.88 - - [29/Sep/2025:08:50:25 +0800] "GET /eHR/mgr/redirect.php?scriptname=MDNH104&appdesc=%E8%AF%B7%E5%81%87%E7%AD%BE%E6%A0%B8 HTTP/1.1" 200 14330 "http://hcp.maglayers.com.cn:8088/eHR/ess/redirect.php" "Mozilla/5.0 (Windows NT 10.0; Win64; x64) AppleWebKit/537.36 (KHTML, like Gecko) Chrome/105.0.0.0 Safari/537.36"
192.168.11.88 - - [29/Sep/2025:08:50:25 +0800] "GET /eHR/mgr/redirect.php?scriptname=MDNH104&appdesc=%E8%AF%B7%E5%81%87%E7%AD%BE%E6%A0%B8 HTTP/1.1" 200 14330
192.168.11.88 - - [29/Sep/2025:08:50:37 +0800] "POST /eHR/mgr/redirect.php?scriptname=MDNH104&appdesc=%E8%AF%B7%E5%81%87%E7%AD%BE%E6%A0%B8 HTTP/1.1" 200 4490 "http://hcp.maglayers.com.cn:8088/eHR/mgr/redirect.php?scriptname=MDNH104&appdesc=%E8%AF%B7%E5%81%87%E7%AD%BE%E6%A0%B8" "Mozilla/5.0 (Windows NT 10.0; Win64; x64) AppleWebKit/537.36 (KHTML, like Gecko) Chrome/105.0.0.0 Safari/537.36"
192.168.11.88 - - [29/Sep/2025:08:50:37 +0800] "POST /eHR/mgr/redirect.php?scriptname=MDNH104&appdesc=%E8%AF%B7%E5%81%87%E7%AD%BE%E6%A0%B8 HTTP/1.1" 200 4490
192.168.11.88 - - [29/Sep/2025:08:51:43 +0800] "GET /eHR/ess/redirect.php?scriptname=ESNH004&appdesc=%E5%8A%A0%E7%8F%AD%E7%AD%BE%E6%A0%B8 HTTP/1.1" 302 - "http://hcp.maglayers.com.cn:8088/eHR/ess/redirect.php" "Mozilla/5.0 (Windows NT 10.0; Win64; x64) AppleWebKit/537.36 (KHTML, like Gecko) Chrome/105.0.0.0 Safari/537.36"
192.168.11.88 - - [29/Sep/2025:08:51:43 +0800] "GET /eHR/ess/redirect.php?scriptname=ESNH004&appdesc=%E5%8A%A0%E7%8F%AD%E7%AD%BE%E6%A0%B8 HTTP/1.1" 302 -
192.168.11.88 - - [29/Sep/2025:08:51:44 +0800] "GET /eHR/mgr/redirect.php?scriptname=MDNH105&appdesc=%E5%8A%A0%E7%8F%AD%E7%AD%BE%E6%A0%B8 HTTP/1.1" 200 6702 "http://hcp.maglayers.com.cn:8088/eHR/ess/redirect.php" "Mozilla/5.0 (Windows NT 10.0; Win64; x64) AppleWebKit/537.36 (KHTML, like Gecko) Chrome/105.0.0.0 Safari/537.36"
192.168.11.88 - - [29/Sep/2025:08:51:44 +0800] "GET /eHR/mgr/redirect.php?scriptname=MDNH105&appdesc=%E5%8A%A0%E7%8F%AD%E7%AD%BE%E6%A0%B8 HTTP/1.1" 200 6702
192.168.11.88 - - [29/Sep/2025:08:51:47 +0800] "GET /eHR/ess/redirect.php?scriptname=ESNH003&appdesc=%E8%AF%B7%E5%81%87%E7%AD%BE%E6%A0%B8 HTTP/1.1" 302 - "http://hcp.maglayers.com.cn:8088/eHR/ess/redirect.php" "Mozilla/5.0 (Windows NT 10.0; Win64; x64) AppleWebKit/537.36 (KHTML, like Gecko) Chrome/105.0.0.0 Safari/537.36"
192.168.11.88 - - [29/Sep/2025:08:51:47 +0800] "GET /eHR/ess/redirect.php?scriptname=ESNH003&appdesc=%E8%AF%B7%E5%81%87%E7%AD%BE%E6%A0%B8 HTTP/1.1" 302 -
192.168.11.88 - - [29/Sep/2025:08:51:48 +0800] "GET /eHR/mgr/redirect.php?scriptname=MDNH104&appdesc=%E8%AF%B7%E5%81%87%E7%AD%BE%E6%A0%B8 HTTP/1.1" 200 7256 "http://hcp.maglayers.com.cn:8088/eHR/ess/redirect.php" "Mozilla/5.0 (Windows NT 10.0; Win64; x64) AppleWebKit/537.36 (KHTML, like Gecko) Chrome/105.0.0.0 Safari/537.36"
192.168.11.88 - - [29/Sep/2025:08:51:48 +0800] "GET /eHR/mgr/redirect.php?scriptname=MDNH104&appdesc=%E8%AF%B7%E5%81%87%E7%AD%BE%E6%A0%B8 HTTP/1.1" 200 7256
100.64.0.1 - - [29/Sep/2025:08:53:29 +0800] "GET / HTTP/1.1" 200 439 "-" "curl/7.81.0"
100.64.0.1 - - [29/Sep/2025:08:53:29 +0800] "GET / HTTP/1.1" 200 439
192.168.11.113 - - [29/Sep/2025:08:54:29 +0800] "GET /eHR/ess/index.php?action=logout HTTP/1.1" 200 8826 "-" "Mozilla/5.0 (Windows NT 10.0; Win64; x64) AppleWebKit/537.36 (KHTML, like Gecko) Chrome/140.0.0.0 Safari/537.36 Edg/140.0.0.0"
192.168.11.113 - - [29/Sep/2025:08:54:29 +0800] "GET /eHR/ess/index.php?action=logout HTTP/1.1" 200 8826
192.168.11.113 - - [29/Sep/2025:08:54:30 +0800] "GET /eHR/ess/index.php?action=logout HTTP/1.1" 200 8826
192.168.11.113 - - [29/Sep/2025:08:54:30 +0800] "GET /eHR/ess/index.php?action=logout HTTP/1.1" 200 8826 "-" "Mozilla/5.0 (Windows NT 10.0; Win64; x64) AppleWebKit/537.36 (KHTML, like Gecko) Chrome/140.0.0.0 Safari/537.36 Edg/140.0.0.0"
192.168.11.113 - - [29/Sep/2025:08:54:40 +0800] "POST /eHR/ess/includes/login.php HTTP/1.1" 302 - "http://192.168.1.83:8088/eHR/ess/index.php?action=logout" "Mozilla/5.0 (Windows NT 10.0; Win64; x64) AppleWebKit/537.36 (KHTML, like Gecko) Chrome/140.0.0.0 Safari/537.36 Edg/140.0.0.0"
192.168.11.113 - - [29/Sep/2025:08:54:40 +0800] "POST /eHR/ess/includes/login.php HTTP/1.1" 302 -
192.168.11.113 - - [29/Sep/2025:08:54:45 +0800] "GET /eHR/ess/redirect.php HTTP/1.1" 200 8926 "http://192.168.1.83:8088/eHR/ess/index.php?action=logout" "Mozilla/5.0 (Windows NT 10.0; Win64; x64) AppleWebKit/537.36 (KHTML, like Gecko) Chrome/140.0.0.0 Safari/537.36 Edg/140.0.0.0"
192.168.11.113 - - [29/Sep/2025:08:54:45 +0800] "GET /eHR/ess/redirect.php HTTP/1.1" 200 8926
192.168.11.113 - - [29/Sep/2025:08:54:47 +0800] "GET /eHR/ess/redirect.php?scriptname=ESNH000 HTTP/1.1" 200 10096 "http://192.168.1.83:8088/eHR/ess/redirect.php" "Mozilla/5.0 (Windows NT 10.0; Win64; x64) AppleWebKit/537.36 (KHTML, like Gecko) Chrome/140.0.0.0 Safari/537.36 Edg/140.0.0.0"
192.168.11.113 - - [29/Sep/2025:08:54:47 +0800] "GET /eHR/ess/redirect.php?scriptname=ESNH000 HTTP/1.1" 200 10096
192.168.11.113 - - [29/Sep/2025:08:54:53 +0800] "GET /eHR/ess/redirect.php?scriptname=ESNE001&appdesc=%E6%89%B9%E9%87%8F%E5%8A%A0%E7%8F%AD%E7%94%B3%E8%AF%B7 HTTP/1.1" 200 15271 "http://192.168.1.83:8088/eHR/ess/redirect.php" "Mozilla/5.0 (Windows NT 10.0; Win64; x64) AppleWebKit/537.36 (KHTML, like Gecko) Chrome/140.0.0.0 Safari/537.36 Edg/140.0.0.0"
192.168.11.113 - - [29/Sep/2025:08:54:53 +0800] "GET /eHR/ess/redirect.php?scriptname=ESNE001&appdesc=%E6%89%B9%E9%87%8F%E5%8A%A0%E7%8F%AD%E7%94%B3%E8%AF%B7 HTTP/1.1" 200 15271
192.168.11.113 - - [29/Sep/2025:08:55:10 +0800] "GET /eHR/ess/redirect.php?scriptname=emp_lov&openW=Y&rand=0.48994851623155145 HTTP/1.1" 200 8900 "http://192.168.1.83:8088/eHR/ess/redirect.php?scriptname=ESNE001&appdesc=%E6%89%B9%E9%87%8F%E5%8A%A0%E7%8F%AD%E7%94%B3%E8%AF%B7" "Mozilla/5.0 (Windows NT 10.0; Win64; x64) AppleWebKit/537.36 (KHTML, like Gecko) Chrome/140.0.0.0 Safari/537.36 Edg/140.0.0.0"
192.168.11.113 - - [29/Sep/2025:08:55:10 +0800] "GET /eHR/ess/redirect.php?scriptname=emp_lov&openW=Y&rand=0.48994851623155145 HTTP/1.1" 200 8900
100.64.0.1 - - [29/Sep/2025:08:55:18 +0800] "GET / HTTP/1.1" 200 439 "-" "curl/7.81.0"
100.64.0.1 - - [29/Sep/2025:08:55:18 +0800] "GET / HTTP/1.1" 200 439
192.168.11.113 - - [29/Sep/2025:08:55:18 +0800] "POST /eHR/ess/redirect.php?scriptname=emp_lov&openW=Y&rand=0.48994851623155145 HTTP/1.1" 200 24188 "http://192.168.1.83:8088/eHR/ess/redirect.php?scriptname=emp_lov&openW=Y&rand=0.48994851623155145" "Mozilla/5.0 (Windows NT 10.0; Win64; x64) AppleWebKit/537.36 (KHTML, like Gecko) Chrome/140.0.0.0 Safari/537.36 Edg/140.0.0.0"
192.168.11.113 - - [29/Sep/2025:08:55:18 +0800] "POST /eHR/ess/redirect.php?scriptname=emp_lov&openW=Y&rand=0.48994851623155145 HTTP/1.1" 200 24188
192.168.11.113 - - [29/Sep/2025:08:56:11 +0800] "POST /eHR/ess/redirect.php?scriptname=ESNE001&appdesc=%E6%89%B9%E9%87%8F%E5%8A%A0%E7%8F%AD%E7%94%B3%E8%AF%B7 HTTP/1.1" 302 - "http://192.168.1.83:8088/eHR/ess/redirect.php?scriptname=ESNE001&appdesc=%E6%89%B9%E9%87%8F%E5%8A%A0%E7%8F%AD%E7%94%B3%E8%AF%B7" "Mozilla/5.0 (Windows NT 10.0; Win64; x64) AppleWebKit/537.36 (KHTML, like Gecko) Chrome/140.0.0.0 Safari/537.36 Edg/140.0.0.0"
192.168.11.113 - - [29/Sep/2025:08:56:11 +0800] "POST /eHR/ess/redirect.php?scriptname=ESNE001&appdesc=%E6%89%B9%E9%87%8F%E5%8A%A0%E7%8F%AD%E7%94%B3%E8%AF%B7 HTTP/1.1" 302 -
192.168.11.113 - - [29/Sep/2025:08:56:12 +0800] "GET /eHR/ess/redirect.php?scriptname=page_success&msgtxt=%E6%82%A8%E7%9A%84%E5%8A%A0%E7%8F%AD%E7%94%B3%E8%AB%8B%E5%B7%B2%E6%88%90%E5%8A%9F%E6%8F%90%E4%BA%A4%E5%BE%8C%E5%8F%B0%E8%99%95%E7%90%86.%3Cbr%3E%E6%82%A8%E5%8F%AF%E4%BB%A5%E5%9C%A8%3Ca+href%3D%22..%2Fess%2Fredirect.php%3Fscriptname%3DESNE023%26requestno%3D131499%22%3E%E9%80%99%E8%A3%A1%3C%2Fa%3E%E6%9F%A5%E7%9C%8B%E7%94%B3%E8%AB%8B%E8%99%95%E7%90%86%E7%B5%90%E6%9E%9C.%3Cbr%3E%E6%89%B9%E6%AC%A1%E8%99%9F%E7%82%BA%3A131499&target=iframe HTTP/1.1" 200 3251 "http://192.168.1.83:8088/eHR/ess/redirect.php?scriptname=ESNE001&appdesc=%E6%89%B9%E9%87%8F%E5%8A%A0%E7%8F%AD%E7%94%B3%E8%AF%B7" "Mozilla/5.0 (Windows NT 10.0; Win64; x64) AppleWebKit/537.36 (KHTML, like Gecko) Chrome/140.0.0.0 Safari/537.36 Edg/140.0.0.0"
192.168.11.113 - - [29/Sep/2025:08:56:12 +0800] "GET /eHR/ess/redirect.php?scriptname=page_success&msgtxt=%E6%82%A8%E7%9A%84%E5%8A%A0%E7%8F%AD%E7%94%B3%E8%AB%8B%E5%B7%B2%E6%88%90%E5%8A%9F%E6%8F%90%E4%BA%A4%E5%BE%8C%E5%8F%B0%E8%99%95%E7%90%86.%3Cbr%3E%E6%82%A8%E5%8F%AF%E4%BB%A5%E5%9C%A8%3Ca+href%3D%22..%2Fess%2Fredirect.php%3Fscriptname%3DESNE023%26requestno%3D131499%22%3E%E9%80%99%E8%A3%A1%3C%2Fa%3E%E6%9F%A5%E7%9C%8B%E7%94%B3%E8%AB%8B%E8%99%95%E7%90%86%E7%B5%90%E6%9E%9C.%3Cbr%3E%E6%89%B9%E6%AC%A1%E8%99%9F%E7%82%BA%3A131499&target=iframe HTTP/1.1" 200 3251
192.168.11.113 - - [29/Sep/2025:08:56:14 +0800] "GET /eHR/ess/redirect.php?scriptname=ESNE003&appdesc=%E6%89%B9%E9%87%8F%E5%8A%A0%E7%8F%AD%E6%9F%A5%E8%AF%A2 HTTP/1.1" 200 7833 "http://192.168.1.83:8088/eHR/ess/redirect.php" "Mozilla/5.0 (Windows NT 10.0; Win64; x64) AppleWebKit/537.36 (KHTML, like Gecko) Chrome/140.0.0.0 Safari/537.36 Edg/140.0.0.0"
192.168.11.113 - - [29/Sep/2025:08:56:14 +0800] "GET /eHR/ess/redirect.php?scriptname=ESNE003&appdesc=%E6%89%B9%E9%87%8F%E5%8A%A0%E7%8F%AD%E6%9F%A5%E8%AF%A2 HTTP/1.1" 200 7833
192.168.11.113 - - [29/Sep/2025:08:56:39 +0800] "POST /eHR/ess/redirect.php?scriptname=ESNE003&appdesc=%E6%89%B9%E9%87%8F%E5%8A%A0%E7%8F%AD%E6%9F%A5%E8%AF%A2 HTTP/1.1" 200 20248 "http://192.168.1.83:8088/eHR/ess/redirect.php?scriptname=ESNE003&appdesc=%E6%89%B9%E9%87%8F%E5%8A%A0%E7%8F%AD%E6%9F%A5%E8%AF%A2" "Mozilla/5.0 (Windows NT 10.0; Win64; x64) AppleWebKit/537.36 (KHTML, like Gecko) Chrome/140.0.0.0 Safari/537.36 Edg/140.0.0.0"
192.168.11.113 - - [29/Sep/2025:08:56:39 +0800] "POST /eHR/ess/redirect.php?scriptname=ESNE003&appdesc=%E6%89%B9%E9%87%8F%E5%8A%A0%E7%8F%AD%E6%9F%A5%E8%AF%A2 HTTP/1.1" 200 20248
192.168.11.113 - - [29/Sep/2025:08:56:48 +0800] "POST /eHR/ess/redirect.php?scriptname=ESNE003&appdesc=%E6%89%B9%E9%87%8F%E5%8A%A0%E7%8F%AD%E6%9F%A5%E8%AF%A2 HTTP/1.1" 200 23398 "http://192.168.1.83:8088/eHR/ess/redirect.php?scriptname=ESNE003&appdesc=%E6%89%B9%E9%87%8F%E5%8A%A0%E7%8F%AD%E6%9F%A5%E8%AF%A2" "Mozilla/5.0 (Windows NT 10.0; Win64; x64) AppleWebKit/537.36 (KHTML, like Gecko) Chrome/140.0.0.0 Safari/537.36 Edg/140.0.0.0"
192.168.11.113 - - [29/Sep/2025:08:56:48 +0800] "POST /eHR/ess/redirect.php?scriptname=ESNE003&appdesc=%E6%89%B9%E9%87%8F%E5%8A%A0%E7%8F%AD%E6%9F%A5%E8%AF%A2 HTTP/1.1" 200 23398
192.168.11.113 - - [29/Sep/2025:08:56:50 +0800] "GET /eHR/img/cancel.png HTTP/1.1" 200 1230 "http://192.168.1.83:8088/eHR/ess/redirect.php?scriptname=ESNE003&appdesc=%E6%89%B9%E9%87%8F%E5%8A%A0%E7%8F%AD%E6%9F%A5%E8%AF%A2" "Mozilla/5.0 (Windows NT 10.0; Win64; x64) AppleWebKit/537.36 (KHTML, like Gecko) Chrome/140.0.0.0 Safari/537.36 Edg/140.0.0.0"
192.168.11.113 - - [29/Sep/2025:08:56:50 +0800] "GET /eHR/img/cancel.png HTTP/1.1" 200 1230
192.168.11.113 - - [29/Sep/2025:08:56:58 +0800] "POST /eHR/ess/redirect.php?scriptname=ESNE003&appdesc=%E6%89%B9%E9%87%8F%E5%8A%A0%E7%8F%AD%E6%9F%A5%E8%AF%A2 HTTP/1.1" 200 20164 "http://192.168.1.83:8088/eHR/ess/redirect.php?scriptname=ESNE003&appdesc=%E6%89%B9%E9%87%8F%E5%8A%A0%E7%8F%AD%E6%9F%A5%E8%AF%A2" "Mozilla/5.0 (Windows NT 10.0; Win64; x64) AppleWebKit/537.36 (KHTML, like Gecko) Chrome/140.0.0.0 Safari/537.36 Edg/140.0.0.0"
192.168.11.113 - - [29/Sep/2025:08:56:58 +0800] "POST /eHR/ess/redirect.php?scriptname=ESNE003&appdesc=%E6%89%B9%E9%87%8F%E5%8A%A0%E7%8F%AD%E6%9F%A5%E8%AF%A2 HTTP/1.1" 200 20164
192.168.11.113 - - [29/Sep/2025:08:57:18 +0800] "POST /eHR/ess/redirect.php?scriptname=ESNE003&appdesc=%E6%89%B9%E9%87%8F%E5%8A%A0%E7%8F%AD%E6%9F%A5%E8%AF%A2 HTTP/1.1" 200 20248
192.168.11.113 - - [29/Sep/2025:08:57:18 +0800] "POST /eHR/ess/redirect.php?scriptname=ESNE003&appdesc=%E6%89%B9%E9%87%8F%E5%8A%A0%E7%8F%AD%E6%9F%A5%E8%AF%A2 HTTP/1.1" 200 20248 "http://192.168.1.83:8088/eHR/ess/redirect.php?scriptname=ESNE003&appdesc=%E6%89%B9%E9%87%8F%E5%8A%A0%E7%8F%AD%E6%9F%A5%E8%AF%A2" "Mozilla/5.0 (Windows NT 10.0; Win64; x64) AppleWebKit/537.36 (KHTML, like Gecko) Chrome/140.0.0.0 Safari/537.36 Edg/140.0.0.0"
192.168.11.113 - - [29/Sep/2025:08:57:25 +0800] "POST /eHR/ess/redirect.php?scriptname=ESNE003&appdesc=%E6%89%B9%E9%87%8F%E5%8A%A0%E7%8F%AD%E6%9F%A5%E8%AF%A2 HTTP/1.1" 200 23398 "http://192.168.1.83:8088/eHR/ess/redirect.php?scriptname=ESNE003&appdesc=%E6%89%B9%E9%87%8F%E5%8A%A0%E7%8F%AD%E6%9F%A5%E8%AF%A2" "Mozilla/5.0 (Windows NT 10.0; Win64; x64) AppleWebKit/537.36 (KHTML, like Gecko) Chrome/140.0.0.0 Safari/537.36 Edg/140.0.0.0"
192.168.11.113 - - [29/Sep/2025:08:57:25 +0800] "POST /eHR/ess/redirect.php?scriptname=ESNE003&appdesc=%E6%89%B9%E9%87%8F%E5%8A%A0%E7%8F%AD%E6%9F%A5%E8%AF%A2 HTTP/1.1" 200 23398
192.168.11.37 - - [29/Sep/2025:09:00:39 +0800] "GET /eHR/ess/redirect.php?scriptname=ESNF000&appdesc=%E6%B5%81%E7%A8%8B%E7%AE%A1%E7%90%86 HTTP/1.1" 200 32149 "http://192.168.1.83:8088/eHR/ess/redirect.php" "Mozilla/4.0 (compatible; MSIE 7.0; Windows NT 10.0; WOW64; Trident/7.0; .NET4.0C; .NET4.0E)"
192.168.11.37 - - [29/Sep/2025:09:00:39 +0800] "GET /eHR/ess/redirect.php?scriptname=ESNF000&appdesc=%E6%B5%81%E7%A8%8B%E7%AE%A1%E7%90%86 HTTP/1.1" 200 32149
192.168.11.37 - - [29/Sep/2025:09:00:46 +0800] "GET /eHR/ess/redirect.php?scriptname=assistant_leave_apply_search&dept_seqno=4297&flowstatus=01&whoami=admin HTTP/1.1" 200 74738 "http://192.168.1.83:8088/eHR/ess/redirect.php?scriptname=ESNF000&appdesc=%E6%B5%81%E7%A8%8B%E7%AE%A1%E7%90%86" "Mozilla/4.0 (compatible; MSIE 7.0; Windows NT 10.0; WOW64; Trident/7.0; .NET4.0C; .NET4.0E)"
192.168.11.37 - - [29/Sep/2025:09:00:46 +0800] "GET /eHR/ess/redirect.php?scriptname=assistant_leave_apply_search&dept_seqno=4297&flowstatus=01&whoami=admin HTTP/1.1" 200 74738
192.168.11.37 - - [29/Sep/2025:09:00:51 +0800] "GET /eHR/ess/redirect.php?scriptname=ESNF000&appdesc=%E6%B5%81%E7%A8%8B%E7%AE%A1%E7%90%86 HTTP/1.1" 200 32149 "http://192.168.1.83:8088/eHR/ess/redirect.php" "Mozilla/4.0 (compatible; MSIE 7.0; Windows NT 10.0; WOW64; Trident/7.0; .NET4.0C; .NET4.0E)"
192.168.11.37 - - [29/Sep/2025:09:00:51 +0800] "GET /eHR/ess/redirect.php?scriptname=ESNF000&appdesc=%E6%B5%81%E7%A8%8B%E7%AE%A1%E7%90%86 HTTP/1.1" 200 32149
192.168.11.37 - - [29/Sep/2025:09:00:53 +0800] "GET /eHR/ess/redirect.php?scriptname=assistant_leave_apply_search&dept_seqno=4298&flowstatus=01&whoami=admin HTTP/1.1" 200 70203 "http://192.168.1.83:8088/eHR/ess/redirect.php?scriptname=ESNF000&appdesc=%E6%B5%81%E7%A8%8B%E7%AE%A1%E7%90%86" "Mozilla/4.0 (compatible; MSIE 7.0; Windows NT 10.0; WOW64; Trident/7.0; .NET4.0C; .NET4.0E)"
192.168.11.37 - - [29/Sep/2025:09:00:53 +0800] "GET /eHR/ess/redirect.php?scriptname=assistant_leave_apply_search&dept_seqno=4298&flowstatus=01&whoami=admin HTTP/1.1" 200 70203
192.168.11.37 - - [29/Sep/2025:09:00:58 +0800] "GET /eHR/ess/redirect.php?scriptname=ESNF000&appdesc=%E6%B5%81%E7%A8%8B%E7%AE%A1%E7%90%86 HTTP/1.1" 200 32149 "http://192.168.1.83:8088/eHR/ess/redirect.php" "Mozilla/4.0 (compatible; MSIE 7.0; Windows NT 10.0; WOW64; Trident/7.0; .NET4.0C; .NET4.0E)"
192.168.11.37 - - [29/Sep/2025:09:00:58 +0800] "GET /eHR/ess/redirect.php?scriptname=ESNF000&appdesc=%E6%B5%81%E7%A8%8B%E7%AE%A1%E7%90%86 HTTP/1.1" 200 32149
192.168.11.37 - - [29/Sep/2025:09:01:02 +0800] "GET /eHR/ess/redirect.php?scriptname=assistant_leave_apply_search&dept_seqno=4298&flowstatus=01&whoami=admin HTTP/1.1" 200 70203 "http://192.168.1.83:8088/eHR/ess/redirect.php?scriptname=ESNF000&appdesc=%E6%B5%81%E7%A8%8B%E7%AE%A1%E7%90%86" "Mozilla/4.0 (compatible; MSIE 7.0; Windows NT 10.0; WOW64; Trident/7.0; .NET4.0C; .NET4.0E)"
192.168.11.37 - - [29/Sep/2025:09:01:02 +0800] "GET /eHR/ess/redirect.php?scriptname=assistant_leave_apply_search&dept_seqno=4298&flowstatus=01&whoami=admin HTTP/1.1" 200 70203
192.168.11.37 - - [29/Sep/2025:09:01:07 +0800] "GET /eHR/ess/redirect.php?scriptname=ESNF000&appdesc=%E6%B5%81%E7%A8%8B%E7%AE%A1%E7%90%86 HTTP/1.1" 200 32149 "http://192.168.1.83:8088/eHR/ess/redirect.php" "Mozilla/4.0 (compatible; MSIE 7.0; Windows NT 10.0; WOW64; Trident/7.0; .NET4.0C; .NET4.0E)"
192.168.11.37 - - [29/Sep/2025:09:01:07 +0800] "GET /eHR/ess/redirect.php?scriptname=ESNF000&appdesc=%E6%B5%81%E7%A8%8B%E7%AE%A1%E7%90%86 HTTP/1.1" 200 32149
192.168.11.37 - - [29/Sep/2025:09:01:22 +0800] "GET /eHR/ess/redirect.php?scriptname=assistant_leave_apply_search&dept_seqno=4298&flowstatus=01&whoami=admin HTTP/1.1" 200 70203 "http://192.168.1.83:8088/eHR/ess/redirect.php?scriptname=ESNF000&appdesc=%E6%B5%81%E7%A8%8B%E7%AE%A1%E7%90%86" "Mozilla/4.0 (compatible; MSIE 7.0; Windows NT 10.0; WOW64; Trident/7.0; .NET4.0C; .NET4.0E)"
192.168.11.37 - - [29/Sep/2025:09:01:22 +0800] "GET /eHR/ess/redirect.php?scriptname=assistant_leave_apply_search&dept_seqno=4298&flowstatus=01&whoami=admin HTTP/1.1" 200 70203
192.168.11.37 - - [29/Sep/2025:09:01:26 +0800] "GET /eHR/ess/redirect.php?scriptname=ESNF000&appdesc=%E6%B5%81%E7%A8%8B%E7%AE%A1%E7%90%86 HTTP/1.1" 200 32149 "http://192.168.1.83:8088/eHR/ess/redirect.php" "Mozilla/4.0 (compatible; MSIE 7.0; Windows NT 10.0; WOW64; Trident/7.0; .NET4.0C; .NET4.0E)"
192.168.11.37 - - [29/Sep/2025:09:01:26 +0800] "GET /eHR/ess/redirect.php?scriptname=ESNF000&appdesc=%E6%B5%81%E7%A8%8B%E7%AE%A1%E7%90%86 HTTP/1.1" 200 32149
192.168.11.37 - - [29/Sep/2025:09:01:29 +0800] "GET /eHR/ess/redirect.php?scriptname=assistant_leave_apply_search&dept_seqno=4299&flowstatus=01&whoami=admin HTTP/1.1" 200 71351 "http://192.168.1.83:8088/eHR/ess/redirect.php?scriptname=ESNF000&appdesc=%E6%B5%81%E7%A8%8B%E7%AE%A1%E7%90%86" "Mozilla/4.0 (compatible; MSIE 7.0; Windows NT 10.0; WOW64; Trident/7.0; .NET4.0C; .NET4.0E)"
192.168.11.37 - - [29/Sep/2025:09:01:29 +0800] "GET /eHR/ess/redirect.php?scriptname=assistant_leave_apply_search&dept_seqno=4299&flowstatus=01&whoami=admin HTTP/1.1" 200 71351
192.168.11.37 - - [29/Sep/2025:09:01:32 +0800] "GET /eHR/ess/redirect.php?scriptname=ESNF000&appdesc=%E6%B5%81%E7%A8%8B%E7%AE%A1%E7%90%86 HTTP/1.1" 200 32149 "http://192.168.1.83:8088/eHR/ess/redirect.php" "Mozilla/4.0 (compatible; MSIE 7.0; Windows NT 10.0; WOW64; Trident/7.0; .NET4.0C; .NET4.0E)"
192.168.11.37 - - [29/Sep/2025:09:01:32 +0800] "GET /eHR/ess/redirect.php?scriptname=ESNF000&appdesc=%E6%B5%81%E7%A8%8B%E7%AE%A1%E7%90%86 HTTP/1.1" 200 32149
192.168.11.37 - - [29/Sep/2025:09:01:35 +0800] "GET /eHR/ess/redirect.php?scriptname=assistant_leave_apply_search&dept_seqno=4300&flowstatus=01&whoami=admin HTTP/1.1" 200 59908 "http://192.168.1.83:8088/eHR/ess/redirect.php?scriptname=ESNF000&appdesc=%E6%B5%81%E7%A8%8B%E7%AE%A1%E7%90%86" "Mozilla/4.0 (compatible; MSIE 7.0; Windows NT 10.0; WOW64; Trident/7.0; .NET4.0C; .NET4.0E)"
192.168.11.37 - - [29/Sep/2025:09:01:35 +0800] "GET /eHR/ess/redirect.php?scriptname=assistant_leave_apply_search&dept_seqno=4300&flowstatus=01&whoami=admin HTTP/1.1" 200 59908
192.168.11.37 - - [29/Sep/2025:09:01:38 +0800] "GET /eHR/ess/redirect.php?scriptname=ESNF000&appdesc=%E6%B5%81%E7%A8%8B%E7%AE%A1%E7%90%86 HTTP/1.1" 200 32149 "http://192.168.1.83:8088/eHR/ess/redirect.php" "Mozilla/4.0 (compatible; MSIE 7.0; Windows NT 10.0; WOW64; Trident/7.0; .NET4.0C; .NET4.0E)"
192.168.11.37 - - [29/Sep/2025:09:01:38 +0800] "GET /eHR/ess/redirect.php?scriptname=ESNF000&appdesc=%E6%B5%81%E7%A8%8B%E7%AE%A1%E7%90%86 HTTP/1.1" 200 32149
192.168.11.37 - - [29/Sep/2025:09:10:03 +0800] "GET /eHR/ess/redirect.php?scriptname=assistant_leave_apply_search&dept_seqno=3936&flowstatus=02&whoami=admin HTTP/1.1" 200 59890 "http://192.168.1.83:8088/eHR/ess/redirect.php?scriptname=ESNF000&appdesc=%E6%B5%81%E7%A8%8B%E7%AE%A1%E7%90%86" "Mozilla/4.0 (compatible; MSIE 7.0; Windows NT 10.0; WOW64; Trident/7.0; .NET4.0C; .NET4.0E)"
192.168.11.37 - - [29/Sep/2025:09:10:03 +0800] "GET /eHR/ess/redirect.php?scriptname=assistant_leave_apply_search&dept_seqno=3936&flowstatus=02&whoami=admin HTTP/1.1" 200 59890
192.168.11.37 - - [29/Sep/2025:09:10:06 +0800] "GET /eHR/ess/redirect.php?scriptname=ESNF000&appdesc=%E6%B5%81%E7%A8%8B%E7%AE%A1%E7%90%86 HTTP/1.1" 200 32149 "http://192.168.1.83:8088/eHR/ess/redirect.php" "Mozilla/4.0 (compatible; MSIE 7.0; Windows NT 10.0; WOW64; Trident/7.0; .NET4.0C; .NET4.0E)"
192.168.11.37 - - [29/Sep/2025:09:10:06 +0800] "GET /eHR/ess/redirect.php?scriptname=ESNF000&appdesc=%E6%B5%81%E7%A8%8B%E7%AE%A1%E7%90%86 HTTP/1.1" 200 32149
192.168.11.37 - - [29/Sep/2025:09:10:12 +0800] "GET /eHR/ess/redirect.php?scriptname=assistant_leave_apply_search&dept_seqno=4145&flowstatus=01&whoami=admin HTTP/1.1" 200 58699 "http://192.168.1.83:8088/eHR/ess/redirect.php?scriptname=ESNF000&appdesc=%E6%B5%81%E7%A8%8B%E7%AE%A1%E7%90%86" "Mozilla/4.0 (compatible; MSIE 7.0; Windows NT 10.0; WOW64; Trident/7.0; .NET4.0C; .NET4.0E)"
192.168.11.37 - - [29/Sep/2025:09:10:12 +0800] "GET /eHR/ess/redirect.php?scriptname=assistant_leave_apply_search&dept_seqno=4145&flowstatus=01&whoami=admin HTTP/1.1" 200 58699
192.168.11.37 - - [29/Sep/2025:09:10:13 +0800] "GET /eHR/css/jqueryui/themes/redmond/images/ui-icons_2e83ff_256x240.png HTTP/1.1" 200 4369 "http://192.168.1.83:8088/eHR/ess/redirect.php?scriptname=assistant_leave_apply_search&dept_seqno=4145&flowstatus=01&whoami=admin" "Mozilla/4.0 (compatible; MSIE 7.0; Windows NT 10.0; WOW64; Trident/7.0; .NET4.0C; .NET4.0E)"
192.168.11.37 - - [29/Sep/2025:09:10:13 +0800] "GET /eHR/css/jqueryui/themes/redmond/images/ui-icons_2e83ff_256x240.png HTTP/1.1" 200 4369
192.168.11.37 - - [29/Sep/2025:09:10:15 +0800] "GET /eHR/ess/redirect.php?scriptname=ESNF000&appdesc=%E6%B5%81%E7%A8%8B%E7%AE%A1%E7%90%86 HTTP/1.1" 200 32149 "http://192.168.1.83:8088/eHR/ess/redirect.php" "Mozilla/4.0 (compatible; MSIE 7.0; Windows NT 10.0; WOW64; Trident/7.0; .NET4.0C; .NET4.0E)"
192.168.11.37 - - [29/Sep/2025:09:10:15 +0800] "GET /eHR/ess/redirect.php?scriptname=ESNF000&appdesc=%E6%B5%81%E7%A8%8B%E7%AE%A1%E7%90%86 HTTP/1.1" 200 32149
192.168.11.37 - - [29/Sep/2025:09:10:21 +0800] "GET /eHR/ess/redirect.php?scriptname=assistant_leave_apply_search&dept_seqno=3969&flowstatus=01&whoami=admin HTTP/1.1" 200 61030 "http://192.168.1.83:8088/eHR/ess/redirect.php?scriptname=ESNF000&appdesc=%E6%B5%81%E7%A8%8B%E7%AE%A1%E7%90%86" "Mozilla/4.0 (compatible; MSIE 7.0; Windows NT 10.0; WOW64; Trident/7.0; .NET4.0C; .NET4.0E)"
192.168.11.37 - - [29/Sep/2025:09:10:21 +0800] "GET /eHR/ess/redirect.php?scriptname=assistant_leave_apply_search&dept_seqno=3969&flowstatus=01&whoami=admin HTTP/1.1" 200 61030
192.168.11.37 - - [29/Sep/2025:09:10:46 +0800] "GET /eHR/ess/redirect.php?scriptname=ESNF000&appdesc=%E6%B5%81%E7%A8%8B%E7%AE%A1%E7%90%86 HTTP/1.1" 200 32149 "http://192.168.1.83:8088/eHR/ess/redirect.php" "Mozilla/4.0 (compatible; MSIE 7.0; Windows NT 10.0; WOW64; Trident/7.0; .NET4.0C; .NET4.0E)"
192.168.11.37 - - [29/Sep/2025:09:10:46 +0800] "GET /eHR/ess/redirect.php?scriptname=ESNF000&appdesc=%E6%B5%81%E7%A8%8B%E7%AE%A1%E7%90%86 HTTP/1.1" 200 32149
192.168.11.37 - - [29/Sep/2025:09:11:04 +0800] "GET /eHR/ess/redirect.php?scriptname=assistant_leave_apply_search&dept_seqno=4145&flowstatus=01&whoami=admin HTTP/1.1" 200 58699 "http://192.168.1.83:8088/eHR/ess/redirect.php?scriptname=ESNF000&appdesc=%E6%B5%81%E7%A8%8B%E7%AE%A1%E7%90%86" "Mozilla/4.0 (compatible; MSIE 7.0; Windows NT 10.0; WOW64; Trident/7.0; .NET4.0C; .NET4.0E)"
192.168.11.37 - - [29/Sep/2025:09:11:04 +0800] "GET /eHR/ess/redirect.php?scriptname=assistant_leave_apply_search&dept_seqno=4145&flowstatus=01&whoami=admin HTTP/1.1" 200 58699
192.168.11.37 - - [29/Sep/2025:09:11:06 +0800] "GET /eHR/ess/redirect.php?scriptname=ESNF000&appdesc=%E6%B5%81%E7%A8%8B%E7%AE%A1%E7%90%86 HTTP/1.1" 200 32149 "http://192.168.1.83:8088/eHR/ess/redirect.php" "Mozilla/4.0 (compatible; MSIE 7.0; Windows NT 10.0; WOW64; Trident/7.0; .NET4.0C; .NET4.0E)"
192.168.11.37 - - [29/Sep/2025:09:11:06 +0800] "GET /eHR/ess/redirect.php?scriptname=ESNF000&appdesc=%E6%B5%81%E7%A8%8B%E7%AE%A1%E7%90%86 HTTP/1.1" 200 32149
192.168.11.37 - - [29/Sep/2025:09:11:10 +0800] "GET /eHR/ess/redirect.php?scriptname=assistant_leave_apply_search&dept_seqno=4374&flowstatus=02&whoami=admin HTTP/1.1" 200 59905 "http://192.168.1.83:8088/eHR/ess/redirect.php?scriptname=ESNF000&appdesc=%E6%B5%81%E7%A8%8B%E7%AE%A1%E7%90%86" "Mozilla/4.0 (compatible; MSIE 7.0; Windows NT 10.0; WOW64; Trident/7.0; .NET4.0C; .NET4.0E)"
192.168.11.37 - - [29/Sep/2025:09:11:10 +0800] "GET /eHR/ess/redirect.php?scriptname=assistant_leave_apply_search&dept_seqno=4374&flowstatus=02&whoami=admin HTTP/1.1" 200 59905
192.168.11.37 - - [29/Sep/2025:09:11:44 +0800] "GET /eHR/ess/redirect.php?scriptname=ESNF000&appdesc=%E6%B5%81%E7%A8%8B%E7%AE%A1%E7%90%86 HTTP/1.1" 200 32149 "http://192.168.1.83:8088/eHR/ess/redirect.php" "Mozilla/4.0 (compatible; MSIE 7.0; Windows NT 10.0; WOW64; Trident/7.0; .NET4.0C; .NET4.0E)"
192.168.11.37 - - [29/Sep/2025:09:11:44 +0800] "GET /eHR/ess/redirect.php?scriptname=ESNF000&appdesc=%E6%B5%81%E7%A8%8B%E7%AE%A1%E7%90%86 HTTP/1.1" 200 32149
192.168.11.37 - - [29/Sep/2025:09:12:12 +0800] "GET /eHR/ess/redirect.php?scriptname=assistant_leave_apply_search&dept_seqno=3936&flowstatus=02&whoami=admin HTTP/1.1" 200 59890 "http://192.168.1.83:8088/eHR/ess/redirect.php?scriptname=ESNF000&appdesc=%E6%B5%81%E7%A8%8B%E7%AE%A1%E7%90%86" "Mozilla/4.0 (compatible; MSIE 7.0; Windows NT 10.0; WOW64; Trident/7.0; .NET4.0C; .NET4.0E)"
192.168.11.37 - - [29/Sep/2025:09:12:12 +0800] "GET /eHR/ess/redirect.php?scriptname=assistant_leave_apply_search&dept_seqno=3936&flowstatus=02&whoami=admin HTTP/1.1" 200 59890
192.168.11.37 - - [29/Sep/2025:09:12:15 +0800] "GET /eHR/ess/redirect.php?scriptname=ESNF000&appdesc=%E6%B5%81%E7%A8%8B%E7%AE%A1%E7%90%86 HTTP/1.1" 200 32149 "http://192.168.1.83:8088/eHR/ess/redirect.php" "Mozilla/4.0 (compatible; MSIE 7.0; Windows NT 10.0; WOW64; Trident/7.0; .NET4.0C; .NET4.0E)"
192.168.11.37 - - [29/Sep/2025:09:12:15 +0800] "GET /eHR/ess/redirect.php?scriptname=ESNF000&appdesc=%E6%B5%81%E7%A8%8B%E7%AE%A1%E7%90%86 HTTP/1.1" 200 32149
192.168.11.37 - - [29/Sep/2025:09:12:16 +0800] "GET /eHR/ess/redirect.php?scriptname=ESNH000 HTTP/1.1" 200 10096 "http://192.168.1.83:8088/eHR/ess/redirect.php" "Mozilla/4.0 (compatible; MSIE 7.0; Windows NT 10.0; WOW64; Trident/7.0; .NET4.0C; .NET4.0E)"
192.168.11.37 - - [29/Sep/2025:09:12:16 +0800] "GET /eHR/ess/redirect.php?scriptname=ESNH000 HTTP/1.1" 200 10096
192.168.11.37 - - [29/Sep/2025:09:12:20 +0800] "GET /eHR/ess/redirect.php?scriptname=ESNF000&appdesc=%E6%B5%81%E7%A8%8B%E7%AE%A1%E7%90%86 HTTP/1.1" 200 32149 "http://192.168.1.83:8088/eHR/ess/redirect.php" "Mozilla/4.0 (compatible; MSIE 7.0; Windows NT 10.0; WOW64; Trident/7.0; .NET4.0C; .NET4.0E)"
192.168.11.37 - - [29/Sep/2025:09:12:20 +0800] "GET /eHR/ess/redirect.php?scriptname=ESNF000&appdesc=%E6%B5%81%E7%A8%8B%E7%AE%A1%E7%90%86 HTTP/1.1" 200 32149
192.168.11.37 - - [29/Sep/2025:09:12:24 +0800] "GET /eHR/ess/redirect.php?scriptname=assistant_leave_apply_search&dept_seqno=4415&flowstatus=01&whoami=admin HTTP/1.1" 200 61032 "http://192.168.1.83:8088/eHR/ess/redirect.php?scriptname=ESNF000&appdesc=%E6%B5%81%E7%A8%8B%E7%AE%A1%E7%90%86" "Mozilla/4.0 (compatible; MSIE 7.0; Windows NT 10.0; WOW64; Trident/7.0; .NET4.0C; .NET4.0E)"
192.168.11.37 - - [29/Sep/2025:09:12:24 +0800] "GET /eHR/ess/redirect.php?scriptname=assistant_leave_apply_search&dept_seqno=4415&flowstatus=01&whoami=admin HTTP/1.1" 200 61032
192.168.11.37 - - [29/Sep/2025:09:12:28 +0800] "GET /eHR/ess/redirect.php?scriptname=ESNF000&appdesc=%E6%B5%81%E7%A8%8B%E7%AE%A1%E7%90%86 HTTP/1.1" 200 32149 "http://192.168.1.83:8088/eHR/ess/redirect.php" "Mozilla/4.0 (compatible; MSIE 7.0; Windows NT 10.0; WOW64; Trident/7.0; .NET4.0C; .NET4.0E)"
192.168.11.37 - - [29/Sep/2025:09:12:28 +0800] "GET /eHR/ess/redirect.php?scriptname=ESNF000&appdesc=%E6%B5%81%E7%A8%8B%E7%AE%A1%E7%90%86 HTTP/1.1" 200 32149
192.168.11.37 - - [29/Sep/2025:09:12:32 +0800] "GET /eHR/ess/redirect.php?scriptname=assistant_leave_apply_search&dept_seqno=3923&flowstatus=01&whoami=admin HTTP/1.1" 200 59892 "http://192.168.1.83:8088/eHR/ess/redirect.php?scriptname=ESNF000&appdesc=%E6%B5%81%E7%A8%8B%E7%AE%A1%E7%90%86" "Mozilla/4.0 (compatible; MSIE 7.0; Windows NT 10.0; WOW64; Trident/7.0; .NET4.0C; .NET4.0E)"
192.168.11.37 - - [29/Sep/2025:09:12:32 +0800] "GET /eHR/ess/redirect.php?scriptname=assistant_leave_apply_search&dept_seqno=3923&flowstatus=01&whoami=admin HTTP/1.1" 200 59892
