192.168.11.178 - - [24/Oct/2025:08:49:22 +0800] "POST /eHR/ess/redirect.php?scriptname=ESNE003&appdesc=%E6%89%B9%E9%87%8F%E5%8A%A0%E7%8F%AD%E6%9F%A5%E8%AF%A2 HTTP/1.1" 200 167655 "http://192.168.1.83:8088/eHR/ess/redirect.php?scriptname=ESNE003&appdesc=%E6%89%B9%E9%87%8F%E5%8A%A0%E7%8F%AD%E6%9F%A5%E8%AF%A2" "Mozilla/5.0 (Windows NT 6.2; Win64; x64) AppleWebKit/537.36 (KHTML, like Gecko) Chrome/105.0.0.0 Safari/537.36"
192.168.11.178 - - [24/Oct/2025:08:49:22 +0800] "POST /eHR/ess/redirect.php?scriptname=ESNE003&appdesc=%E6%89%B9%E9%87%8F%E5%8A%A0%E7%8F%AD%E6%9F%A5%E8%AF%A2 HTTP/1.1" 200 167655
192.168.11.132 - - [24/Oct/2025:08:49:25 +0800] "POST /eHR/ess/redirect.php?scriptname=emp_lov&openW=Y&rand=0.9979501083175237 HTTP/1.1" 200 28156 "http://192.168.1.83:8088/eHR/ess/redirect.php?scriptname=emp_lov&openW=Y&rand=0.9979501083175237" "Mozilla/5.0 (Windows NT 10.0; Win64; x64; rv:144.0) Gecko/20100101 Firefox/144.0"
192.168.11.132 - - [24/Oct/2025:08:49:25 +0800] "POST /eHR/ess/redirect.php?scriptname=emp_lov&openW=Y&rand=0.9979501083175237 HTTP/1.1" 200 28156
192.168.11.132 - - [24/Oct/2025:08:49:55 +0800] "POST /eHR/ess/redirect.php?scriptname=ESNE001&appdesc=%E6%89%B9%E9%87%8F%E5%8A%A0%E7%8F%AD%E7%94%B3%E8%AF%B7 HTTP/1.1" 200 4068 "http://192.168.1.83:8088/eHR/ess/redirect.php?scriptname=ESNE001&appdesc=%E6%89%B9%E9%87%8F%E5%8A%A0%E7%8F%AD%E7%94%B3%E8%AF%B7" "Mozilla/5.0 (Windows NT 10.0; Win64; x64; rv:144.0) Gecko/20100101 Firefox/144.0"
192.168.11.132 - - [24/Oct/2025:08:49:55 +0800] "POST /eHR/ess/redirect.php?scriptname=ESNE001&appdesc=%E6%89%B9%E9%87%8F%E5%8A%A0%E7%8F%AD%E7%94%B3%E8%AF%B7 HTTP/1.1" 200 4068
192.168.11.132 - - [24/Oct/2025:08:49:56 +0800] "GET /eHR/img/Y.png HTTP/1.1" 200 1084 "http://192.168.1.83:8088/eHR/ess/redirect.php?scriptname=ESNE001&appdesc=%E6%89%B9%E9%87%8F%E5%8A%A0%E7%8F%AD%E7%94%B3%E8%AF%B7" "Mozilla/5.0 (Windows NT 10.0; Win64; x64; rv:144.0) Gecko/20100101 Firefox/144.0"
192.168.11.132 - - [24/Oct/2025:08:49:56 +0800] "GET /eHR/img/Y.png HTTP/1.1" 200 1084
192.168.11.132 - - [24/Oct/2025:08:49:56 +0800] "GET /eHR/css/jqueryui/themes/redmond/images/ui-icons_2e83ff_256x240.png HTTP/1.1" 200 4369 "http://192.168.1.83:8088/eHR/css/jqueryui/themes/redmond/jquery.ui.theme.css" "Mozilla/5.0 (Windows NT 10.0; Win64; x64; rv:144.0) Gecko/20100101 Firefox/144.0"
192.168.11.132 - - [24/Oct/2025:08:49:56 +0800] "GET /eHR/css/jqueryui/themes/redmond/images/ui-icons_2e83ff_256x240.png HTTP/1.1" 200 4369
192.168.11.132 - - [24/Oct/2025:08:50:07 +0800] "GET /eHR/ess/redirect.php?scriptname=ESNE001&appdesc=%E6%89%B9%E9%87%8F%E5%8A%A0%E7%8F%AD%E7%94%B3%E8%AF%B7 HTTP/1.1" 200 15271 "http://192.168.1.83:8088/eHR/ess/redirect.php" "Mozilla/5.0 (Windows NT 10.0; Win64; x64; rv:144.0) Gecko/20100101 Firefox/144.0"
192.168.11.132 - - [24/Oct/2025:08:50:07 +0800] "GET /eHR/ess/redirect.php?scriptname=ESNE001&appdesc=%E6%89%B9%E9%87%8F%E5%8A%A0%E7%8F%AD%E7%94%B3%E8%AF%B7 HTTP/1.1" 200 15271
192.168.11.132 - - [24/Oct/2025:08:50:20 +0800] "GET /eHR/ess/redirect.php?scriptname=emp_lov&openW=Y&rand=0.20003253366403584 HTTP/1.1" 200 8988 "http://192.168.1.83:8088/eHR/ess/redirect.php?scriptname=ESNE001&appdesc=%E6%89%B9%E9%87%8F%E5%8A%A0%E7%8F%AD%E7%94%B3%E8%AF%B7" "Mozilla/5.0 (Windows NT 10.0; Win64; x64; rv:144.0) Gecko/20100101 Firefox/144.0"
192.168.11.132 - - [24/Oct/2025:08:50:20 +0800] "GET /eHR/ess/redirect.php?scriptname=emp_lov&openW=Y&rand=0.20003253366403584 HTTP/1.1" 200 8988
192.168.11.132 - - [24/Oct/2025:08:50:22 +0800] "GET /eHR/img/layout/resizable-w.gif HTTP/1.1" 200 368 "http://192.168.1.83:8088/eHR/css/layout/layout.min.css" "Mozilla/5.0 (Windows NT 10.0; Win64; x64; rv:144.0) Gecko/20100101 Firefox/144.0"
192.168.11.132 - - [24/Oct/2025:08:50:22 +0800] "GET /eHR/img/layout/resizable-w.gif HTTP/1.1" 200 368
192.168.11.132 - - [24/Oct/2025:08:50:23 +0800] "POST /eHR/ess/redirect.php?scriptname=emp_lov&openW=Y&rand=0.20003253366403584 HTTP/1.1" 200 28156 "http://192.168.1.83:8088/eHR/ess/redirect.php?scriptname=emp_lov&openW=Y&rand=0.20003253366403584" "Mozilla/5.0 (Windows NT 10.0; Win64; x64; rv:144.0) Gecko/20100101 Firefox/144.0"
192.168.11.132 - - [24/Oct/2025:08:50:23 +0800] "POST /eHR/ess/redirect.php?scriptname=emp_lov&openW=Y&rand=0.20003253366403584 HTTP/1.1" 200 28156
192.168.11.64 - - [24/Oct/2025:08:50:56 +0800] "GET /eHR/ess/index.php?action=logout HTTP/1.1" 200 8826 "-" "Mozilla/5.0 (Windows NT 6.1; Win64; x64) AppleWebKit/537.36 (KHTML, like Gecko) Chrome/105.0.0.0 Safari/537.36"
192.168.11.64 - - [24/Oct/2025:08:50:56 +0800] "GET /eHR/ess/index.php?action=logout HTTP/1.1" 200 8826
192.168.11.64 - - [24/Oct/2025:08:50:59 +0800] "POST /eHR/ess/includes/login.php HTTP/1.1" 302 - "http://192.168.1.83:8088/eHR/ess/index.php?action=logout" "Mozilla/5.0 (Windows NT 6.1; Win64; x64) AppleWebKit/537.36 (KHTML, like Gecko) Chrome/105.0.0.0 Safari/537.36"
192.168.11.64 - - [24/Oct/2025:08:50:59 +0800] "POST /eHR/ess/includes/login.php HTTP/1.1" 302 -
192.168.11.64 - - [24/Oct/2025:08:51:05 +0800] "GET /eHR/ess/redirect.php HTTP/1.1" 200 8929 "http://192.168.1.83:8088/eHR/ess/index.php?action=logout" "Mozilla/5.0 (Windows NT 6.1; Win64; x64) AppleWebKit/537.36 (KHTML, like Gecko) Chrome/105.0.0.0 Safari/537.36"
192.168.11.64 - - [24/Oct/2025:08:51:05 +0800] "GET /eHR/ess/redirect.php HTTP/1.1" 200 8929
192.168.11.132 - - [24/Oct/2025:08:51:04 +0800] "POST /eHR/ess/redirect.php?scriptname=ESNE001&appdesc=%E6%89%B9%E9%87%8F%E5%8A%A0%E7%8F%AD%E7%94%B3%E8%AF%B7 HTTP/1.1" 200 4487 "http://192.168.1.83:8088/eHR/ess/redirect.php?scriptname=ESNE001&appdesc=%E6%89%B9%E9%87%8F%E5%8A%A0%E7%8F%AD%E7%94%B3%E8%AF%B7" "Mozilla/5.0 (Windows NT 10.0; Win64; x64; rv:144.0) Gecko/20100101 Firefox/144.0"
192.168.11.132 - - [24/Oct/2025:08:51:04 +0800] "POST /eHR/ess/redirect.php?scriptname=ESNE001&appdesc=%E6%89%B9%E9%87%8F%E5%8A%A0%E7%8F%AD%E7%94%B3%E8%AF%B7 HTTP/1.1" 200 4487
192.168.11.64 - - [24/Oct/2025:08:51:06 +0800] "GET /eHR/ess/redirect.php?scriptname=ESNH000 HTTP/1.1" 200 9866 "http://192.168.1.83:8088/eHR/ess/redirect.php" "Mozilla/5.0 (Windows NT 6.1; Win64; x64) AppleWebKit/537.36 (KHTML, like Gecko) Chrome/105.0.0.0 Safari/537.36"
192.168.11.64 - - [24/Oct/2025:08:51:06 +0800] "GET /eHR/ess/redirect.php?scriptname=ESNH000 HTTP/1.1" 200 9866
192.168.11.64 - - [24/Oct/2025:08:51:12 +0800] "GET /eHR/ess/redirect.php?scriptname=ESNE002&appdesc=%E6%89%B9%E9%87%8F%E8%AF%B7%E5%81%87%E7%94%B3%E8%AF%B7 HTTP/1.1" 200 22190 "http://192.168.1.83:8088/eHR/ess/redirect.php" "Mozilla/5.0 (Windows NT 6.1; Win64; x64) AppleWebKit/537.36 (KHTML, like Gecko) Chrome/105.0.0.0 Safari/537.36"
192.168.11.64 - - [24/Oct/2025:08:51:12 +0800] "GET /eHR/ess/redirect.php?scriptname=ESNE002&appdesc=%E6%89%B9%E9%87%8F%E8%AF%B7%E5%81%87%E7%94%B3%E8%AF%B7 HTTP/1.1" 200 22190
192.168.11.132 - - [24/Oct/2025:08:51:13 +0800] "GET /eHR/ess/redirect.php?scriptname=ESNE001&appdesc=%E6%89%B9%E9%87%8F%E5%8A%A0%E7%8F%AD%E7%94%B3%E8%AF%B7 HTTP/1.1" 200 15271 "http://192.168.1.83:8088/eHR/ess/redirect.php" "Mozilla/5.0 (Windows NT 10.0; Win64; x64; rv:144.0) Gecko/20100101 Firefox/144.0"
192.168.11.132 - - [24/Oct/2025:08:51:13 +0800] "GET /eHR/ess/redirect.php?scriptname=ESNE001&appdesc=%E6%89%B9%E9%87%8F%E5%8A%A0%E7%8F%AD%E7%94%B3%E8%AF%B7 HTTP/1.1" 200 15271
192.168.11.151 - - [24/Oct/2025:08:51:14 +0800] "GET /eHR/ess/redirect.php?scriptname=emp_lov&openW=Y&rand=0.32026410320940024 HTTP/1.1" 200 8468 "http://192.168.1.83:8088/eHR/ess/redirect.php?scriptname=ESNE001&appdesc=%E6%89%B9%E9%87%8F%E5%8A%A0%E7%8F%AD%E7%94%B3%E8%AF%B7" "Mozilla/5.0 (Windows NT 6.2; Win64; x64) AppleWebKit/537.36 (KHTML, like Gecko) Chrome/105.0.0.0 Safari/537.36"
192.168.11.151 - - [24/Oct/2025:08:51:14 +0800] "GET /eHR/ess/redirect.php?scriptname=emp_lov&openW=Y&rand=0.32026410320940024 HTTP/1.1" 200 8468
192.168.11.151 - - [24/Oct/2025:08:51:16 +0800] "POST /eHR/ess/redirect.php?scriptname=emp_lov&openW=Y&rand=0.32026410320940024 HTTP/1.1" 200 15208 "http://192.168.1.83:8088/eHR/ess/redirect.php?scriptname=emp_lov&openW=Y&rand=0.32026410320940024" "Mozilla/5.0 (Windows NT 6.2; Win64; x64) AppleWebKit/537.36 (KHTML, like Gecko) Chrome/105.0.0.0 Safari/537.36"
192.168.11.151 - - [24/Oct/2025:08:51:16 +0800] "POST /eHR/ess/redirect.php?scriptname=emp_lov&openW=Y&rand=0.32026410320940024 HTTP/1.1" 200 15208
192.168.11.132 - - [24/Oct/2025:08:51:31 +0800] "GET /eHR/ess/redirect.php?scriptname=emp_lov&openW=Y&rand=0.26287617105611627 HTTP/1.1" 200 8988 "http://192.168.1.83:8088/eHR/ess/redirect.php?scriptname=ESNE001&appdesc=%E6%89%B9%E9%87%8F%E5%8A%A0%E7%8F%AD%E7%94%B3%E8%AF%B7" "Mozilla/5.0 (Windows NT 10.0; Win64; x64; rv:144.0) Gecko/20100101 Firefox/144.0"
192.168.11.132 - - [24/Oct/2025:08:51:31 +0800] "GET /eHR/ess/redirect.php?scriptname=emp_lov&openW=Y&rand=0.26287617105611627 HTTP/1.1" 200 8988
192.168.11.151 - - [24/Oct/2025:08:51:32 +0800] "POST /eHR/ess/redirect.php?scriptname=ESNE001&appdesc=%E6%89%B9%E9%87%8F%E5%8A%A0%E7%8F%AD%E7%94%B3%E8%AF%B7 HTTP/1.1" 200 4073 "http://192.168.1.83:8088/eHR/ess/redirect.php?scriptname=ESNE001&appdesc=%E6%89%B9%E9%87%8F%E5%8A%A0%E7%8F%AD%E7%94%B3%E8%AF%B7" "Mozilla/5.0 (Windows NT 6.2; Win64; x64) AppleWebKit/537.36 (KHTML, like Gecko) Chrome/105.0.0.0 Safari/537.36"
192.168.11.151 - - [24/Oct/2025:08:51:32 +0800] "POST /eHR/ess/redirect.php?scriptname=ESNE001&appdesc=%E6%89%B9%E9%87%8F%E5%8A%A0%E7%8F%AD%E7%94%B3%E8%AF%B7 HTTP/1.1" 200 4073
192.168.11.151 - - [24/Oct/2025:08:51:35 +0800] "GET /eHR/ess/redirect.php?scriptname=ESNE001&appdesc=%E6%89%B9%E9%87%8F%E5%8A%A0%E7%8F%AD%E7%94%B3%E8%AF%B7 HTTP/1.1" 200 15271 "http://192.168.1.83:8088/eHR/ess/redirect.php" "Mozilla/5.0 (Windows NT 6.2; Win64; x64) AppleWebKit/537.36 (KHTML, like Gecko) Chrome/105.0.0.0 Safari/537.36"
192.168.11.151 - - [24/Oct/2025:08:51:35 +0800] "GET /eHR/ess/redirect.php?scriptname=ESNE001&appdesc=%E6%89%B9%E9%87%8F%E5%8A%A0%E7%8F%AD%E7%94%B3%E8%AF%B7 HTTP/1.1" 200 15271
192.168.11.132 - - [24/Oct/2025:08:51:33 +0800] "POST /eHR/ess/redirect.php?scriptname=emp_lov&openW=Y&rand=0.26287617105611627 HTTP/1.1" 200 28156 "http://192.168.1.83:8088/eHR/ess/redirect.php?scriptname=emp_lov&openW=Y&rand=0.26287617105611627" "Mozilla/5.0 (Windows NT 10.0; Win64; x64; rv:144.0) Gecko/20100101 Firefox/144.0"
192.168.11.132 - - [24/Oct/2025:08:51:33 +0800] "POST /eHR/ess/redirect.php?scriptname=emp_lov&openW=Y&rand=0.26287617105611627 HTTP/1.1" 200 28156
192.168.11.64 - - [24/Oct/2025:08:51:47 +0800] "GET /eHR/ess/redirect.php?scriptname=ESNE002&appdesc=%E6%89%B9%E9%87%8F%E8%AF%B7%E5%81%87%E7%94%B3%E8%AF%B7 HTTP/1.1" 200 22190 "http://192.168.1.83:8088/eHR/ess/redirect.php" "Mozilla/5.0 (Windows NT 6.1; Win64; x64) AppleWebKit/537.36 (KHTML, like Gecko) Chrome/105.0.0.0 Safari/537.36"
192.168.11.64 - - [24/Oct/2025:08:51:47 +0800] "GET /eHR/ess/redirect.php?scriptname=ESNE002&appdesc=%E6%89%B9%E9%87%8F%E8%AF%B7%E5%81%87%E7%94%B3%E8%AF%B7 HTTP/1.1" 200 22190
192.168.11.132 - - [24/Oct/2025:08:51:48 +0800] "POST /eHR/ess/redirect.php?scriptname=ESNE001&appdesc=%E6%89%B9%E9%87%8F%E5%8A%A0%E7%8F%AD%E7%94%B3%E8%AF%B7 HTTP/1.1" 200 4280 "http://192.168.1.83:8088/eHR/ess/redirect.php?scriptname=ESNE001&appdesc=%E6%89%B9%E9%87%8F%E5%8A%A0%E7%8F%AD%E7%94%B3%E8%AF%B7" "Mozilla/5.0 (Windows NT 10.0; Win64; x64; rv:144.0) Gecko/20100101 Firefox/144.0"
192.168.11.132 - - [24/Oct/2025:08:51:48 +0800] "POST /eHR/ess/redirect.php?scriptname=ESNE001&appdesc=%E6%89%B9%E9%87%8F%E5%8A%A0%E7%8F%AD%E7%94%B3%E8%AF%B7 HTTP/1.1" 200 4280
192.168.11.132 - - [24/Oct/2025:08:51:55 +0800] "GET /eHR/ess/redirect.php?scriptname=ESNE001&appdesc=%E6%89%B9%E9%87%8F%E5%8A%A0%E7%8F%AD%E7%94%B3%E8%AF%B7 HTTP/1.1" 200 15271 "http://192.168.1.83:8088/eHR/ess/redirect.php" "Mozilla/5.0 (Windows NT 10.0; Win64; x64; rv:144.0) Gecko/20100101 Firefox/144.0"
192.168.11.132 - - [24/Oct/2025:08:51:55 +0800] "GET /eHR/ess/redirect.php?scriptname=ESNE001&appdesc=%E6%89%B9%E9%87%8F%E5%8A%A0%E7%8F%AD%E7%94%B3%E8%AF%B7 HTTP/1.1" 200 15271
192.168.11.64 - - [24/Oct/2025:08:52:04 +0800] "GET /eHR/ess/redirect.php?scriptname=emp_lov&openW=Y&rand=0.644208738041907 HTTP/1.1" 200 13560 "http://192.168.1.83:8088/eHR/ess/redirect.php?scriptname=ESNE002&appdesc=%E6%89%B9%E9%87%8F%E8%AF%B7%E5%81%87%E7%94%B3%E8%AF%B7" "Mozilla/5.0 (Windows NT 6.1; Win64; x64) AppleWebKit/537.36 (KHTML, like Gecko) Chrome/105.0.0.0 Safari/537.36"
192.168.11.64 - - [24/Oct/2025:08:52:04 +0800] "GET /eHR/ess/redirect.php?scriptname=emp_lov&openW=Y&rand=0.644208738041907 HTTP/1.1" 200 13560
192.168.11.132 - - [24/Oct/2025:08:52:08 +0800] "GET /eHR/ess/redirect.php?scriptname=emp_lov&openW=Y&rand=0.07796450734037919 HTTP/1.1" 200 8988 "http://192.168.1.83:8088/eHR/ess/redirect.php?scriptname=ESNE001&appdesc=%E6%89%B9%E9%87%8F%E5%8A%A0%E7%8F%AD%E7%94%B3%E8%AF%B7" "Mozilla/5.0 (Windows NT 10.0; Win64; x64; rv:144.0) Gecko/20100101 Firefox/144.0"
192.168.11.132 - - [24/Oct/2025:08:52:08 +0800] "GET /eHR/ess/redirect.php?scriptname=emp_lov&openW=Y&rand=0.07796450734037919 HTTP/1.1" 200 8988
192.168.11.64 - - [24/Oct/2025:08:52:11 +0800] "POST /eHR/ess/redirect.php?scriptname=emp_lov&openW=Y&rand=0.644208738041907 HTTP/1.1" 200 15735 "http://192.168.1.83:8088/eHR/ess/redirect.php?scriptname=emp_lov&openW=Y&rand=0.644208738041907" "Mozilla/5.0 (Windows NT 6.1; Win64; x64) AppleWebKit/537.36 (KHTML, like Gecko) Chrome/105.0.0.0 Safari/537.36"
192.168.11.64 - - [24/Oct/2025:08:52:11 +0800] "POST /eHR/ess/redirect.php?scriptname=emp_lov&openW=Y&rand=0.644208738041907 HTTP/1.1" 200 15735
192.168.11.132 - - [24/Oct/2025:08:52:10 +0800] "POST /eHR/ess/redirect.php?scriptname=emp_lov&openW=Y&rand=0.07796450734037919 HTTP/1.1" 200 28156 "http://192.168.1.83:8088/eHR/ess/redirect.php?scriptname=emp_lov&openW=Y&rand=0.07796450734037919" "Mozilla/5.0 (Windows NT 10.0; Win64; x64; rv:144.0) Gecko/20100101 Firefox/144.0"
192.168.11.132 - - [24/Oct/2025:08:52:10 +0800] "POST /eHR/ess/redirect.php?scriptname=emp_lov&openW=Y&rand=0.07796450734037919 HTTP/1.1" 200 28156
192.168.11.151 - - [24/Oct/2025:08:52:18 +0800] "GET /eHR/ess/redirect.php?scriptname=emp_lov&openW=Y&rand=0.5236596582105184 HTTP/1.1" 200 8468 "http://192.168.1.83:8088/eHR/ess/redirect.php?scriptname=ESNE001&appdesc=%E6%89%B9%E9%87%8F%E5%8A%A0%E7%8F%AD%E7%94%B3%E8%AF%B7" "Mozilla/5.0 (Windows NT 6.2; Win64; x64) AppleWebKit/537.36 (KHTML, like Gecko) Chrome/105.0.0.0 Safari/537.36"
192.168.11.151 - - [24/Oct/2025:08:52:18 +0800] "GET /eHR/ess/redirect.php?scriptname=emp_lov&openW=Y&rand=0.5236596582105184 HTTP/1.1" 200 8468
192.168.11.64 - - [24/Oct/2025:08:52:21 +0800] "POST /eHR/ess/redirect.php?scriptname=ESNE002&appdesc=%E6%89%B9%E9%87%8F%E8%AF%B7%E5%81%87%E7%94%B3%E8%AF%B7 HTTP/1.1" 200 4201 "http://192.168.1.83:8088/eHR/ess/redirect.php?scriptname=ESNE002&appdesc=%E6%89%B9%E9%87%8F%E8%AF%B7%E5%81%87%E7%94%B3%E8%AF%B7" "Mozilla/5.0 (Windows NT 6.1; Win64; x64) AppleWebKit/537.36 (KHTML, like Gecko) Chrome/105.0.0.0 Safari/537.36"
192.168.11.64 - - [24/Oct/2025:08:52:21 +0800] "POST /eHR/ess/redirect.php?scriptname=ESNE002&appdesc=%E6%89%B9%E9%87%8F%E8%AF%B7%E5%81%87%E7%94%B3%E8%AF%B7 HTTP/1.1" 200 4201
192.168.11.64 - - [24/Oct/2025:08:52:23 +0800] "GET /eHR/ess/redirect.php?scriptname=ESNE002&appdesc=%E6%89%B9%E9%87%8F%E8%AF%B7%E5%81%87%E7%94%B3%E8%AF%B7 HTTP/1.1" 200 22190 "http://192.168.1.83:8088/eHR/ess/redirect.php" "Mozilla/5.0 (Windows NT 6.1; Win64; x64) AppleWebKit/537.36 (KHTML, like Gecko) Chrome/105.0.0.0 Safari/537.36"
192.168.11.64 - - [24/Oct/2025:08:52:23 +0800] "GET /eHR/ess/redirect.php?scriptname=ESNE002&appdesc=%E6%89%B9%E9%87%8F%E8%AF%B7%E5%81%87%E7%94%B3%E8%AF%B7 HTTP/1.1" 200 22190
192.168.11.64 - - [24/Oct/2025:08:52:25 +0800] "GET /eHR/ess/redirect.php?scriptname=ESNE002&appdesc=%E6%89%B9%E9%87%8F%E8%AF%B7%E5%81%87%E7%94%B3%E8%AF%B7 HTTP/1.1" 200 22190 "http://192.168.1.83:8088/eHR/ess/redirect.php" "Mozilla/5.0 (Windows NT 6.1; Win64; x64) AppleWebKit/537.36 (KHTML, like Gecko) Chrome/105.0.0.0 Safari/537.36"
192.168.11.64 - - [24/Oct/2025:08:52:25 +0800] "GET /eHR/ess/redirect.php?scriptname=ESNE002&appdesc=%E6%89%B9%E9%87%8F%E8%AF%B7%E5%81%87%E7%94%B3%E8%AF%B7 HTTP/1.1" 200 22190
192.168.11.151 - - [24/Oct/2025:08:52:21 +0800] "POST /eHR/ess/redirect.php?scriptname=emp_lov&openW=Y&rand=0.5236596582105184 HTTP/1.1" 200 15208 "http://192.168.1.83:8088/eHR/ess/redirect.php?scriptname=emp_lov&openW=Y&rand=0.5236596582105184" "Mozilla/5.0 (Windows NT 6.2; Win64; x64) AppleWebKit/537.36 (KHTML, like Gecko) Chrome/105.0.0.0 Safari/537.36"
192.168.11.151 - - [24/Oct/2025:08:52:21 +0800] "POST /eHR/ess/redirect.php?scriptname=emp_lov&openW=Y&rand=0.5236596582105184 HTTP/1.1" 200 15208
192.168.11.132 - - [24/Oct/2025:08:52:33 +0800] "POST /eHR/ess/redirect.php?scriptname=ESNE001&appdesc=%E6%89%B9%E9%87%8F%E5%8A%A0%E7%8F%AD%E7%94%B3%E8%AF%B7 HTTP/1.1" 200 4069 "http://192.168.1.83:8088/eHR/ess/redirect.php?scriptname=ESNE001&appdesc=%E6%89%B9%E9%87%8F%E5%8A%A0%E7%8F%AD%E7%94%B3%E8%AF%B7" "Mozilla/5.0 (Windows NT 10.0; Win64; x64; rv:144.0) Gecko/20100101 Firefox/144.0"
192.168.11.132 - - [24/Oct/2025:08:52:33 +0800] "POST /eHR/ess/redirect.php?scriptname=ESNE001&appdesc=%E6%89%B9%E9%87%8F%E5%8A%A0%E7%8F%AD%E7%94%B3%E8%AF%B7 HTTP/1.1" 200 4069
192.168.11.132 - - [24/Oct/2025:08:52:36 +0800] "GET /eHR/ess/redirect.php?scriptname=ESNE003&appdesc=%E6%89%B9%E9%87%8F%E5%8A%A0%E7%8F%AD%E6%9F%A5%E8%AF%A2 HTTP/1.1" 200 7921 "http://192.168.1.83:8088/eHR/ess/redirect.php" "Mozilla/5.0 (Windows NT 10.0; Win64; x64; rv:144.0) Gecko/20100101 Firefox/144.0"
192.168.11.132 - - [24/Oct/2025:08:52:36 +0800] "GET /eHR/ess/redirect.php?scriptname=ESNE003&appdesc=%E6%89%B9%E9%87%8F%E5%8A%A0%E7%8F%AD%E6%9F%A5%E8%AF%A2 HTTP/1.1" 200 7921
192.168.11.151 - - [24/Oct/2025:08:52:41 +0800] "POST /eHR/ess/redirect.php?scriptname=ESNE001&appdesc=%E6%89%B9%E9%87%8F%E5%8A%A0%E7%8F%AD%E7%94%B3%E8%AF%B7 HTTP/1.1" 200 4499 "http://192.168.1.83:8088/eHR/ess/redirect.php?scriptname=ESNE001&appdesc=%E6%89%B9%E9%87%8F%E5%8A%A0%E7%8F%AD%E7%94%B3%E8%AF%B7" "Mozilla/5.0 (Windows NT 6.2; Win64; x64) AppleWebKit/537.36 (KHTML, like Gecko) Chrome/105.0.0.0 Safari/537.36"
192.168.11.151 - - [24/Oct/2025:08:52:41 +0800] "POST /eHR/ess/redirect.php?scriptname=ESNE001&appdesc=%E6%89%B9%E9%87%8F%E5%8A%A0%E7%8F%AD%E7%94%B3%E8%AF%B7 HTTP/1.1" 200 4499
192.168.11.132 - - [24/Oct/2025:08:52:42 +0800] "POST /eHR/ess/redirect.php?scriptname=ESNE003&appdesc=%E6%89%B9%E9%87%8F%E5%8A%A0%E7%8F%AD%E6%9F%A5%E8%AF%A2 HTTP/1.1" 200 16357 "http://192.168.1.83:8088/eHR/ess/redirect.php?scriptname=ESNE003&appdesc=%E6%89%B9%E9%87%8F%E5%8A%A0%E7%8F%AD%E6%9F%A5%E8%AF%A2" "Mozilla/5.0 (Windows NT 10.0; Win64; x64; rv:144.0) Gecko/20100101 Firefox/144.0"
192.168.11.132 - - [24/Oct/2025:08:52:42 +0800] "POST /eHR/ess/redirect.php?scriptname=ESNE003&appdesc=%E6%89%B9%E9%87%8F%E5%8A%A0%E7%8F%AD%E6%9F%A5%E8%AF%A2 HTTP/1.1" 200 16357
192.168.11.132 - - [24/Oct/2025:08:52:44 +0800] "GET /eHR/img/cancel.png HTTP/1.1" 200 1230 "http://192.168.1.83:8088/eHR/ess/redirect.php?scriptname=ESNE003&appdesc=%E6%89%B9%E9%87%8F%E5%8A%A0%E7%8F%AD%E6%9F%A5%E8%AF%A2" "Mozilla/5.0 (Windows NT 10.0; Win64; x64; rv:144.0) Gecko/20100101 Firefox/144.0"
192.168.11.132 - - [24/Oct/2025:08:52:44 +0800] "GET /eHR/img/cancel.png HTTP/1.1" 200 1230
192.168.11.132 - - [24/Oct/2025:08:52:44 +0800] "GET /eHR/img/pe.png HTTP/1.1" 200 1268 "http://192.168.1.83:8088/eHR/ess/redirect.php?scriptname=ESNE003&appdesc=%E6%89%B9%E9%87%8F%E5%8A%A0%E7%8F%AD%E6%9F%A5%E8%AF%A2" "Mozilla/5.0 (Windows NT 10.0; Win64; x64; rv:144.0) Gecko/20100101 Firefox/144.0"
192.168.11.132 - - [24/Oct/2025:08:52:44 +0800] "GET /eHR/img/pe.png HTTP/1.1" 200 1268
192.168.11.151 - - [24/Oct/2025:08:52:46 +0800] "GET /eHR/ess/redirect.php?scriptname=ESNE001&appdesc=%E6%89%B9%E9%87%8F%E5%8A%A0%E7%8F%AD%E7%94%B3%E8%AF%B7 HTTP/1.1" 200 15271 "http://192.168.1.83:8088/eHR/ess/redirect.php" "Mozilla/5.0 (Windows NT 6.2; Win64; x64) AppleWebKit/537.36 (KHTML, like Gecko) Chrome/105.0.0.0 Safari/537.36"
192.168.11.151 - - [24/Oct/2025:08:52:46 +0800] "GET /eHR/ess/redirect.php?scriptname=ESNE001&appdesc=%E6%89%B9%E9%87%8F%E5%8A%A0%E7%8F%AD%E7%94%B3%E8%AF%B7 HTTP/1.1" 200 15271
192.168.11.64 - - [24/Oct/2025:08:52:50 +0800] "GET /eHR/ess/redirect.php?scriptname=ESNE001&appdesc=%E6%89%B9%E9%87%8F%E5%8A%A0%E7%8F%AD%E7%94%B3%E8%AF%B7 HTTP/1.1" 200 15271 "http://192.168.1.83:8088/eHR/ess/redirect.php" "Mozilla/5.0 (Windows NT 6.1; Win64; x64) AppleWebKit/537.36 (KHTML, like Gecko) Chrome/105.0.0.0 Safari/537.36"
192.168.11.64 - - [24/Oct/2025:08:52:50 +0800] "GET /eHR/ess/redirect.php?scriptname=ESNE001&appdesc=%E6%89%B9%E9%87%8F%E5%8A%A0%E7%8F%AD%E7%94%B3%E8%AF%B7 HTTP/1.1" 200 15271
192.168.11.64 - - [24/Oct/2025:08:52:59 +0800] "GET /eHR/ess/redirect.php?scriptname=user_excel_upload&used_program=emp_import&openW=Y&rand=0.3765116060996918 HTTP/1.1" 200 5264 "http://192.168.1.83:8088/eHR/ess/redirect.php?scriptname=ESNE001&appdesc=%E6%89%B9%E9%87%8F%E5%8A%A0%E7%8F%AD%E7%94%B3%E8%AF%B7" "Mozilla/5.0 (Windows NT 6.1; Win64; x64) AppleWebKit/537.36 (KHTML, like Gecko) Chrome/105.0.0.0 Safari/537.36"
192.168.11.64 - - [24/Oct/2025:08:52:59 +0800] "GET /eHR/ess/redirect.php?scriptname=user_excel_upload&used_program=emp_import&openW=Y&rand=0.3765116060996918 HTTP/1.1" 200 5264
192.168.11.64 - - [24/Oct/2025:08:53:07 +0800] "POST /eHR/ess/redirect.php?scriptname=user_excel_upload&used_program=emp_import&openW=Y&rand=0.3765116060996918 HTTP/1.1" 302 - "http://192.168.1.83:8088/eHR/ess/redirect.php?scriptname=user_excel_upload&used_program=emp_import&openW=Y&rand=0.3765116060996918" "Mozilla/5.0 (Windows NT 6.1; Win64; x64) AppleWebKit/537.36 (KHTML, like Gecko) Chrome/105.0.0.0 Safari/537.36"
192.168.11.64 - - [24/Oct/2025:08:53:07 +0800] "POST /eHR/ess/redirect.php?scriptname=user_excel_upload&used_program=emp_import&openW=Y&rand=0.3765116060996918 HTTP/1.1" 302 -
192.168.11.64 - - [24/Oct/2025:08:53:08 +0800] "GET /eHR/ess/redirect.php?scriptname=emp_import&id=3 HTTP/1.1" 200 4737 "http://192.168.1.83:8088/eHR/ess/redirect.php?scriptname=user_excel_upload&used_program=emp_import&openW=Y&rand=0.3765116060996918" "Mozilla/5.0 (Windows NT 6.1; Win64; x64) AppleWebKit/537.36 (KHTML, like Gecko) Chrome/105.0.0.0 Safari/537.36"
192.168.11.64 - - [24/Oct/2025:08:53:08 +0800] "GET /eHR/ess/redirect.php?scriptname=emp_import&id=3 HTTP/1.1" 200 4737
192.168.11.151 - - [24/Oct/2025:08:53:09 +0800] "GET /eHR/ess/redirect.php?scriptname=emp_lov&openW=Y&rand=0.3602405376676836 HTTP/1.1" 200 8468 "http://192.168.1.83:8088/eHR/ess/redirect.php?scriptname=ESNE001&appdesc=%E6%89%B9%E9%87%8F%E5%8A%A0%E7%8F%AD%E7%94%B3%E8%AF%B7" "Mozilla/5.0 (Windows NT 6.2; Win64; x64) AppleWebKit/537.36 (KHTML, like Gecko) Chrome/105.0.0.0 Safari/537.36"
192.168.11.151 - - [24/Oct/2025:08:53:09 +0800] "GET /eHR/ess/redirect.php?scriptname=emp_lov&openW=Y&rand=0.3602405376676836 HTTP/1.1" 200 8468
192.168.11.64 - - [24/Oct/2025:08:53:12 +0800] "POST /eHR/ess/redirect.php?scriptname=ESNE001&appdesc=%E6%89%B9%E9%87%8F%E5%8A%A0%E7%8F%AD%E7%94%B3%E8%AF%B7 HTTP/1.1" 200 4478 "http://192.168.1.83:8088/eHR/ess/redirect.php?scriptname=ESNE001&appdesc=%E6%89%B9%E9%87%8F%E5%8A%A0%E7%8F%AD%E7%94%B3%E8%AF%B7" "Mozilla/5.0 (Windows NT 6.1; Win64; x64) AppleWebKit/537.36 (KHTML, like Gecko) Chrome/105.0.0.0 Safari/537.36"
192.168.11.64 - - [24/Oct/2025:08:53:12 +0800] "POST /eHR/ess/redirect.php?scriptname=ESNE001&appdesc=%E6%89%B9%E9%87%8F%E5%8A%A0%E7%8F%AD%E7%94%B3%E8%AF%B7 HTTP/1.1" 200 4478
192.168.11.64 - - [24/Oct/2025:08:53:15 +0800] "GET /eHR/ess/redirect.php?scriptname=ESNE001&appdesc=%E6%89%B9%E9%87%8F%E5%8A%A0%E7%8F%AD%E7%94%B3%E8%AF%B7 HTTP/1.1" 200 15271 "http://192.168.1.83:8088/eHR/ess/redirect.php" "Mozilla/5.0 (Windows NT 6.1; Win64; x64) AppleWebKit/537.36 (KHTML, like Gecko) Chrome/105.0.0.0 Safari/537.36"
192.168.11.64 - - [24/Oct/2025:08:53:15 +0800] "GET /eHR/ess/redirect.php?scriptname=ESNE001&appdesc=%E6%89%B9%E9%87%8F%E5%8A%A0%E7%8F%AD%E7%94%B3%E8%AF%B7 HTTP/1.1" 200 15271
192.168.11.64 - - [24/Oct/2025:08:53:16 +0800] "GET /eHR/ess/redirect.php?scriptname=ESNE001&appdesc=%E6%89%B9%E9%87%8F%E5%8A%A0%E7%8F%AD%E7%94%B3%E8%AF%B7 HTTP/1.1" 200 15271 "http://192.168.1.83:8088/eHR/ess/redirect.php" "Mozilla/5.0 (Windows NT 6.1; Win64; x64) AppleWebKit/537.36 (KHTML, like Gecko) Chrome/105.0.0.0 Safari/537.36"
192.168.11.64 - - [24/Oct/2025:08:53:16 +0800] "GET /eHR/ess/redirect.php?scriptname=ESNE001&appdesc=%E6%89%B9%E9%87%8F%E5%8A%A0%E7%8F%AD%E7%94%B3%E8%AF%B7 HTTP/1.1" 200 15271
192.168.11.151 - - [24/Oct/2025:08:53:12 +0800] "POST /eHR/ess/redirect.php?scriptname=emp_lov&openW=Y&rand=0.3602405376676836 HTTP/1.1" 200 15208 "http://192.168.1.83:8088/eHR/ess/redirect.php?scriptname=emp_lov&openW=Y&rand=0.3602405376676836" "Mozilla/5.0 (Windows NT 6.2; Win64; x64) AppleWebKit/537.36 (KHTML, like Gecko) Chrome/105.0.0.0 Safari/537.36"
192.168.11.151 - - [24/Oct/2025:08:53:12 +0800] "POST /eHR/ess/redirect.php?scriptname=emp_lov&openW=Y&rand=0.3602405376676836 HTTP/1.1" 200 15208
192.168.11.151 - - [24/Oct/2025:08:53:26 +0800] "POST /eHR/ess/redirect.php?scriptname=ESNE001&appdesc=%E6%89%B9%E9%87%8F%E5%8A%A0%E7%8F%AD%E7%94%B3%E8%AF%B7 HTTP/1.1" 200 4081 "http://192.168.1.83:8088/eHR/ess/redirect.php?scriptname=ESNE001&appdesc=%E6%89%B9%E9%87%8F%E5%8A%A0%E7%8F%AD%E7%94%B3%E8%AF%B7" "Mozilla/5.0 (Windows NT 6.2; Win64; x64) AppleWebKit/537.36 (KHTML, like Gecko) Chrome/105.0.0.0 Safari/537.36"
192.168.11.151 - - [24/Oct/2025:08:53:26 +0800] "POST /eHR/ess/redirect.php?scriptname=ESNE001&appdesc=%E6%89%B9%E9%87%8F%E5%8A%A0%E7%8F%AD%E7%94%B3%E8%AF%B7 HTTP/1.1" 200 4081
192.168.11.151 - - [24/Oct/2025:08:53:39 +0800] "GET /eHR/ess/redirect.php?scriptname=ESNE001&appdesc=%E6%89%B9%E9%87%8F%E5%8A%A0%E7%8F%AD%E7%94%B3%E8%AF%B7 HTTP/1.1" 200 15271 "http://192.168.1.83:8088/eHR/ess/redirect.php" "Mozilla/5.0 (Windows NT 6.2; Win64; x64) AppleWebKit/537.36 (KHTML, like Gecko) Chrome/105.0.0.0 Safari/537.36"
192.168.11.151 - - [24/Oct/2025:08:53:39 +0800] "GET /eHR/ess/redirect.php?scriptname=ESNE001&appdesc=%E6%89%B9%E9%87%8F%E5%8A%A0%E7%8F%AD%E7%94%B3%E8%AF%B7 HTTP/1.1" 200 15271
192.168.11.64 - - [24/Oct/2025:08:53:49 +0800] "GET /eHR/ess/redirect.php?scriptname=ESNE001&appdesc=%E6%89%B9%E9%87%8F%E5%8A%A0%E7%8F%AD%E7%94%B3%E8%AF%B7 HTTP/1.1" 200 15271 "http://192.168.1.83:8088/eHR/ess/redirect.php" "Mozilla/5.0 (Windows NT 6.1; Win64; x64) AppleWebKit/537.36 (KHTML, like Gecko) Chrome/105.0.0.0 Safari/537.36"
192.168.11.64 - - [24/Oct/2025:08:53:49 +0800] "GET /eHR/ess/redirect.php?scriptname=ESNE001&appdesc=%E6%89%B9%E9%87%8F%E5%8A%A0%E7%8F%AD%E7%94%B3%E8%AF%B7 HTTP/1.1" 200 15271
192.168.11.151 - - [24/Oct/2025:08:53:52 +0800] "GET /eHR/ess/redirect.php?scriptname=emp_lov&openW=Y&rand=0.3043987955974279 HTTP/1.1" 200 8468 "http://192.168.1.83:8088/eHR/ess/redirect.php?scriptname=ESNE001&appdesc=%E6%89%B9%E9%87%8F%E5%8A%A0%E7%8F%AD%E7%94%B3%E8%AF%B7" "Mozilla/5.0 (Windows NT 6.2; Win64; x64) AppleWebKit/537.36 (KHTML, like Gecko) Chrome/105.0.0.0 Safari/537.36"
192.168.11.151 - - [24/Oct/2025:08:53:52 +0800] "GET /eHR/ess/redirect.php?scriptname=emp_lov&openW=Y&rand=0.3043987955974279 HTTP/1.1" 200 8468
192.168.11.64 - - [24/Oct/2025:08:53:59 +0800] "GET /eHR/ess/redirect.php?scriptname=user_excel_upload&used_program=emp_import&openW=Y&rand=0.7431840372882437 HTTP/1.1" 200 5264 "http://192.168.1.83:8088/eHR/ess/redirect.php?scriptname=ESNE001&appdesc=%E6%89%B9%E9%87%8F%E5%8A%A0%E7%8F%AD%E7%94%B3%E8%AF%B7" "Mozilla/5.0 (Windows NT 6.1; Win64; x64) AppleWebKit/537.36 (KHTML, like Gecko) Chrome/105.0.0.0 Safari/537.36"
192.168.11.64 - - [24/Oct/2025:08:53:59 +0800] "GET /eHR/ess/redirect.php?scriptname=user_excel_upload&used_program=emp_import&openW=Y&rand=0.7431840372882437 HTTP/1.1" 200 5264
192.168.11.151 - - [24/Oct/2025:08:53:55 +0800] "POST /eHR/ess/redirect.php?scriptname=emp_lov&openW=Y&rand=0.3043987955974279 HTTP/1.1" 200 15208 "http://192.168.1.83:8088/eHR/ess/redirect.php?scriptname=emp_lov&openW=Y&rand=0.3043987955974279" "Mozilla/5.0 (Windows NT 6.2; Win64; x64) AppleWebKit/537.36 (KHTML, like Gecko) Chrome/105.0.0.0 Safari/537.36"
192.168.11.151 - - [24/Oct/2025:08:53:55 +0800] "POST /eHR/ess/redirect.php?scriptname=emp_lov&openW=Y&rand=0.3043987955974279 HTTP/1.1" 200 15208
192.168.11.151 - - [24/Oct/2025:08:53:58 +0800] "POST /eHR/ess/redirect.php?scriptname=emp_lov&openW=Y&rand=0.3043987955974279 HTTP/1.1" 200 15208 "http://192.168.1.83:8088/eHR/ess/redirect.php?scriptname=emp_lov&openW=Y&rand=0.3043987955974279" "Mozilla/5.0 (Windows NT 6.2; Win64; x64) AppleWebKit/537.36 (KHTML, like Gecko) Chrome/105.0.0.0 Safari/537.36"
192.168.11.151 - - [24/Oct/2025:08:53:58 +0800] "POST /eHR/ess/redirect.php?scriptname=emp_lov&openW=Y&rand=0.3043987955974279 HTTP/1.1" 200 15208
192.168.11.64 - - [24/Oct/2025:08:54:12 +0800] "POST /eHR/ess/redirect.php?scriptname=user_excel_upload&used_program=emp_import&openW=Y&rand=0.7431840372882437 HTTP/1.1" 302 - "http://192.168.1.83:8088/eHR/ess/redirect.php?scriptname=user_excel_upload&used_program=emp_import&openW=Y&rand=0.7431840372882437" "Mozilla/5.0 (Windows NT 6.1; Win64; x64) AppleWebKit/537.36 (KHTML, like Gecko) Chrome/105.0.0.0 Safari/537.36"
192.168.11.64 - - [24/Oct/2025:08:54:12 +0800] "POST /eHR/ess/redirect.php?scriptname=user_excel_upload&used_program=emp_import&openW=Y&rand=0.7431840372882437 HTTP/1.1" 302 -
192.168.11.64 - - [24/Oct/2025:08:54:13 +0800] "GET /eHR/ess/redirect.php?scriptname=emp_import&id=3 HTTP/1.1" 200 4488 "http://192.168.1.83:8088/eHR/ess/redirect.php?scriptname=user_excel_upload&used_program=emp_import&openW=Y&rand=0.7431840372882437" "Mozilla/5.0 (Windows NT 6.1; Win64; x64) AppleWebKit/537.36 (KHTML, like Gecko) Chrome/105.0.0.0 Safari/537.36"
192.168.11.64 - - [24/Oct/2025:08:54:13 +0800] "GET /eHR/ess/redirect.php?scriptname=emp_import&id=3 HTTP/1.1" 200 4488
192.168.11.151 - - [24/Oct/2025:08:54:14 +0800] "POST /eHR/ess/redirect.php?scriptname=ESNE001&appdesc=%E6%89%B9%E9%87%8F%E5%8A%A0%E7%8F%AD%E7%94%B3%E8%AF%B7 HTTP/1.1" 200 4140 "http://192.168.1.83:8088/eHR/ess/redirect.php?scriptname=ESNE001&appdesc=%E6%89%B9%E9%87%8F%E5%8A%A0%E7%8F%AD%E7%94%B3%E8%AF%B7" "Mozilla/5.0 (Windows NT 6.2; Win64; x64) AppleWebKit/537.36 (KHTML, like Gecko) Chrome/105.0.0.0 Safari/537.36"
192.168.11.151 - - [24/Oct/2025:08:54:14 +0800] "POST /eHR/ess/redirect.php?scriptname=ESNE001&appdesc=%E6%89%B9%E9%87%8F%E5%8A%A0%E7%8F%AD%E7%94%B3%E8%AF%B7 HTTP/1.1" 200 4140
192.168.11.64 - - [24/Oct/2025:08:54:17 +0800] "POST /eHR/ess/redirect.php?scriptname=ESNE001&appdesc=%E6%89%B9%E9%87%8F%E5%8A%A0%E7%8F%AD%E7%94%B3%E8%AF%B7 HTTP/1.1" 200 4262 "http://192.168.1.83:8088/eHR/ess/redirect.php?scriptname=ESNE001&appdesc=%E6%89%B9%E9%87%8F%E5%8A%A0%E7%8F%AD%E7%94%B3%E8%AF%B7" "Mozilla/5.0 (Windows NT 6.1; Win64; x64) AppleWebKit/537.36 (KHTML, like Gecko) Chrome/105.0.0.0 Safari/537.36"
192.168.11.64 - - [24/Oct/2025:08:54:17 +0800] "POST /eHR/ess/redirect.php?scriptname=ESNE001&appdesc=%E6%89%B9%E9%87%8F%E5%8A%A0%E7%8F%AD%E7%94%B3%E8%AF%B7 HTTP/1.1" 200 4262
192.168.11.151 - - [24/Oct/2025:08:54:20 +0800] "GET /eHR/ess/redirect.php?scriptname=ESNE001&appdesc=%E6%89%B9%E9%87%8F%E5%8A%A0%E7%8F%AD%E7%94%B3%E8%AF%B7 HTTP/1.1" 200 15271 "http://192.168.1.83:8088/eHR/ess/redirect.php" "Mozilla/5.0 (Windows NT 6.2; Win64; x64) AppleWebKit/537.36 (KHTML, like Gecko) Chrome/105.0.0.0 Safari/537.36"
192.168.11.151 - - [24/Oct/2025:08:54:20 +0800] "GET /eHR/ess/redirect.php?scriptname=ESNE001&appdesc=%E6%89%B9%E9%87%8F%E5%8A%A0%E7%8F%AD%E7%94%B3%E8%AF%B7 HTTP/1.1" 200 15271
192.168.11.64 - - [24/Oct/2025:08:54:20 +0800] "GET /eHR/ess/redirect.php?scriptname=ESNE001&appdesc=%E6%89%B9%E9%87%8F%E5%8A%A0%E7%8F%AD%E7%94%B3%E8%AF%B7 HTTP/1.1" 200 15271 "http://192.168.1.83:8088/eHR/ess/redirect.php" "Mozilla/5.0 (Windows NT 6.1; Win64; x64) AppleWebKit/537.36 (KHTML, like Gecko) Chrome/105.0.0.0 Safari/537.36"
192.168.11.64 - - [24/Oct/2025:08:54:20 +0800] "GET /eHR/ess/redirect.php?scriptname=ESNE001&appdesc=%E6%89%B9%E9%87%8F%E5%8A%A0%E7%8F%AD%E7%94%B3%E8%AF%B7 HTTP/1.1" 200 15271
192.168.11.64 - - [24/Oct/2025:08:54:21 +0800] "GET /eHR/ess/redirect.php?scriptname=ESNE001&appdesc=%E6%89%B9%E9%87%8F%E5%8A%A0%E7%8F%AD%E7%94%B3%E8%AF%B7 HTTP/1.1" 200 15271 "http://192.168.1.83:8088/eHR/ess/redirect.php" "Mozilla/5.0 (Windows NT 6.1; Win64; x64) AppleWebKit/537.36 (KHTML, like Gecko) Chrome/105.0.0.0 Safari/537.36"
192.168.11.64 - - [24/Oct/2025:08:54:21 +0800] "GET /eHR/ess/redirect.php?scriptname=ESNE001&appdesc=%E6%89%B9%E9%87%8F%E5%8A%A0%E7%8F%AD%E7%94%B3%E8%AF%B7 HTTP/1.1" 200 15271
192.168.11.151 - - [24/Oct/2025:08:54:23 +0800] "GET /eHR/ess/redirect.php?scriptname=ESNE001&appdesc=%E6%89%B9%E9%87%8F%E5%8A%A0%E7%8F%AD%E7%94%B3%E8%AF%B7 HTTP/1.1" 200 15271 "http://192.168.1.83:8088/eHR/ess/redirect.php" "Mozilla/5.0 (Windows NT 6.2; Win64; x64) AppleWebKit/537.36 (KHTML, like Gecko) Chrome/105.0.0.0 Safari/537.36"
192.168.11.151 - - [24/Oct/2025:08:54:23 +0800] "GET /eHR/ess/redirect.php?scriptname=ESNE001&appdesc=%E6%89%B9%E9%87%8F%E5%8A%A0%E7%8F%AD%E7%94%B3%E8%AF%B7 HTTP/1.1" 200 15271
192.168.11.64 - - [24/Oct/2025:08:54:35 +0800] "GET /eHR/ess/redirect.php?scriptname=ESNE001&appdesc=%E6%89%B9%E9%87%8F%E5%8A%A0%E7%8F%AD%E7%94%B3%E8%AF%B7 HTTP/1.1" 200 15271 "http://192.168.1.83:8088/eHR/ess/redirect.php" "Mozilla/5.0 (Windows NT 6.1; Win64; x64) AppleWebKit/537.36 (KHTML, like Gecko) Chrome/105.0.0.0 Safari/537.36"
192.168.11.64 - - [24/Oct/2025:08:54:35 +0800] "GET /eHR/ess/redirect.php?scriptname=ESNE001&appdesc=%E6%89%B9%E9%87%8F%E5%8A%A0%E7%8F%AD%E7%94%B3%E8%AF%B7 HTTP/1.1" 200 15271
192.168.11.64 - - [24/Oct/2025:08:54:43 +0800] "GET /eHR/ess/redirect.php?scriptname=user_excel_upload&used_program=emp_import&openW=Y&rand=0.9636075578073033 HTTP/1.1" 200 5264 "http://192.168.1.83:8088/eHR/ess/redirect.php?scriptname=ESNE001&appdesc=%E6%89%B9%E9%87%8F%E5%8A%A0%E7%8F%AD%E7%94%B3%E8%AF%B7" "Mozilla/5.0 (Windows NT 6.1; Win64; x64) AppleWebKit/537.36 (KHTML, like Gecko) Chrome/105.0.0.0 Safari/537.36"
192.168.11.64 - - [24/Oct/2025:08:54:43 +0800] "GET /eHR/ess/redirect.php?scriptname=user_excel_upload&used_program=emp_import&openW=Y&rand=0.9636075578073033 HTTP/1.1" 200 5264
192.168.11.151 - - [24/Oct/2025:08:54:45 +0800] "GET /eHR/ess/redirect.php?scriptname=emp_lov&openW=Y&rand=0.9911295927082431 HTTP/1.1" 200 8468 "http://192.168.1.83:8088/eHR/ess/redirect.php?scriptname=ESNE001&appdesc=%E6%89%B9%E9%87%8F%E5%8A%A0%E7%8F%AD%E7%94%B3%E8%AF%B7" "Mozilla/5.0 (Windows NT 6.2; Win64; x64) AppleWebKit/537.36 (KHTML, like Gecko) Chrome/105.0.0.0 Safari/537.36"
192.168.11.151 - - [24/Oct/2025:08:54:45 +0800] "GET /eHR/ess/redirect.php?scriptname=emp_lov&openW=Y&rand=0.9911295927082431 HTTP/1.1" 200 8468
192.168.11.64 - - [24/Oct/2025:08:54:52 +0800] "POST /eHR/ess/redirect.php?scriptname=user_excel_upload&used_program=emp_import&openW=Y&rand=0.9636075578073033 HTTP/1.1" 302 - "http://192.168.1.83:8088/eHR/ess/redirect.php?scriptname=user_excel_upload&used_program=emp_import&openW=Y&rand=0.9636075578073033" "Mozilla/5.0 (Windows NT 6.1; Win64; x64) AppleWebKit/537.36 (KHTML, like Gecko) Chrome/105.0.0.0 Safari/537.36"
192.168.11.64 - - [24/Oct/2025:08:54:52 +0800] "POST /eHR/ess/redirect.php?scriptname=user_excel_upload&used_program=emp_import&openW=Y&rand=0.9636075578073033 HTTP/1.1" 302 -
192.168.11.64 - - [24/Oct/2025:08:54:53 +0800] "GET /eHR/ess/redirect.php?scriptname=emp_import&id=3 HTTP/1.1" 200 5422 "http://192.168.1.83:8088/eHR/ess/redirect.php?scriptname=user_excel_upload&used_program=emp_import&openW=Y&rand=0.9636075578073033" "Mozilla/5.0 (Windows NT 6.1; Win64; x64) AppleWebKit/537.36 (KHTML, like Gecko) Chrome/105.0.0.0 Safari/537.36"
192.168.11.64 - - [24/Oct/2025:08:54:53 +0800] "GET /eHR/ess/redirect.php?scriptname=emp_import&id=3 HTTP/1.1" 200 5422
192.168.11.64 - - [24/Oct/2025:08:54:57 +0800] "POST /eHR/ess/redirect.php?scriptname=ESNE001&appdesc=%E6%89%B9%E9%87%8F%E5%8A%A0%E7%8F%AD%E7%94%B3%E8%AF%B7 HTTP/1.1" 200 4974 "http://192.168.1.83:8088/eHR/ess/redirect.php?scriptname=ESNE001&appdesc=%E6%89%B9%E9%87%8F%E5%8A%A0%E7%8F%AD%E7%94%B3%E8%AF%B7" "Mozilla/5.0 (Windows NT 6.1; Win64; x64) AppleWebKit/537.36 (KHTML, like Gecko) Chrome/105.0.0.0 Safari/537.36"
192.168.11.64 - - [24/Oct/2025:08:54:57 +0800] "POST /eHR/ess/redirect.php?scriptname=ESNE001&appdesc=%E6%89%B9%E9%87%8F%E5%8A%A0%E7%8F%AD%E7%94%B3%E8%AF%B7 HTTP/1.1" 200 4974
192.168.11.151 - - [24/Oct/2025:08:55:07 +0800] "POST /eHR/ess/redirect.php?scriptname=emp_lov&openW=Y&rand=0.9911295927082431 HTTP/1.1" 200 15208 "http://192.168.1.83:8088/eHR/ess/redirect.php?scriptname=emp_lov&openW=Y&rand=0.9911295927082431" "Mozilla/5.0 (Windows NT 6.2; Win64; x64) AppleWebKit/537.36 (KHTML, like Gecko) Chrome/105.0.0.0 Safari/537.36"
192.168.11.151 - - [24/Oct/2025:08:55:07 +0800] "POST /eHR/ess/redirect.php?scriptname=emp_lov&openW=Y&rand=0.9911295927082431 HTTP/1.1" 200 15208
192.168.11.151 - - [24/Oct/2025:08:55:23 +0800] "POST /eHR/ess/redirect.php?scriptname=ESNE001&appdesc=%E6%89%B9%E9%87%8F%E5%8A%A0%E7%8F%AD%E7%94%B3%E8%AF%B7 HTTP/1.1" 200 4286 "http://192.168.1.83:8088/eHR/ess/redirect.php?scriptname=ESNE001&appdesc=%E6%89%B9%E9%87%8F%E5%8A%A0%E7%8F%AD%E7%94%B3%E8%AF%B7" "Mozilla/5.0 (Windows NT 6.2; Win64; x64) AppleWebKit/537.36 (KHTML, like Gecko) Chrome/105.0.0.0 Safari/537.36"
192.168.11.151 - - [24/Oct/2025:08:55:23 +0800] "POST /eHR/ess/redirect.php?scriptname=ESNE001&appdesc=%E6%89%B9%E9%87%8F%E5%8A%A0%E7%8F%AD%E7%94%B3%E8%AF%B7 HTTP/1.1" 200 4286
192.168.11.151 - - [24/Oct/2025:08:55:26 +0800] "GET /eHR/ess/redirect.php?scriptname=ESNE001&appdesc=%E6%89%B9%E9%87%8F%E5%8A%A0%E7%8F%AD%E7%94%B3%E8%AF%B7 HTTP/1.1" 200 15271 "http://192.168.1.83:8088/eHR/ess/redirect.php" "Mozilla/5.0 (Windows NT 6.2; Win64; x64) AppleWebKit/537.36 (KHTML, like Gecko) Chrome/105.0.0.0 Safari/537.36"
192.168.11.151 - - [24/Oct/2025:08:55:26 +0800] "GET /eHR/ess/redirect.php?scriptname=ESNE001&appdesc=%E6%89%B9%E9%87%8F%E5%8A%A0%E7%8F%AD%E7%94%B3%E8%AF%B7 HTTP/1.1" 200 15271
192.168.11.151 - - [24/Oct/2025:08:55:46 +0800] "GET /eHR/ess/redirect.php?scriptname=emp_lov&openW=Y&rand=0.006847357970896306 HTTP/1.1" 200 8468 "http://192.168.1.83:8088/eHR/ess/redirect.php?scriptname=ESNE001&appdesc=%E6%89%B9%E9%87%8F%E5%8A%A0%E7%8F%AD%E7%94%B3%E8%AF%B7" "Mozilla/5.0 (Windows NT 6.2; Win64; x64) AppleWebKit/537.36 (KHTML, like Gecko) Chrome/105.0.0.0 Safari/537.36"
192.168.11.151 - - [24/Oct/2025:08:55:46 +0800] "GET /eHR/ess/redirect.php?scriptname=emp_lov&openW=Y&rand=0.006847357970896306 HTTP/1.1" 200 8468
192.168.11.151 - - [24/Oct/2025:08:55:48 +0800] "POST /eHR/ess/redirect.php?scriptname=emp_lov&openW=Y&rand=0.006847357970896306 HTTP/1.1" 200 15208 "http://192.168.1.83:8088/eHR/ess/redirect.php?scriptname=emp_lov&openW=Y&rand=0.006847357970896306" "Mozilla/5.0 (Windows NT 6.2; Win64; x64) AppleWebKit/537.36 (KHTML, like Gecko) Chrome/105.0.0.0 Safari/537.36"
192.168.11.151 - - [24/Oct/2025:08:55:48 +0800] "POST /eHR/ess/redirect.php?scriptname=emp_lov&openW=Y&rand=0.006847357970896306 HTTP/1.1" 200 15208
100.64.0.1 - - [24/Oct/2025:08:56:10 +0800] "HEAD /ehr/mgr/approve.php?key=096786FC1A6E1BA14E4ACC4E45D22F9691F6B7434A878ED698D56AD3855576470AF9895C7EF985D47FC4F55127F5A7122B688152A6119EECB3DF0EECD03BAE47 HTTP/1.1" 200 - "-" "-"
100.64.0.1 - - [24/Oct/2025:08:56:10 +0800] "HEAD /ehr/mgr/approve.php?key=096786FC1A6E1BA14E4ACC4E45D22F9691F6B7434A878ED698D56AD3855576470AF9895C7EF985D47FC4F55127F5A7122B688152A6119EECB3DF0EECD03BAE47 HTTP/1.1" 200 -
100.64.0.1 - - [24/Oct/2025:08:56:12 +0800] "GET /ehr/mgr/approve.php?key=096786FC1A6E1BA14E4ACC4E45D22F9691F6B7434A878ED698D56AD3855576470AF9895C7EF985D47FC4F55127F5A7122B688152A6119EECB3DF0EECD03BAE47 HTTP/1.1" 200 4166 "-" "Mozilla/5.0 (Windows NT 10.0; Win64; x64) AppleWebKit/537.36 (KHTML, like Gecko) Chrome/141.0.0.0 Safari/537.36 Edg/141.0.0.0"
100.64.0.1 - - [24/Oct/2025:08:56:12 +0800] "GET /ehr/mgr/approve.php?key=096786FC1A6E1BA14E4ACC4E45D22F9691F6B7434A878ED698D56AD3855576470AF9895C7EF985D47FC4F55127F5A7122B688152A6119EECB3DF0EECD03BAE47 HTTP/1.1" 200 4166
100.64.0.1 - - [24/Oct/2025:08:56:12 +0800] "GET /ehr/css/jqueryui/themes//jquery.ui.all.css HTTP/1.1" 404 240
100.64.0.1 - - [24/Oct/2025:08:56:12 +0800] "GET /ehr/css/jqueryui/themes//jquery.ui.all.css HTTP/1.1" 404 240 "http://hcp.maglayers.com.cn:8088/ehr/mgr/approve.php?key=096786FC1A6E1BA14E4ACC4E45D22F9691F6B7434A878ED698D56AD3855576470AF9895C7EF985D47FC4F55127F5A7122B688152A6119EECB3DF0EECD03BAE47" "Mozilla/5.0 (Windows NT 10.0; Win64; x64) AppleWebKit/537.36 (KHTML, like Gecko) Chrome/141.0.0.0 Safari/537.36 Edg/141.0.0.0"
192.168.11.151 - - [24/Oct/2025:08:56:15 +0800] "POST /eHR/ess/redirect.php?scriptname=ESNE001&appdesc=%E6%89%B9%E9%87%8F%E5%8A%A0%E7%8F%AD%E7%94%B3%E8%AF%B7 HTTP/1.1" 200 4072 "http://192.168.1.83:8088/eHR/ess/redirect.php?scriptname=ESNE001&appdesc=%E6%89%B9%E9%87%8F%E5%8A%A0%E7%8F%AD%E7%94%B3%E8%AF%B7" "Mozilla/5.0 (Windows NT 6.2; Win64; x64) AppleWebKit/537.36 (KHTML, like Gecko) Chrome/105.0.0.0 Safari/537.36"
192.168.11.151 - - [24/Oct/2025:08:56:15 +0800] "POST /eHR/ess/redirect.php?scriptname=ESNE001&appdesc=%E6%89%B9%E9%87%8F%E5%8A%A0%E7%8F%AD%E7%94%B3%E8%AF%B7 HTTP/1.1" 200 4072
192.168.11.151 - - [24/Oct/2025:08:56:19 +0800] "GET /eHR/ess/redirect.php?scriptname=ESNE001&appdesc=%E6%89%B9%E9%87%8F%E5%8A%A0%E7%8F%AD%E7%94%B3%E8%AF%B7 HTTP/1.1" 200 15271 "http://192.168.1.83:8088/eHR/ess/redirect.php" "Mozilla/5.0 (Windows NT 6.2; Win64; x64) AppleWebKit/537.36 (KHTML, like Gecko) Chrome/105.0.0.0 Safari/537.36"
192.168.11.151 - - [24/Oct/2025:08:56:19 +0800] "GET /eHR/ess/redirect.php?scriptname=ESNE001&appdesc=%E6%89%B9%E9%87%8F%E5%8A%A0%E7%8F%AD%E7%94%B3%E8%AF%B7 HTTP/1.1" 200 15271
100.64.0.1 - - [24/Oct/2025:08:56:38 +0800] "SSH-2.0-Go" 501 212 "-" "-"
100.64.0.1 - - [24/Oct/2025:08:56:38 +0800] "SSH-2.0-Go" 501 212
192.168.11.151 - - [24/Oct/2025:08:56:48 +0800] "GET /eHR/ess/redirect.php?scriptname=emp_lov&openW=Y&rand=0.8804530742430257 HTTP/1.1" 200 8468 "http://192.168.1.83:8088/eHR/ess/redirect.php?scriptname=ESNE001&appdesc=%E6%89%B9%E9%87%8F%E5%8A%A0%E7%8F%AD%E7%94%B3%E8%AF%B7" "Mozilla/5.0 (Windows NT 6.2; Win64; x64) AppleWebKit/537.36 (KHTML, like Gecko) Chrome/105.0.0.0 Safari/537.36"
192.168.11.151 - - [24/Oct/2025:08:56:48 +0800] "GET /eHR/ess/redirect.php?scriptname=emp_lov&openW=Y&rand=0.8804530742430257 HTTP/1.1" 200 8468
192.168.11.64 - - [24/Oct/2025:08:56:53 +0800] "GET /eHR/ess/redirect.php?scriptname=ESNE001&appdesc=%E6%89%B9%E9%87%8F%E5%8A%A0%E7%8F%AD%E7%94%B3%E8%AF%B7 HTTP/1.1" 200 15271 "http://192.168.1.83:8088/eHR/ess/redirect.php" "Mozilla/5.0 (Windows NT 6.1; Win64; x64) AppleWebKit/537.36 (KHTML, like Gecko) Chrome/105.0.0.0 Safari/537.36"
192.168.11.64 - - [24/Oct/2025:08:56:53 +0800] "GET /eHR/ess/redirect.php?scriptname=ESNE001&appdesc=%E6%89%B9%E9%87%8F%E5%8A%A0%E7%8F%AD%E7%94%B3%E8%AF%B7 HTTP/1.1" 200 15271
192.168.11.64 - - [24/Oct/2025:08:56:55 +0800] "GET /eHR/ess/redirect.php?scriptname=ESNE001&appdesc=%E6%89%B9%E9%87%8F%E5%8A%A0%E7%8F%AD%E7%94%B3%E8%AF%B7 HTTP/1.1" 200 15271 "http://192.168.1.83:8088/eHR/ess/redirect.php" "Mozilla/5.0 (Windows NT 6.1; Win64; x64) AppleWebKit/537.36 (KHTML, like Gecko) Chrome/105.0.0.0 Safari/537.36"
192.168.11.64 - - [24/Oct/2025:08:56:55 +0800] "GET /eHR/ess/redirect.php?scriptname=ESNE001&appdesc=%E6%89%B9%E9%87%8F%E5%8A%A0%E7%8F%AD%E7%94%B3%E8%AF%B7 HTTP/1.1" 200 15271
192.168.11.151 - - [24/Oct/2025:08:56:51 +0800] "POST /eHR/ess/redirect.php?scriptname=emp_lov&openW=Y&rand=0.8804530742430257 HTTP/1.1" 200 15208 "http://192.168.1.83:8088/eHR/ess/redirect.php?scriptname=emp_lov&openW=Y&rand=0.8804530742430257" "Mozilla/5.0 (Windows NT 6.2; Win64; x64) AppleWebKit/537.36 (KHTML, like Gecko) Chrome/105.0.0.0 Safari/537.36"
192.168.11.151 - - [24/Oct/2025:08:56:51 +0800] "POST /eHR/ess/redirect.php?scriptname=emp_lov&openW=Y&rand=0.8804530742430257 HTTP/1.1" 200 15208
192.168.40.56 - - [24/Oct/2025:08:56:57 +0800] "GET /eHR/ess/redirect.php?scriptname=ESNH000&appdesc=%E9%A6%96%E9%A1%B5 HTTP/1.1" 200 9866 "http://192.168.1.83:8088/eHR/ess/redirect.php" "Mozilla/5.0 (Windows NT 6.2; Win64; x64) AppleWebKit/537.36 (KHTML, like Gecko) Chrome/105.0.0.0 Safari/537.36"
192.168.40.56 - - [24/Oct/2025:08:56:57 +0800] "GET /eHR/ess/redirect.php?scriptname=ESNH000&appdesc=%E9%A6%96%E9%A1%B5 HTTP/1.1" 200 9866
192.168.11.151 - - [24/Oct/2025:08:57:04 +0800] "POST /eHR/ess/redirect.php?scriptname=ESNE001&appdesc=%E6%89%B9%E9%87%8F%E5%8A%A0%E7%8F%AD%E7%94%B3%E8%AF%B7 HTTP/1.1" 200 4075 "http://192.168.1.83:8088/eHR/ess/redirect.php?scriptname=ESNE001&appdesc=%E6%89%B9%E9%87%8F%E5%8A%A0%E7%8F%AD%E7%94%B3%E8%AF%B7" "Mozilla/5.0 (Windows NT 6.2; Win64; x64) AppleWebKit/537.36 (KHTML, like Gecko) Chrome/105.0.0.0 Safari/537.36"
192.168.11.151 - - [24/Oct/2025:08:57:04 +0800] "POST /eHR/ess/redirect.php?scriptname=ESNE001&appdesc=%E6%89%B9%E9%87%8F%E5%8A%A0%E7%8F%AD%E7%94%B3%E8%AF%B7 HTTP/1.1" 200 4075
192.168.11.151 - - [24/Oct/2025:08:57:09 +0800] "GET /eHR/ess/redirect.php?scriptname=ESNE001&appdesc=%E6%89%B9%E9%87%8F%E5%8A%A0%E7%8F%AD%E7%94%B3%E8%AF%B7 HTTP/1.1" 200 15271 "http://192.168.1.83:8088/eHR/ess/redirect.php" "Mozilla/5.0 (Windows NT 6.2; Win64; x64) AppleWebKit/537.36 (KHTML, like Gecko) Chrome/105.0.0.0 Safari/537.36"
192.168.11.151 - - [24/Oct/2025:08:57:09 +0800] "GET /eHR/ess/redirect.php?scriptname=ESNE001&appdesc=%E6%89%B9%E9%87%8F%E5%8A%A0%E7%8F%AD%E7%94%B3%E8%AF%B7 HTTP/1.1" 200 15271
192.168.11.64 - - [24/Oct/2025:08:57:11 +0800] "GET /eHR/ess/redirect.php?scriptname=ESNE001&appdesc=%E6%89%B9%E9%87%8F%E5%8A%A0%E7%8F%AD%E7%94%B3%E8%AF%B7 HTTP/1.1" 200 15271 "http://192.168.1.83:8088/eHR/ess/redirect.php" "Mozilla/5.0 (Windows NT 6.1; Win64; x64) AppleWebKit/537.36 (KHTML, like Gecko) Chrome/105.0.0.0 Safari/537.36"
192.168.11.64 - - [24/Oct/2025:08:57:11 +0800] "GET /eHR/ess/redirect.php?scriptname=ESNE001&appdesc=%E6%89%B9%E9%87%8F%E5%8A%A0%E7%8F%AD%E7%94%B3%E8%AF%B7 HTTP/1.1" 200 15271
192.168.11.64 - - [24/Oct/2025:08:57:23 +0800] "GET /eHR/ess/redirect.php?scriptname=user_excel_upload&used_program=emp_import&openW=Y&rand=0.642484213744559 HTTP/1.1" 200 5264 "http://192.168.1.83:8088/eHR/ess/redirect.php?scriptname=ESNE001&appdesc=%E6%89%B9%E9%87%8F%E5%8A%A0%E7%8F%AD%E7%94%B3%E8%AF%B7" "Mozilla/5.0 (Windows NT 6.1; Win64; x64) AppleWebKit/537.36 (KHTML, like Gecko) Chrome/105.0.0.0 Safari/537.36"
192.168.11.64 - - [24/Oct/2025:08:57:23 +0800] "GET /eHR/ess/redirect.php?scriptname=user_excel_upload&used_program=emp_import&openW=Y&rand=0.642484213744559 HTTP/1.1" 200 5264
192.168.11.64 - - [24/Oct/2025:08:57:30 +0800] "POST /eHR/ess/redirect.php?scriptname=user_excel_upload&used_program=emp_import&openW=Y&rand=0.642484213744559 HTTP/1.1" 302 - "http://192.168.1.83:8088/eHR/ess/redirect.php?scriptname=user_excel_upload&used_program=emp_import&openW=Y&rand=0.642484213744559" "Mozilla/5.0 (Windows NT 6.1; Win64; x64) AppleWebKit/537.36 (KHTML, like Gecko) Chrome/105.0.0.0 Safari/537.36"
192.168.11.64 - - [24/Oct/2025:08:57:30 +0800] "POST /eHR/ess/redirect.php?scriptname=user_excel_upload&used_program=emp_import&openW=Y&rand=0.642484213744559 HTTP/1.1" 302 -
192.168.11.64 - - [24/Oct/2025:08:57:31 +0800] "GET /eHR/ess/redirect.php?scriptname=emp_import&id=3 HTTP/1.1" 200 13997 "http://192.168.1.83:8088/eHR/ess/redirect.php?scriptname=user_excel_upload&used_program=emp_import&openW=Y&rand=0.642484213744559" "Mozilla/5.0 (Windows NT 6.1; Win64; x64) AppleWebKit/537.36 (KHTML, like Gecko) Chrome/105.0.0.0 Safari/537.36"
192.168.11.64 - - [24/Oct/2025:08:57:31 +0800] "GET /eHR/ess/redirect.php?scriptname=emp_import&id=3 HTTP/1.1" 200 13997
192.168.11.64 - - [24/Oct/2025:08:57:35 +0800] "POST /eHR/ess/redirect.php?scriptname=ESNE001&appdesc=%E6%89%B9%E9%87%8F%E5%8A%A0%E7%8F%AD%E7%94%B3%E8%AF%B7 HTTP/1.1" 302 - "http://192.168.1.83:8088/eHR/ess/redirect.php?scriptname=ESNE001&appdesc=%E6%89%B9%E9%87%8F%E5%8A%A0%E7%8F%AD%E7%94%B3%E8%AF%B7" "Mozilla/5.0 (Windows NT 6.1; Win64; x64) AppleWebKit/537.36 (KHTML, like Gecko) Chrome/105.0.0.0 Safari/537.36"
192.168.11.64 - - [24/Oct/2025:08:57:35 +0800] "POST /eHR/ess/redirect.php?scriptname=ESNE001&appdesc=%E6%89%B9%E9%87%8F%E5%8A%A0%E7%8F%AD%E7%94%B3%E8%AF%B7 HTTP/1.1" 302 -
192.168.11.64 - - [24/Oct/2025:08:57:36 +0800] "GET /eHR/ess/redirect.php?scriptname=page_success&msgtxt=%E6%82%A8%E7%9A%84%E5%8A%A0%E7%8F%AD%E7%94%B3%E8%AB%8B%E5%B7%B2%E6%88%90%E5%8A%9F%E6%8F%90%E4%BA%A4%E5%BE%8C%E5%8F%B0%E8%99%95%E7%90%86.%3Cbr%3E%E6%82%A8%E5%8F%AF%E4%BB%A5%E5%9C%A8%3Ca+href%3D%22..%2Fess%2Fredirect.php%3Fscriptname%3DESNE023%26requestno%3D131881%22%3E%E9%80%99%E8%A3%A1%3C%2Fa%3E%E6%9F%A5%E7%9C%8B%E7%94%B3%E8%AB%8B%E8%99%95%E7%90%86%E7%B5%90%E6%9E%9C.%3Cbr%3E%E6%89%B9%E6%AC%A1%E8%99%9F%E7%82%BA%3A131881&target=iframe HTTP/1.1" 200 3251 "http://192.168.1.83:8088/eHR/ess/redirect.php?scriptname=ESNE001&appdesc=%E6%89%B9%E9%87%8F%E5%8A%A0%E7%8F%AD%E7%94%B3%E8%AF%B7" "Mozilla/5.0 (Windows NT 6.1; Win64; x64) AppleWebKit/537.36 (KHTML, like Gecko) Chrome/105.0.0.0 Safari/537.36"
192.168.11.64 - - [24/Oct/2025:08:57:36 +0800] "GET /eHR/ess/redirect.php?scriptname=page_success&msgtxt=%E6%82%A8%E7%9A%84%E5%8A%A0%E7%8F%AD%E7%94%B3%E8%AB%8B%E5%B7%B2%E6%88%90%E5%8A%9F%E6%8F%90%E4%BA%A4%E5%BE%8C%E5%8F%B0%E8%99%95%E7%90%86.%3Cbr%3E%E6%82%A8%E5%8F%AF%E4%BB%A5%E5%9C%A8%3Ca+href%3D%22..%2Fess%2Fredirect.php%3Fscriptname%3DESNE023%26requestno%3D131881%22%3E%E9%80%99%E8%A3%A1%3C%2Fa%3E%E6%9F%A5%E7%9C%8B%E7%94%B3%E8%AB%8B%E8%99%95%E7%90%86%E7%B5%90%E6%9E%9C.%3Cbr%3E%E6%89%B9%E6%AC%A1%E8%99%9F%E7%82%BA%3A131881&target=iframe HTTP/1.1" 200 3251
