192.168.11.113 - - [24/Oct/2025:08:45:10 +0800] "GET /eHR/img/icon_help.png HTTP/1.1" 200 3588
192.168.11.113 - - [24/Oct/2025:08:45:10 +0800] "GET /eHR/img/icon_exit.png HTTP/1.1" 200 3607 "http://192.168.1.83:8088/eHR/ess/redirect.php" "Mozilla/5.0 (Windows NT 10.0; Win64; x64; rv:144.0) Gecko/20100101 Firefox/144.0"
192.168.11.113 - - [24/Oct/2025:08:45:10 +0800] "GET /eHR/img/icon_exit.png HTTP/1.1" 200 3607
192.168.11.113 - - [24/Oct/2025:08:45:10 +0800] "GET /eHR/img/ess-logo.png HTTP/1.1" 200 9030 "http://192.168.1.83:8088/eHR/css/layout/layout.min.css" "Mozilla/5.0 (Windows NT 10.0; Win64; x64; rv:144.0) Gecko/20100101 Firefox/144.0"
192.168.11.113 - - [24/Oct/2025:08:45:10 +0800] "GET /eHR/img/ess-logo.png HTTP/1.1" 200 9030
192.168.11.113 - - [24/Oct/2025:08:45:10 +0800] "GET /eHR/img/human.png HTTP/1.1" 200 26107 "http://192.168.1.83:8088/eHR/css/layout/layout.min.css" "Mozilla/5.0 (Windows NT 10.0; Win64; x64; rv:144.0) Gecko/20100101 Firefox/144.0"
192.168.11.113 - - [24/Oct/2025:08:45:10 +0800] "GET /eHR/img/human.png HTTP/1.1" 200 26107
192.168.11.113 - - [24/Oct/2025:08:45:10 +0800] "GET /eHR/img/Person.png HTTP/1.1" 200 960 "http://192.168.1.83:8088/eHR/ess/redirect.php" "Mozilla/5.0 (Windows NT 10.0; Win64; x64; rv:144.0) Gecko/20100101 Firefox/144.0"
192.168.11.113 - - [24/Oct/2025:08:45:10 +0800] "GET /eHR/img/Person.png HTTP/1.1" 200 960
192.168.11.113 - - [24/Oct/2025:08:45:11 +0800] "GET /eHR/img/layout/toggle-lt.gif HTTP/1.1" 200 871 "http://192.168.1.83:8088/eHR/css/layout/layout.min.css" "Mozilla/5.0 (Windows NT 10.0; Win64; x64; rv:144.0) Gecko/20100101 Firefox/144.0"
192.168.11.113 - - [24/Oct/2025:08:45:11 +0800] "GET /eHR/img/layout/toggle-lt.gif HTTP/1.1" 200 871
192.168.11.113 - - [24/Oct/2025:08:45:11 +0800] "GET /eHR/css/jqueryui/themes/redmond/images/ui-icons_6da8d5_256x240.png HTTP/1.1" 200 4369 "http://192.168.1.83:8088/eHR/css/jqueryui/themes/redmond/jquery.ui.theme.css" "Mozilla/5.0 (Windows NT 10.0; Win64; x64; rv:144.0) Gecko/20100101 Firefox/144.0"
192.168.11.113 - - [24/Oct/2025:08:45:11 +0800] "GET /eHR/css/jqueryui/themes/redmond/images/ui-icons_6da8d5_256x240.png HTTP/1.1" 200 4369
192.168.11.113 - - [24/Oct/2025:08:45:11 +0800] "GET /eHR/css/jqueryui/themes/redmond/images/ui-bg_inset-hard_100_fcfdfd_1x100.png HTTP/1.1" 200 88 "http://192.168.1.83:8088/eHR/css/jqueryui/themes/redmond/jquery.ui.theme.css" "Mozilla/5.0 (Windows NT 10.0; Win64; x64; rv:144.0) Gecko/20100101 Firefox/144.0"
192.168.11.113 - - [24/Oct/2025:08:45:11 +0800] "GET /eHR/css/jqueryui/themes/redmond/images/ui-bg_inset-hard_100_fcfdfd_1x100.png HTTP/1.1" 200 88
192.168.11.113 - - [24/Oct/2025:08:45:10 +0800] "GET /eHR/ess/redirect.php?scriptname=ESNH000 HTTP/1.1" 200 9866 "http://192.168.1.83:8088/eHR/ess/redirect.php" "Mozilla/5.0 (Windows NT 10.0; Win64; x64; rv:144.0) Gecko/20100101 Firefox/144.0"
192.168.11.113 - - [24/Oct/2025:08:45:10 +0800] "GET /eHR/ess/redirect.php?scriptname=ESNH000 HTTP/1.1" 200 9866
192.168.11.113 - - [24/Oct/2025:08:45:12 +0800] "GET /eHR/js/i18n/ui.datepicker-zh-CN.min.js HTTP/1.1" 200 697 "http://192.168.1.83:8088/eHR/ess/redirect.php?scriptname=ESNH000" "Mozilla/5.0 (Windows NT 10.0; Win64; x64; rv:144.0) Gecko/20100101 Firefox/144.0"
192.168.11.113 - - [24/Oct/2025:08:45:12 +0800] "GET /eHR/js/i18n/ui.datepicker-zh-CN.min.js HTTP/1.1" 200 697
192.168.11.143 - - [24/Oct/2025:08:45:07 +0800] "POST /eHR/ess/redirect.php?scriptname=emp_lov&openW=Y&rand=0.5401179527527947 HTTP/1.1" 200 25500 "http://192.168.1.83:8088/eHR/ess/redirect.php?scriptname=emp_lov&openW=Y&rand=0.5401179527527947" "Mozilla/5.0 (Windows NT 10.0; Win64; x64) AppleWebKit/537.36 (KHTML, like Gecko) Chrome/141.0.0.0 Safari/537.36 Edg/141.0.0.0"
192.168.11.143 - - [24/Oct/2025:08:45:07 +0800] "POST /eHR/ess/redirect.php?scriptname=emp_lov&openW=Y&rand=0.5401179527527947 HTTP/1.1" 200 25500
192.168.11.113 - - [24/Oct/2025:08:45:18 +0800] "GET /eHR/css/jqueryui/themes/redmond/images/ui-icons_217bc0_256x240.png HTTP/1.1" 200 4369 "http://192.168.1.83:8088/eHR/css/jqueryui/themes/redmond/jquery.ui.theme.css" "Mozilla/5.0 (Windows NT 10.0; Win64; x64; rv:144.0) Gecko/20100101 Firefox/144.0"
192.168.11.113 - - [24/Oct/2025:08:45:18 +0800] "GET /eHR/css/jqueryui/themes/redmond/images/ui-icons_217bc0_256x240.png HTTP/1.1" 200 4369
192.168.11.113 - - [24/Oct/2025:08:45:18 +0800] "GET /eHR/css/jqueryui/themes/redmond/images/ui-icons_f9bd01_256x240.png HTTP/1.1" 200 4369 "http://192.168.1.83:8088/eHR/css/jqueryui/themes/redmond/jquery.ui.theme.css" "Mozilla/5.0 (Windows NT 10.0; Win64; x64; rv:144.0) Gecko/20100101 Firefox/144.0"
192.168.11.113 - - [24/Oct/2025:08:45:18 +0800] "GET /eHR/css/jqueryui/themes/redmond/images/ui-icons_f9bd01_256x240.png HTTP/1.1" 200 4369
192.168.11.113 - - [24/Oct/2025:08:45:20 +0800] "GET /eHR/ess/redirect.php?scriptname=ESNE002&appdesc=%E6%89%B9%E9%87%8F%E8%AF%B7%E5%81%87%E7%94%B3%E8%AF%B7 HTTP/1.1" 200 22190 "http://192.168.1.83:8088/eHR/ess/redirect.php" "Mozilla/5.0 (Windows NT 10.0; Win64; x64; rv:144.0) Gecko/20100101 Firefox/144.0"
192.168.11.113 - - [24/Oct/2025:08:45:20 +0800] "GET /eHR/ess/redirect.php?scriptname=ESNE002&appdesc=%E6%89%B9%E9%87%8F%E8%AF%B7%E5%81%87%E7%94%B3%E8%AF%B7 HTTP/1.1" 200 22190
192.168.11.113 - - [24/Oct/2025:08:45:21 +0800] "GET /eHR/css/jqueryui/themes/redmond/images/ui-bg_gloss-wave_55_5c9ccc_500x100.png HTTP/1.1" 200 3457 "http://192.168.1.83:8088/eHR/css/jqueryui/themes/redmond/jquery.ui.theme.css" "Mozilla/5.0 (Windows NT 10.0; Win64; x64; rv:144.0) Gecko/20100101 Firefox/144.0"
192.168.11.113 - - [24/Oct/2025:08:45:21 +0800] "GET /eHR/css/jqueryui/themes/redmond/images/ui-bg_gloss-wave_55_5c9ccc_500x100.png HTTP/1.1" 200 3457
192.168.11.113 - - [24/Oct/2025:08:45:21 +0800] "GET /eHR/img/date.png HTTP/1.1" 200 626 "http://192.168.1.83:8088/eHR/ess/redirect.php?scriptname=ESNE002&appdesc=%E6%89%B9%E9%87%8F%E8%AF%B7%E5%81%87%E7%94%B3%E8%AF%B7" "Mozilla/5.0 (Windows NT 10.0; Win64; x64; rv:144.0) Gecko/20100101 Firefox/144.0"
192.168.11.113 - - [24/Oct/2025:08:45:21 +0800] "GET /eHR/img/date.png HTTP/1.1" 200 626
192.168.11.113 - - [24/Oct/2025:08:45:21 +0800] "GET /eHR/img/icon-time.gif HTTP/1.1" 200 242 "http://192.168.1.83:8088/eHR/ess/redirect.php?scriptname=ESNE002&appdesc=%E6%89%B9%E9%87%8F%E8%AF%B7%E5%81%87%E7%94%B3%E8%AF%B7" "Mozilla/5.0 (Windows NT 10.0; Win64; x64; rv:144.0) Gecko/20100101 Firefox/144.0"
192.168.11.113 - - [24/Oct/2025:08:45:21 +0800] "GET /eHR/img/icon-time.gif HTTP/1.1" 200 242
192.168.11.151 - - [24/Oct/2025:08:45:22 +0800] "GET /eHR/ess/redirect.php?scriptname=emp_lov&openW=Y&rand=0.39914861474556385 HTTP/1.1" 200 8468 "http://192.168.1.83:8088/eHR/ess/redirect.php?scriptname=ESNE001&appdesc=%E6%89%B9%E9%87%8F%E5%8A%A0%E7%8F%AD%E7%94%B3%E8%AF%B7" "Mozilla/5.0 (Windows NT 6.2; Win64; x64) AppleWebKit/537.36 (KHTML, like Gecko) Chrome/105.0.0.0 Safari/537.36"
192.168.11.151 - - [24/Oct/2025:08:45:22 +0800] "GET /eHR/ess/redirect.php?scriptname=emp_lov&openW=Y&rand=0.39914861474556385 HTTP/1.1" 200 8468
192.168.11.151 - - [24/Oct/2025:08:45:24 +0800] "POST /eHR/ess/redirect.php?scriptname=emp_lov&openW=Y&rand=0.39914861474556385 HTTP/1.1" 200 15208 "http://192.168.1.83:8088/eHR/ess/redirect.php?scriptname=emp_lov&openW=Y&rand=0.39914861474556385" "Mozilla/5.0 (Windows NT 6.2; Win64; x64) AppleWebKit/537.36 (KHTML, like Gecko) Chrome/105.0.0.0 Safari/537.36"
192.168.11.151 - - [24/Oct/2025:08:45:24 +0800] "POST /eHR/ess/redirect.php?scriptname=emp_lov&openW=Y&rand=0.39914861474556385 HTTP/1.1" 200 15208
192.168.11.113 - - [24/Oct/2025:08:45:32 +0800] "GET /eHR/css/jqueryui/themes/redmond/images/ui-bg_flat_55_fbec88_40x100.png HTTP/1.1" 200 182 "http://192.168.1.83:8088/eHR/css/jqueryui/themes/redmond/jquery.ui.theme.css" "Mozilla/5.0 (Windows NT 10.0; Win64; x64; rv:144.0) Gecko/20100101 Firefox/144.0"
192.168.11.113 - - [24/Oct/2025:08:45:32 +0800] "GET /eHR/css/jqueryui/themes/redmond/images/ui-bg_flat_55_fbec88_40x100.png HTTP/1.1" 200 182
192.168.11.113 - - [24/Oct/2025:08:45:32 +0800] "GET /eHR/css/jqueryui/themes/redmond/images/ui-icons_d8e7f3_256x240.png HTTP/1.1" 200 4369 "http://192.168.1.83:8088/eHR/css/jqueryui/themes/redmond/jquery.ui.theme.css" "Mozilla/5.0 (Windows NT 10.0; Win64; x64; rv:144.0) Gecko/20100101 Firefox/144.0"
192.168.11.113 - - [24/Oct/2025:08:45:32 +0800] "GET /eHR/css/jqueryui/themes/redmond/images/ui-icons_d8e7f3_256x240.png HTTP/1.1" 200 4369
192.168.11.151 - - [24/Oct/2025:08:45:38 +0800] "POST /eHR/ess/redirect.php?scriptname=ESNE001&appdesc=%E6%89%B9%E9%87%8F%E5%8A%A0%E7%8F%AD%E7%94%B3%E8%AF%B7 HTTP/1.1" 200 4282 "http://192.168.1.83:8088/eHR/ess/redirect.php?scriptname=ESNE001&appdesc=%E6%89%B9%E9%87%8F%E5%8A%A0%E7%8F%AD%E7%94%B3%E8%AF%B7" "Mozilla/5.0 (Windows NT 6.2; Win64; x64) AppleWebKit/537.36 (KHTML, like Gecko) Chrome/105.0.0.0 Safari/537.36"
192.168.11.151 - - [24/Oct/2025:08:45:38 +0800] "POST /eHR/ess/redirect.php?scriptname=ESNE001&appdesc=%E6%89%B9%E9%87%8F%E5%8A%A0%E7%8F%AD%E7%94%B3%E8%AF%B7 HTTP/1.1" 200 4282
192.168.11.151 - - [24/Oct/2025:08:45:42 +0800] "GET /eHR/ess/redirect.php?scriptname=ESNE001&appdesc=%E6%89%B9%E9%87%8F%E5%8A%A0%E7%8F%AD%E7%94%B3%E8%AF%B7 HTTP/1.1" 200 15271 "http://192.168.1.83:8088/eHR/ess/redirect.php" "Mozilla/5.0 (Windows NT 6.2; Win64; x64) AppleWebKit/537.36 (KHTML, like Gecko) Chrome/105.0.0.0 Safari/537.36"
192.168.11.151 - - [24/Oct/2025:08:45:42 +0800] "GET /eHR/ess/redirect.php?scriptname=ESNE001&appdesc=%E6%89%B9%E9%87%8F%E5%8A%A0%E7%8F%AD%E7%94%B3%E8%AF%B7 HTTP/1.1" 200 15271
192.168.11.113 - - [24/Oct/2025:08:45:50 +0800] "GET /eHR/ess/redirect.php?scriptname=emp_lov&openW=Y&rand=0.6525413922951875 HTTP/1.1" 200 10228 "http://192.168.1.83:8088/eHR/ess/redirect.php?scriptname=ESNE002&appdesc=%E6%89%B9%E9%87%8F%E8%AF%B7%E5%81%87%E7%94%B3%E8%AF%B7" "Mozilla/5.0 (Windows NT 10.0; Win64; x64; rv:144.0) Gecko/20100101 Firefox/144.0"
192.168.11.113 - - [24/Oct/2025:08:45:50 +0800] "GET /eHR/ess/redirect.php?scriptname=emp_lov&openW=Y&rand=0.6525413922951875 HTTP/1.1" 200 10228
192.168.11.143 - - [24/Oct/2025:08:45:54 +0800] "POST /eHR/ess/redirect.php?scriptname=ESNE001&appdesc=%E6%89%B9%E9%87%8F%E5%8A%A0%E7%8F%AD%E7%94%B3%E8%AF%B7 HTTP/1.1" 302 - "http://192.168.1.83:8088/eHR/ess/redirect.php?scriptname=ESNE001&appdesc=%E6%89%B9%E9%87%8F%E5%8A%A0%E7%8F%AD%E7%94%B3%E8%AF%B7" "Mozilla/5.0 (Windows NT 10.0; Win64; x64) AppleWebKit/537.36 (KHTML, like Gecko) Chrome/141.0.0.0 Safari/537.36 Edg/141.0.0.0"
192.168.11.143 - - [24/Oct/2025:08:45:54 +0800] "POST /eHR/ess/redirect.php?scriptname=ESNE001&appdesc=%E6%89%B9%E9%87%8F%E5%8A%A0%E7%8F%AD%E7%94%B3%E8%AF%B7 HTTP/1.1" 302 -
192.168.40.56 - - [24/Oct/2025:08:45:53 +0800] "GET /eHR/ess/redirect.php?scriptname=ESNH000&appdesc=%E9%A6%96%E9%A1%B5 HTTP/1.1" 200 9866 "http://192.168.1.83:8088/eHR/ess/redirect.php" "Mozilla/5.0 (Windows NT 6.2; Win64; x64) AppleWebKit/537.36 (KHTML, like Gecko) Chrome/105.0.0.0 Safari/537.36"
192.168.40.56 - - [24/Oct/2025:08:45:53 +0800] "GET /eHR/ess/redirect.php?scriptname=ESNH000&appdesc=%E9%A6%96%E9%A1%B5 HTTP/1.1" 200 9866
192.168.11.143 - - [24/Oct/2025:08:45:55 +0800] "GET /eHR/ess/redirect.php?scriptname=page_success&msgtxt=%E6%82%A8%E7%9A%84%E5%8A%A0%E7%8F%AD%E7%94%B3%E8%AB%8B%E5%B7%B2%E6%88%90%E5%8A%9F%E6%8F%90%E4%BA%A4%E5%BE%8C%E5%8F%B0%E8%99%95%E7%90%86.%3Cbr%3E%E6%82%A8%E5%8F%AF%E4%BB%A5%E5%9C%A8%3Ca+href%3D%22..%2Fess%2Fredirect.php%3Fscriptname%3DESNE023%26requestno%3D131880%22%3E%E9%80%99%E8%A3%A1%3C%2Fa%3E%E6%9F%A5%E7%9C%8B%E7%94%B3%E8%AB%8B%E8%99%95%E7%90%86%E7%B5%90%E6%9E%9C.%3Cbr%3E%E6%89%B9%E6%AC%A1%E8%99%9F%E7%82%BA%3A131880&target=iframe HTTP/1.1" 200 3251 "http://192.168.1.83:8088/eHR/ess/redirect.php?scriptname=ESNE001&appdesc=%E6%89%B9%E9%87%8F%E5%8A%A0%E7%8F%AD%E7%94%B3%E8%AF%B7" "Mozilla/5.0 (Windows NT 10.0; Win64; x64) AppleWebKit/537.36 (KHTML, like Gecko) Chrome/141.0.0.0 Safari/537.36 Edg/141.0.0.0"
192.168.11.143 - - [24/Oct/2025:08:45:55 +0800] "GET /eHR/ess/redirect.php?scriptname=page_success&msgtxt=%E6%82%A8%E7%9A%84%E5%8A%A0%E7%8F%AD%E7%94%B3%E8%AB%8B%E5%B7%B2%E6%88%90%E5%8A%9F%E6%8F%90%E4%BA%A4%E5%BE%8C%E5%8F%B0%E8%99%95%E7%90%86.%3Cbr%3E%E6%82%A8%E5%8F%AF%E4%BB%A5%E5%9C%A8%3Ca+href%3D%22..%2Fess%2Fredirect.php%3Fscriptname%3DESNE023%26requestno%3D131880%22%3E%E9%80%99%E8%A3%A1%3C%2Fa%3E%E6%9F%A5%E7%9C%8B%E7%94%B3%E8%AB%8B%E8%99%95%E7%90%86%E7%B5%90%E6%9E%9C.%3Cbr%3E%E6%89%B9%E6%AC%A1%E8%99%9F%E7%82%BA%3A131880&target=iframe HTTP/1.1" 200 3251
192.168.11.143 - - [24/Oct/2025:08:45:57 +0800] "GET /eHR/ess/redirect.php?scriptname=ESNE003&appdesc=%E6%89%B9%E9%87%8F%E5%8A%A0%E7%8F%AD%E6%9F%A5%E8%AF%A2 HTTP/1.1" 200 7833 "http://192.168.1.83:8088/eHR/ess/redirect.php" "Mozilla/5.0 (Windows NT 10.0; Win64; x64) AppleWebKit/537.36 (KHTML, like Gecko) Chrome/141.0.0.0 Safari/537.36 Edg/141.0.0.0"
192.168.11.143 - - [24/Oct/2025:08:45:57 +0800] "GET /eHR/ess/redirect.php?scriptname=ESNE003&appdesc=%E6%89%B9%E9%87%8F%E5%8A%A0%E7%8F%AD%E6%9F%A5%E8%AF%A2 HTTP/1.1" 200 7833
192.168.11.113 - - [24/Oct/2025:08:45:58 +0800] "POST /eHR/ess/redirect.php?scriptname=emp_lov&openW=Y&rand=0.6525413922951875 HTTP/1.1" 200 12411 "http://192.168.1.83:8088/eHR/ess/redirect.php?scriptname=emp_lov&openW=Y&rand=0.6525413922951875" "Mozilla/5.0 (Windows NT 10.0; Win64; x64; rv:144.0) Gecko/20100101 Firefox/144.0"
192.168.11.113 - - [24/Oct/2025:08:45:58 +0800] "POST /eHR/ess/redirect.php?scriptname=emp_lov&openW=Y&rand=0.6525413922951875 HTTP/1.1" 200 12411
192.168.11.151 - - [24/Oct/2025:08:45:59 +0800] "GET /eHR/ess/redirect.php?scriptname=emp_lov&openW=Y&rand=0.36263562613303324 HTTP/1.1" 200 8468 "http://192.168.1.83:8088/eHR/ess/redirect.php?scriptname=ESNE001&appdesc=%E6%89%B9%E9%87%8F%E5%8A%A0%E7%8F%AD%E7%94%B3%E8%AF%B7" "Mozilla/5.0 (Windows NT 6.2; Win64; x64) AppleWebKit/537.36 (KHTML, like Gecko) Chrome/105.0.0.0 Safari/537.36"
192.168.11.151 - - [24/Oct/2025:08:45:59 +0800] "GET /eHR/ess/redirect.php?scriptname=emp_lov&openW=Y&rand=0.36263562613303324 HTTP/1.1" 200 8468
192.168.11.113 - - [24/Oct/2025:08:46:03 +0800] "POST /eHR/ess/redirect.php?scriptname=ESNE002&appdesc=%E6%89%B9%E9%87%8F%E8%AF%B7%E5%81%87%E7%94%B3%E8%AF%B7 HTTP/1.1" 200 4201 "http://192.168.1.83:8088/eHR/ess/redirect.php?scriptname=ESNE002&appdesc=%E6%89%B9%E9%87%8F%E8%AF%B7%E5%81%87%E7%94%B3%E8%AF%B7" "Mozilla/5.0 (Windows NT 10.0; Win64; x64; rv:144.0) Gecko/20100101 Firefox/144.0"
192.168.11.113 - - [24/Oct/2025:08:46:03 +0800] "POST /eHR/ess/redirect.php?scriptname=ESNE002&appdesc=%E6%89%B9%E9%87%8F%E8%AF%B7%E5%81%87%E7%94%B3%E8%AF%B7 HTTP/1.1" 200 4201
192.168.11.113 - - [24/Oct/2025:08:46:04 +0800] "GET /eHR/css/jqueryui/themes/redmond/images/ui-icons_2e83ff_256x240.png HTTP/1.1" 200 4369 "http://192.168.1.83:8088/eHR/css/jqueryui/themes/redmond/jquery.ui.theme.css" "Mozilla/5.0 (Windows NT 10.0; Win64; x64; rv:144.0) Gecko/20100101 Firefox/144.0"
192.168.11.113 - - [24/Oct/2025:08:46:04 +0800] "GET /eHR/css/jqueryui/themes/redmond/images/ui-icons_2e83ff_256x240.png HTTP/1.1" 200 4369
192.168.11.113 - - [24/Oct/2025:08:46:04 +0800] "GET /eHR/img/Y.png HTTP/1.1" 200 1084 "http://192.168.1.83:8088/eHR/ess/redirect.php?scriptname=ESNE002&appdesc=%E6%89%B9%E9%87%8F%E8%AF%B7%E5%81%87%E7%94%B3%E8%AF%B7" "Mozilla/5.0 (Windows NT 10.0; Win64; x64; rv:144.0) Gecko/20100101 Firefox/144.0"
192.168.11.113 - - [24/Oct/2025:08:46:04 +0800] "GET /eHR/img/Y.png HTTP/1.1" 200 1084
192.168.11.113 - - [24/Oct/2025:08:46:07 +0800] "GET /eHR/img/layout/resizable-w.gif HTTP/1.1" 200 368 "http://192.168.1.83:8088/eHR/css/layout/layout.min.css" "Mozilla/5.0 (Windows NT 10.0; Win64; x64; rv:144.0) Gecko/20100101 Firefox/144.0"
192.168.11.113 - - [24/Oct/2025:08:46:07 +0800] "GET /eHR/img/layout/resizable-w.gif HTTP/1.1" 200 368
192.168.11.113 - - [24/Oct/2025:08:46:07 +0800] "GET /eHR/ess/redirect.php?scriptname=ESNE002&appdesc=%E6%89%B9%E9%87%8F%E8%AF%B7%E5%81%87%E7%94%B3%E8%AF%B7 HTTP/1.1" 200 22190
192.168.11.113 - - [24/Oct/2025:08:46:07 +0800] "GET /eHR/ess/redirect.php?scriptname=ESNE002&appdesc=%E6%89%B9%E9%87%8F%E8%AF%B7%E5%81%87%E7%94%B3%E8%AF%B7 HTTP/1.1" 200 22190 "http://192.168.1.83:8088/eHR/ess/redirect.php" "Mozilla/5.0 (Windows NT 10.0; Win64; x64; rv:144.0) Gecko/20100101 Firefox/144.0"
192.168.11.143 - - [24/Oct/2025:08:46:08 +0800] "POST /eHR/ess/redirect.php?scriptname=ESNE003&appdesc=%E6%89%B9%E9%87%8F%E5%8A%A0%E7%8F%AD%E6%9F%A5%E8%AF%A2 HTTP/1.1" 200 23398 "http://192.168.1.83:8088/eHR/ess/redirect.php?scriptname=ESNE003&appdesc=%E6%89%B9%E9%87%8F%E5%8A%A0%E7%8F%AD%E6%9F%A5%E8%AF%A2" "Mozilla/5.0 (Windows NT 10.0; Win64; x64) AppleWebKit/537.36 (KHTML, like Gecko) Chrome/141.0.0.0 Safari/537.36 Edg/141.0.0.0"
192.168.11.143 - - [24/Oct/2025:08:46:08 +0800] "POST /eHR/ess/redirect.php?scriptname=ESNE003&appdesc=%E6%89%B9%E9%87%8F%E5%8A%A0%E7%8F%AD%E6%9F%A5%E8%AF%A2 HTTP/1.1" 200 23398
192.168.11.151 - - [24/Oct/2025:08:46:07 +0800] "POST /eHR/ess/redirect.php?scriptname=emp_lov&openW=Y&rand=0.36263562613303324 HTTP/1.1" 200 15208 "http://192.168.1.83:8088/eHR/ess/redirect.php?scriptname=emp_lov&openW=Y&rand=0.36263562613303324" "Mozilla/5.0 (Windows NT 6.2; Win64; x64) AppleWebKit/537.36 (KHTML, like Gecko) Chrome/105.0.0.0 Safari/537.36"
192.168.11.151 - - [24/Oct/2025:08:46:07 +0800] "POST /eHR/ess/redirect.php?scriptname=emp_lov&openW=Y&rand=0.36263562613303324 HTTP/1.1" 200 15208
192.168.11.151 - - [24/Oct/2025:08:46:26 +0800] "POST /eHR/ess/redirect.php?scriptname=ESNE001&appdesc=%E6%89%B9%E9%87%8F%E5%8A%A0%E7%8F%AD%E7%94%B3%E8%AF%B7 HTTP/1.1" 200 4072 "http://192.168.1.83:8088/eHR/ess/redirect.php?scriptname=ESNE001&appdesc=%E6%89%B9%E9%87%8F%E5%8A%A0%E7%8F%AD%E7%94%B3%E8%AF%B7" "Mozilla/5.0 (Windows NT 6.2; Win64; x64) AppleWebKit/537.36 (KHTML, like Gecko) Chrome/105.0.0.0 Safari/537.36"
192.168.11.151 - - [24/Oct/2025:08:46:26 +0800] "POST /eHR/ess/redirect.php?scriptname=ESNE001&appdesc=%E6%89%B9%E9%87%8F%E5%8A%A0%E7%8F%AD%E7%94%B3%E8%AF%B7 HTTP/1.1" 200 4072
192.168.11.151 - - [24/Oct/2025:08:46:29 +0800] "GET /eHR/ess/redirect.php?scriptname=ESNE001&appdesc=%E6%89%B9%E9%87%8F%E5%8A%A0%E7%8F%AD%E7%94%B3%E8%AF%B7 HTTP/1.1" 200 15271 "http://192.168.1.83:8088/eHR/ess/redirect.php" "Mozilla/5.0 (Windows NT 6.2; Win64; x64) AppleWebKit/537.36 (KHTML, like Gecko) Chrome/105.0.0.0 Safari/537.36"
192.168.11.151 - - [24/Oct/2025:08:46:29 +0800] "GET /eHR/ess/redirect.php?scriptname=ESNE001&appdesc=%E6%89%B9%E9%87%8F%E5%8A%A0%E7%8F%AD%E7%94%B3%E8%AF%B7 HTTP/1.1" 200 15271
192.168.11.178 - - [24/Oct/2025:08:46:40 +0800] "GET /eHR/ess/redirect.php HTTP/1.1" 302 121 "-" "Mozilla/5.0 (Windows NT 6.2; Win64; x64) AppleWebKit/537.36 (KHTML, like Gecko) Chrome/105.0.0.0 Safari/537.36"
192.168.11.178 - - [24/Oct/2025:08:46:40 +0800] "GET /eHR/ess/redirect.php HTTP/1.1" 302 121
192.168.11.178 - - [24/Oct/2025:08:46:40 +0800] "GET /eHR/ess/index.php?action=logout HTTP/1.1" 200 8826 "-" "Mozilla/5.0 (Windows NT 6.2; Win64; x64) AppleWebKit/537.36 (KHTML, like Gecko) Chrome/105.0.0.0 Safari/537.36"
192.168.11.178 - - [24/Oct/2025:08:46:40 +0800] "GET /eHR/ess/index.php?action=logout HTTP/1.1" 200 8826
192.168.11.113 - - [24/Oct/2025:08:46:45 +0800] "GET /eHR/ess/redirect.php?scriptname=emp_lov&openW=Y&rand=0.5959255037850774 HTTP/1.1" 200 10228 "http://192.168.1.83:8088/eHR/ess/redirect.php?scriptname=ESNE002&appdesc=%E6%89%B9%E9%87%8F%E8%AF%B7%E5%81%87%E7%94%B3%E8%AF%B7" "Mozilla/5.0 (Windows NT 10.0; Win64; x64; rv:144.0) Gecko/20100101 Firefox/144.0"
192.168.11.113 - - [24/Oct/2025:08:46:45 +0800] "GET /eHR/ess/redirect.php?scriptname=emp_lov&openW=Y&rand=0.5959255037850774 HTTP/1.1" 200 10228
192.168.11.178 - - [24/Oct/2025:08:46:44 +0800] "POST /eHR/ess/includes/login.php HTTP/1.1" 302 - "http://192.168.1.83:8088/eHR/ess/index.php?action=logout" "Mozilla/5.0 (Windows NT 6.2; Win64; x64) AppleWebKit/537.36 (KHTML, like Gecko) Chrome/105.0.0.0 Safari/537.36"
192.168.11.178 - - [24/Oct/2025:08:46:44 +0800] "POST /eHR/ess/includes/login.php HTTP/1.1" 302 -
192.168.11.178 - - [24/Oct/2025:08:46:49 +0800] "GET /eHR/ess/redirect.php HTTP/1.1" 200 8926 "http://192.168.1.83:8088/eHR/ess/index.php?action=logout" "Mozilla/5.0 (Windows NT 6.2; Win64; x64) AppleWebKit/537.36 (KHTML, like Gecko) Chrome/105.0.0.0 Safari/537.36"
192.168.11.178 - - [24/Oct/2025:08:46:49 +0800] "GET /eHR/ess/redirect.php HTTP/1.1" 200 8926
192.168.11.178 - - [24/Oct/2025:08:46:50 +0800] "GET /eHR/ess/redirect.php?scriptname=ESNH000 HTTP/1.1" 200 9866 "http://192.168.1.83:8088/eHR/ess/redirect.php" "Mozilla/5.0 (Windows NT 6.2; Win64; x64) AppleWebKit/537.36 (KHTML, like Gecko) Chrome/105.0.0.0 Safari/537.36"
192.168.11.178 - - [24/Oct/2025:08:46:50 +0800] "GET /eHR/ess/redirect.php?scriptname=ESNH000 HTTP/1.1" 200 9866
192.168.11.113 - - [24/Oct/2025:08:46:51 +0800] "POST /eHR/ess/redirect.php?scriptname=emp_lov&openW=Y&rand=0.5959255037850774 HTTP/1.1" 200 12411 "http://192.168.1.83:8088/eHR/ess/redirect.php?scriptname=emp_lov&openW=Y&rand=0.5959255037850774" "Mozilla/5.0 (Windows NT 10.0; Win64; x64; rv:144.0) Gecko/20100101 Firefox/144.0"
192.168.11.113 - - [24/Oct/2025:08:46:51 +0800] "POST /eHR/ess/redirect.php?scriptname=emp_lov&openW=Y&rand=0.5959255037850774 HTTP/1.1" 200 12411
192.168.11.113 - - [24/Oct/2025:08:46:55 +0800] "POST /eHR/ess/redirect.php?scriptname=ESNE002&appdesc=%E6%89%B9%E9%87%8F%E8%AF%B7%E5%81%87%E7%94%B3%E8%AF%B7 HTTP/1.1" 200 4201 "http://192.168.1.83:8088/eHR/ess/redirect.php?scriptname=ESNE002&appdesc=%E6%89%B9%E9%87%8F%E8%AF%B7%E5%81%87%E7%94%B3%E8%AF%B7" "Mozilla/5.0 (Windows NT 10.0; Win64; x64; rv:144.0) Gecko/20100101 Firefox/144.0"
192.168.11.113 - - [24/Oct/2025:08:46:55 +0800] "POST /eHR/ess/redirect.php?scriptname=ESNE002&appdesc=%E6%89%B9%E9%87%8F%E8%AF%B7%E5%81%87%E7%94%B3%E8%AF%B7 HTTP/1.1" 200 4201
192.168.11.178 - - [24/Oct/2025:08:47:01 +0800] "GET /eHR/ess/redirect.php?scriptname=ESNE001&appdesc=%E6%89%B9%E9%87%8F%E5%8A%A0%E7%8F%AD%E7%94%B3%E8%AF%B7 HTTP/1.1" 200 15271 "http://192.168.1.83:8088/eHR/ess/redirect.php" "Mozilla/5.0 (Windows NT 6.2; Win64; x64) AppleWebKit/537.36 (KHTML, like Gecko) Chrome/105.0.0.0 Safari/537.36"
192.168.11.178 - - [24/Oct/2025:08:47:01 +0800] "GET /eHR/ess/redirect.php?scriptname=ESNE001&appdesc=%E6%89%B9%E9%87%8F%E5%8A%A0%E7%8F%AD%E7%94%B3%E8%AF%B7 HTTP/1.1" 200 15271
192.168.11.178 - - [24/Oct/2025:08:47:14 +0800] "GET /eHR/ess/redirect.php?scriptname=emp_lov&openW=Y&rand=0.19625333397912925 HTTP/1.1" 200 8728 "http://192.168.1.83:8088/eHR/ess/redirect.php?scriptname=ESNE001&appdesc=%E6%89%B9%E9%87%8F%E5%8A%A0%E7%8F%AD%E7%94%B3%E8%AF%B7" "Mozilla/5.0 (Windows NT 6.2; Win64; x64) AppleWebKit/537.36 (KHTML, like Gecko) Chrome/105.0.0.0 Safari/537.36"
192.168.11.178 - - [24/Oct/2025:08:47:14 +0800] "GET /eHR/ess/redirect.php?scriptname=emp_lov&openW=Y&rand=0.19625333397912925 HTTP/1.1" 200 8728
192.168.11.178 - - [24/Oct/2025:08:47:17 +0800] "POST /eHR/ess/redirect.php?scriptname=emp_lov&openW=Y&rand=0.19625333397912925 HTTP/1.1" 200 14146
192.168.11.178 - - [24/Oct/2025:08:47:17 +0800] "POST /eHR/ess/redirect.php?scriptname=emp_lov&openW=Y&rand=0.19625333397912925 HTTP/1.1" 200 14146 "http://192.168.1.83:8088/eHR/ess/redirect.php?scriptname=emp_lov&openW=Y&rand=0.19625333397912925" "Mozilla/5.0 (Windows NT 6.2; Win64; x64) AppleWebKit/537.36 (KHTML, like Gecko) Chrome/105.0.0.0 Safari/537.36"
192.168.11.151 - - [24/Oct/2025:08:47:21 +0800] "GET /eHR/ess/redirect.php?scriptname=emp_lov&openW=Y&rand=0.04984355831392717 HTTP/1.1" 200 8468 "http://192.168.1.83:8088/eHR/ess/redirect.php?scriptname=ESNE001&appdesc=%E6%89%B9%E9%87%8F%E5%8A%A0%E7%8F%AD%E7%94%B3%E8%AF%B7" "Mozilla/5.0 (Windows NT 6.2; Win64; x64) AppleWebKit/537.36 (KHTML, like Gecko) Chrome/105.0.0.0 Safari/537.36"
192.168.11.151 - - [24/Oct/2025:08:47:21 +0800] "GET /eHR/ess/redirect.php?scriptname=emp_lov&openW=Y&rand=0.04984355831392717 HTTP/1.1" 200 8468
192.168.11.178 - - [24/Oct/2025:08:47:27 +0800] "POST /eHR/ess/redirect.php?scriptname=ESNE001&appdesc=%E6%89%B9%E9%87%8F%E5%8A%A0%E7%8F%AD%E7%94%B3%E8%AF%B7 HTTP/1.1" 200 4063 "http://192.168.1.83:8088/eHR/ess/redirect.php?scriptname=ESNE001&appdesc=%E6%89%B9%E9%87%8F%E5%8A%A0%E7%8F%AD%E7%94%B3%E8%AF%B7" "Mozilla/5.0 (Windows NT 6.2; Win64; x64) AppleWebKit/537.36 (KHTML, like Gecko) Chrome/105.0.0.0 Safari/537.36"
192.168.11.178 - - [24/Oct/2025:08:47:27 +0800] "POST /eHR/ess/redirect.php?scriptname=ESNE001&appdesc=%E6%89%B9%E9%87%8F%E5%8A%A0%E7%8F%AD%E7%94%B3%E8%AF%B7 HTTP/1.1" 200 4063
192.168.11.151 - - [24/Oct/2025:08:47:24 +0800] "POST /eHR/ess/redirect.php?scriptname=emp_lov&openW=Y&rand=0.04984355831392717 HTTP/1.1" 200 15208 "http://192.168.1.83:8088/eHR/ess/redirect.php?scriptname=emp_lov&openW=Y&rand=0.04984355831392717" "Mozilla/5.0 (Windows NT 6.2; Win64; x64) AppleWebKit/537.36 (KHTML, like Gecko) Chrome/105.0.0.0 Safari/537.36"
192.168.11.151 - - [24/Oct/2025:08:47:24 +0800] "POST /eHR/ess/redirect.php?scriptname=emp_lov&openW=Y&rand=0.04984355831392717 HTTP/1.1" 200 15208
192.168.11.178 - - [24/Oct/2025:08:47:32 +0800] "GET /eHR/ess/redirect.php?scriptname=ESNE001&appdesc=%E6%89%B9%E9%87%8F%E5%8A%A0%E7%8F%AD%E7%94%B3%E8%AF%B7 HTTP/1.1" 200 15271 "http://192.168.1.83:8088/eHR/ess/redirect.php" "Mozilla/5.0 (Windows NT 6.2; Win64; x64) AppleWebKit/537.36 (KHTML, like Gecko) Chrome/105.0.0.0 Safari/537.36"
192.168.11.178 - - [24/Oct/2025:08:47:32 +0800] "GET /eHR/ess/redirect.php?scriptname=ESNE001&appdesc=%E6%89%B9%E9%87%8F%E5%8A%A0%E7%8F%AD%E7%94%B3%E8%AF%B7 HTTP/1.1" 200 15271
192.168.11.178 - - [24/Oct/2025:08:47:44 +0800] "GET /eHR/ess/redirect.php?scriptname=emp_lov&openW=Y&rand=0.8911544342238704 HTTP/1.1" 200 8728 "http://192.168.1.83:8088/eHR/ess/redirect.php?scriptname=ESNE001&appdesc=%E6%89%B9%E9%87%8F%E5%8A%A0%E7%8F%AD%E7%94%B3%E8%AF%B7" "Mozilla/5.0 (Windows NT 6.2; Win64; x64) AppleWebKit/537.36 (KHTML, like Gecko) Chrome/105.0.0.0 Safari/537.36"
192.168.11.178 - - [24/Oct/2025:08:47:44 +0800] "GET /eHR/ess/redirect.php?scriptname=emp_lov&openW=Y&rand=0.8911544342238704 HTTP/1.1" 200 8728
192.168.11.178 - - [24/Oct/2025:08:47:47 +0800] "POST /eHR/ess/redirect.php?scriptname=emp_lov&openW=Y&rand=0.8911544342238704 HTTP/1.1" 200 14146 "http://192.168.1.83:8088/eHR/ess/redirect.php?scriptname=emp_lov&openW=Y&rand=0.8911544342238704" "Mozilla/5.0 (Windows NT 6.2; Win64; x64) AppleWebKit/537.36 (KHTML, like Gecko) Chrome/105.0.0.0 Safari/537.36"
192.168.11.178 - - [24/Oct/2025:08:47:47 +0800] "POST /eHR/ess/redirect.php?scriptname=emp_lov&openW=Y&rand=0.8911544342238704 HTTP/1.1" 200 14146
192.168.11.178 - - [24/Oct/2025:08:47:52 +0800] "POST /eHR/ess/redirect.php?scriptname=ESNE001&appdesc=%E6%89%B9%E9%87%8F%E5%8A%A0%E7%8F%AD%E7%94%B3%E8%AF%B7 HTTP/1.1" 200 4062 "http://192.168.1.83:8088/eHR/ess/redirect.php?scriptname=ESNE001&appdesc=%E6%89%B9%E9%87%8F%E5%8A%A0%E7%8F%AD%E7%94%B3%E8%AF%B7" "Mozilla/5.0 (Windows NT 6.2; Win64; x64) AppleWebKit/537.36 (KHTML, like Gecko) Chrome/105.0.0.0 Safari/537.36"
192.168.11.178 - - [24/Oct/2025:08:47:52 +0800] "POST /eHR/ess/redirect.php?scriptname=ESNE001&appdesc=%E6%89%B9%E9%87%8F%E5%8A%A0%E7%8F%AD%E7%94%B3%E8%AF%B7 HTTP/1.1" 200 4062
192.168.11.178 - - [24/Oct/2025:08:47:55 +0800] "GET /eHR/ess/redirect.php?scriptname=ESNE001&appdesc=%E6%89%B9%E9%87%8F%E5%8A%A0%E7%8F%AD%E7%94%B3%E8%AF%B7 HTTP/1.1" 200 15271 "http://192.168.1.83:8088/eHR/ess/redirect.php" "Mozilla/5.0 (Windows NT 6.2; Win64; x64) AppleWebKit/537.36 (KHTML, like Gecko) Chrome/105.0.0.0 Safari/537.36"
192.168.11.178 - - [24/Oct/2025:08:47:55 +0800] "GET /eHR/ess/redirect.php?scriptname=ESNE001&appdesc=%E6%89%B9%E9%87%8F%E5%8A%A0%E7%8F%AD%E7%94%B3%E8%AF%B7 HTTP/1.1" 200 15271
192.168.11.151 - - [24/Oct/2025:08:47:55 +0800] "POST /eHR/ess/redirect.php?scriptname=ESNE001&appdesc=%E6%89%B9%E9%87%8F%E5%8A%A0%E7%8F%AD%E7%94%B3%E8%AF%B7 HTTP/1.1" 200 4285 "http://192.168.1.83:8088/eHR/ess/redirect.php?scriptname=ESNE001&appdesc=%E6%89%B9%E9%87%8F%E5%8A%A0%E7%8F%AD%E7%94%B3%E8%AF%B7" "Mozilla/5.0 (Windows NT 6.2; Win64; x64) AppleWebKit/537.36 (KHTML, like Gecko) Chrome/105.0.0.0 Safari/537.36"
192.168.11.151 - - [24/Oct/2025:08:47:55 +0800] "POST /eHR/ess/redirect.php?scriptname=ESNE001&appdesc=%E6%89%B9%E9%87%8F%E5%8A%A0%E7%8F%AD%E7%94%B3%E8%AF%B7 HTTP/1.1" 200 4285
192.168.11.151 - - [24/Oct/2025:08:47:59 +0800] "GET /eHR/ess/redirect.php?scriptname=ESNE001&appdesc=%E6%89%B9%E9%87%8F%E5%8A%A0%E7%8F%AD%E7%94%B3%E8%AF%B7 HTTP/1.1" 200 15271 "http://192.168.1.83:8088/eHR/ess/redirect.php" "Mozilla/5.0 (Windows NT 6.2; Win64; x64) AppleWebKit/537.36 (KHTML, like Gecko) Chrome/105.0.0.0 Safari/537.36"
192.168.11.151 - - [24/Oct/2025:08:47:59 +0800] "GET /eHR/ess/redirect.php?scriptname=ESNE001&appdesc=%E6%89%B9%E9%87%8F%E5%8A%A0%E7%8F%AD%E7%94%B3%E8%AF%B7 HTTP/1.1" 200 15271
192.168.11.178 - - [24/Oct/2025:08:48:07 +0800] "GET /eHR/ess/redirect.php?scriptname=emp_lov&openW=Y&rand=0.13414928317081465 HTTP/1.1" 200 8728 "http://192.168.1.83:8088/eHR/ess/redirect.php?scriptname=ESNE001&appdesc=%E6%89%B9%E9%87%8F%E5%8A%A0%E7%8F%AD%E7%94%B3%E8%AF%B7" "Mozilla/5.0 (Windows NT 6.2; Win64; x64) AppleWebKit/537.36 (KHTML, like Gecko) Chrome/105.0.0.0 Safari/537.36"
192.168.11.178 - - [24/Oct/2025:08:48:07 +0800] "GET /eHR/ess/redirect.php?scriptname=emp_lov&openW=Y&rand=0.13414928317081465 HTTP/1.1" 200 8728
192.168.11.178 - - [24/Oct/2025:08:48:10 +0800] "POST /eHR/ess/redirect.php?scriptname=emp_lov&openW=Y&rand=0.13414928317081465 HTTP/1.1" 200 14146 "http://192.168.1.83:8088/eHR/ess/redirect.php?scriptname=emp_lov&openW=Y&rand=0.13414928317081465" "Mozilla/5.0 (Windows NT 6.2; Win64; x64) AppleWebKit/537.36 (KHTML, like Gecko) Chrome/105.0.0.0 Safari/537.36"
192.168.11.178 - - [24/Oct/2025:08:48:10 +0800] "POST /eHR/ess/redirect.php?scriptname=emp_lov&openW=Y&rand=0.13414928317081465 HTTP/1.1" 200 14146
192.168.11.178 - - [24/Oct/2025:08:48:16 +0800] "POST /eHR/ess/redirect.php?scriptname=ESNE001&appdesc=%E6%89%B9%E9%87%8F%E5%8A%A0%E7%8F%AD%E7%94%B3%E8%AF%B7 HTTP/1.1" 200 4263 "http://192.168.1.83:8088/eHR/ess/redirect.php?scriptname=ESNE001&appdesc=%E6%89%B9%E9%87%8F%E5%8A%A0%E7%8F%AD%E7%94%B3%E8%AF%B7" "Mozilla/5.0 (Windows NT 6.2; Win64; x64) AppleWebKit/537.36 (KHTML, like Gecko) Chrome/105.0.0.0 Safari/537.36"
192.168.11.178 - - [24/Oct/2025:08:48:16 +0800] "POST /eHR/ess/redirect.php?scriptname=ESNE001&appdesc=%E6%89%B9%E9%87%8F%E5%8A%A0%E7%8F%AD%E7%94%B3%E8%AF%B7 HTTP/1.1" 200 4263
192.168.11.178 - - [24/Oct/2025:08:48:19 +0800] "GET /eHR/ess/redirect.php?scriptname=ESNE003&appdesc=%E6%89%B9%E9%87%8F%E5%8A%A0%E7%8F%AD%E6%9F%A5%E8%AF%A2 HTTP/1.1" 200 7969 "http://192.168.1.83:8088/eHR/ess/redirect.php" "Mozilla/5.0 (Windows NT 6.2; Win64; x64) AppleWebKit/537.36 (KHTML, like Gecko) Chrome/105.0.0.0 Safari/537.36"
192.168.11.178 - - [24/Oct/2025:08:48:19 +0800] "GET /eHR/ess/redirect.php?scriptname=ESNE003&appdesc=%E6%89%B9%E9%87%8F%E5%8A%A0%E7%8F%AD%E6%9F%A5%E8%AF%A2 HTTP/1.1" 200 7969
192.168.11.178 - - [24/Oct/2025:08:48:21 +0800] "POST /eHR/ess/redirect.php?scriptname=ESNE003&appdesc=%E6%89%B9%E9%87%8F%E5%8A%A0%E7%8F%AD%E6%9F%A5%E8%AF%A2 HTTP/1.1" 200 166956 "http://192.168.1.83:8088/eHR/ess/redirect.php?scriptname=ESNE003&appdesc=%E6%89%B9%E9%87%8F%E5%8A%A0%E7%8F%AD%E6%9F%A5%E8%AF%A2" "Mozilla/5.0 (Windows NT 6.2; Win64; x64) AppleWebKit/537.36 (KHTML, like Gecko) Chrome/105.0.0.0 Safari/537.36"
192.168.11.178 - - [24/Oct/2025:08:48:21 +0800] "POST /eHR/ess/redirect.php?scriptname=ESNE003&appdesc=%E6%89%B9%E9%87%8F%E5%8A%A0%E7%8F%AD%E6%9F%A5%E8%AF%A2 HTTP/1.1" 200 166956
192.168.11.132 - - [24/Oct/2025:08:48:40 +0800] "GET /eHR/ess/redirect.php?scriptname=emp_lov&openW=Y&rand=0.014050292610574555 HTTP/1.1" 302 - "-" "Mozilla/5.0 (Windows NT 10.0; Win64; x64; rv:144.0) Gecko/20100101 Firefox/144.0"
192.168.11.132 - - [24/Oct/2025:08:48:40 +0800] "GET /eHR/ess/redirect.php?scriptname=emp_lov&openW=Y&rand=0.014050292610574555 HTTP/1.1" 302 -
192.168.11.132 - - [24/Oct/2025:08:48:40 +0800] "GET /eHR/ess HTTP/1.1" 301 241 "-" "Mozilla/5.0 (Windows NT 10.0; Win64; x64; rv:144.0) Gecko/20100101 Firefox/144.0"
192.168.11.132 - - [24/Oct/2025:08:48:40 +0800] "GET /eHR/ess HTTP/1.1" 301 241
192.168.11.132 - - [24/Oct/2025:08:48:40 +0800] "GET /eHR/ess/ HTTP/1.1" 200 8826 "-" "Mozilla/5.0 (Windows NT 10.0; Win64; x64; rv:144.0) Gecko/20100101 Firefox/144.0"
192.168.11.132 - - [24/Oct/2025:08:48:40 +0800] "GET /eHR/ess/ HTTP/1.1" 200 8826
192.168.11.132 - - [24/Oct/2025:08:48:41 +0800] "GET /eHR/img/logo.gif HTTP/1.1" 200 3837 "http://192.168.1.83:8088/eHR/ess/" "Mozilla/5.0 (Windows NT 10.0; Win64; x64; rv:144.0) Gecko/20100101 Firefox/144.0"
192.168.11.132 - - [24/Oct/2025:08:48:41 +0800] "GET /eHR/img/logo.gif HTTP/1.1" 200 3837
192.168.11.132 - - [24/Oct/2025:08:48:41 +0800] "GET /eHR/css/jqueryui/themes/redmond/jquery.ui.core.css HTTP/1.1" 200 1459 "http://192.168.1.83:8088/eHR/css/jqueryui/themes/redmond/jquery.ui.base.css" "Mozilla/5.0 (Windows NT 10.0; Win64; x64; rv:144.0) Gecko/20100101 Firefox/144.0"
192.168.11.132 - - [24/Oct/2025:08:48:41 +0800] "GET /eHR/css/jqueryui/themes/redmond/jquery.ui.core.css HTTP/1.1" 200 1459
192.168.11.132 - - [24/Oct/2025:08:48:41 +0800] "GET /eHR/css/jqueryui/themes/redmond/jquery.ui.selectable.css HTTP/1.1" 200 323 "http://192.168.1.83:8088/eHR/css/jqueryui/themes/redmond/jquery.ui.base.css" "Mozilla/5.0 (Windows NT 10.0; Win64; x64; rv:144.0) Gecko/20100101 Firefox/144.0"
192.168.11.132 - - [24/Oct/2025:08:48:41 +0800] "GET /eHR/css/jqueryui/themes/redmond/jquery.ui.selectable.css HTTP/1.1" 200 323
192.168.11.132 - - [24/Oct/2025:08:48:41 +0800] "GET /eHR/css/jqueryui/themes/redmond/jquery.ui.resizable.css HTTP/1.1" 200 1171 "http://192.168.1.83:8088/eHR/css/jqueryui/themes/redmond/jquery.ui.base.css" "Mozilla/5.0 (Windows NT 10.0; Win64; x64; rv:144.0) Gecko/20100101 Firefox/144.0"
192.168.11.132 - - [24/Oct/2025:08:48:41 +0800] "GET /eHR/css/jqueryui/themes/redmond/jquery.ui.resizable.css HTTP/1.1" 200 1171
192.168.11.132 - - [24/Oct/2025:08:48:41 +0800] "GET /eHR/img/index_banner_2.jpg HTTP/1.1" 200 45216 "http://192.168.1.83:8088/eHR/ess/" "Mozilla/5.0 (Windows NT 10.0; Win64; x64; rv:144.0) Gecko/20100101 Firefox/144.0"
192.168.11.132 - - [24/Oct/2025:08:48:41 +0800] "GET /eHR/img/index_banner_2.jpg HTTP/1.1" 200 45216
192.168.11.132 - - [24/Oct/2025:08:48:41 +0800] "GET /eHR/img/img1.jpg HTTP/1.1" 200 33358 "http://192.168.1.83:8088/eHR/ess/" "Mozilla/5.0 (Windows NT 10.0; Win64; x64; rv:144.0) Gecko/20100101 Firefox/144.0"
192.168.11.132 - - [24/Oct/2025:08:48:41 +0800] "GET /eHR/img/img1.jpg HTTP/1.1" 200 33358
192.168.11.132 - - [24/Oct/2025:08:48:41 +0800] "GET /eHR/img/loginbg.gif HTTP/1.1" 200 7026 "http://192.168.1.83:8088/eHR/ess/" "Mozilla/5.0 (Windows NT 10.0; Win64; x64; rv:144.0) Gecko/20100101 Firefox/144.0"
192.168.11.132 - - [24/Oct/2025:08:48:41 +0800] "GET /eHR/img/loginbg.gif HTTP/1.1" 200 7026
192.168.11.132 - - [24/Oct/2025:08:48:41 +0800] "GET /eHR/css/jqueryui/themes/redmond/images/ui-bg_glass_85_dfeffc_1x400.png HTTP/1.1" 200 123 "http://192.168.1.83:8088/eHR/css/jqueryui/themes/redmond/jquery.ui.theme.css" "Mozilla/5.0 (Windows NT 10.0; Win64; x64; rv:144.0) Gecko/20100101 Firefox/144.0"
192.168.11.132 - - [24/Oct/2025:08:48:41 +0800] "GET /eHR/css/jqueryui/themes/redmond/images/ui-bg_glass_85_dfeffc_1x400.png HTTP/1.1" 200 123
192.168.11.132 - - [24/Oct/2025:08:48:41 +0800] "GET /eHR/img/ares.ico HTTP/1.1" 200 1406 "http://192.168.1.83:8088/eHR/ess/" "Mozilla/5.0 (Windows NT 10.0; Win64; x64; rv:144.0) Gecko/20100101 Firefox/144.0"
192.168.11.132 - - [24/Oct/2025:08:48:41 +0800] "GET /eHR/img/ares.ico HTTP/1.1" 200 1406
192.168.11.132 - - [24/Oct/2025:08:48:42 +0800] "GET /eHR/css/jqueryui/themes/redmond/images/ui-bg_glass_75_d0e5f5_1x400.png HTTP/1.1" 200 124 "http://192.168.1.83:8088/eHR/css/jqueryui/themes/redmond/jquery.ui.theme.css" "Mozilla/5.0 (Windows NT 10.0; Win64; x64; rv:144.0) Gecko/20100101 Firefox/144.0"
192.168.11.132 - - [24/Oct/2025:08:48:42 +0800] "GET /eHR/css/jqueryui/themes/redmond/images/ui-bg_glass_75_d0e5f5_1x400.png HTTP/1.1" 200 124
192.168.11.151 - - [24/Oct/2025:08:48:42 +0800] "GET /eHR/ess/redirect.php?scriptname=emp_lov&openW=Y&rand=0.7530964877681081 HTTP/1.1" 200 8468 "http://192.168.1.83:8088/eHR/ess/redirect.php?scriptname=ESNE001&appdesc=%E6%89%B9%E9%87%8F%E5%8A%A0%E7%8F%AD%E7%94%B3%E8%AF%B7" "Mozilla/5.0 (Windows NT 6.2; Win64; x64) AppleWebKit/537.36 (KHTML, like Gecko) Chrome/105.0.0.0 Safari/537.36"
192.168.11.151 - - [24/Oct/2025:08:48:42 +0800] "GET /eHR/ess/redirect.php?scriptname=emp_lov&openW=Y&rand=0.7530964877681081 HTTP/1.1" 200 8468
192.168.11.132 - - [24/Oct/2025:08:48:43 +0800] "GET /eHR/css/jqueryui/themes/redmond/images/ui-bg_inset-hard_100_f5f8f9_1x100.png HTTP/1.1" 200 104 "http://192.168.1.83:8088/eHR/css/jqueryui/themes/redmond/jquery.ui.theme.css" "Mozilla/5.0 (Windows NT 10.0; Win64; x64; rv:144.0) Gecko/20100101 Firefox/144.0"
192.168.11.132 - - [24/Oct/2025:08:48:43 +0800] "GET /eHR/css/jqueryui/themes/redmond/images/ui-bg_inset-hard_100_f5f8f9_1x100.png HTTP/1.1" 200 104
192.168.11.132 - - [24/Oct/2025:08:48:43 +0800] "POST /eHR/ess/includes/login.php HTTP/1.1" 302 - "http://192.168.1.83:8088/eHR/ess/" "Mozilla/5.0 (Windows NT 10.0; Win64; x64; rv:144.0) Gecko/20100101 Firefox/144.0"
192.168.11.132 - - [24/Oct/2025:08:48:43 +0800] "POST /eHR/ess/includes/login.php HTTP/1.1" 302 -
192.168.11.132 - - [24/Oct/2025:08:48:49 +0800] "GET /eHR/img/icon_jd.png HTTP/1.1" 200 3186 "http://192.168.1.83:8088/eHR/ess/redirect.php" "Mozilla/5.0 (Windows NT 10.0; Win64; x64; rv:144.0) Gecko/20100101 Firefox/144.0"
192.168.11.132 - - [24/Oct/2025:08:48:49 +0800] "GET /eHR/img/icon_jd.png HTTP/1.1" 200 3186
192.168.11.132 - - [24/Oct/2025:08:48:49 +0800] "GET /eHR/img/icon_obj.png HTTP/1.1" 200 3270 "http://192.168.1.83:8088/eHR/ess/redirect.php" "Mozilla/5.0 (Windows NT 10.0; Win64; x64; rv:144.0) Gecko/20100101 Firefox/144.0"
192.168.11.132 - - [24/Oct/2025:08:48:49 +0800] "GET /eHR/img/icon_obj.png HTTP/1.1" 200 3270
192.168.11.132 - - [24/Oct/2025:08:48:49 +0800] "GET /eHR/img/icon_about.png HTTP/1.1" 200 3493 "http://192.168.1.83:8088/eHR/ess/redirect.php" "Mozilla/5.0 (Windows NT 10.0; Win64; x64; rv:144.0) Gecko/20100101 Firefox/144.0"
192.168.11.132 - - [24/Oct/2025:08:48:49 +0800] "GET /eHR/img/icon_about.png HTTP/1.1" 200 3493
192.168.11.132 - - [24/Oct/2025:08:48:49 +0800] "GET /eHR/img/icon_help.png HTTP/1.1" 200 3588 "http://192.168.1.83:8088/eHR/ess/redirect.php" "Mozilla/5.0 (Windows NT 10.0; Win64; x64; rv:144.0) Gecko/20100101 Firefox/144.0"
192.168.11.132 - - [24/Oct/2025:08:48:49 +0800] "GET /eHR/img/icon_help.png HTTP/1.1" 200 3588
192.168.11.132 - - [24/Oct/2025:08:48:49 +0800] "GET /eHR/img/icon_exit.png HTTP/1.1" 200 3607 "http://192.168.1.83:8088/eHR/ess/redirect.php" "Mozilla/5.0 (Windows NT 10.0; Win64; x64; rv:144.0) Gecko/20100101 Firefox/144.0"
192.168.11.132 - - [24/Oct/2025:08:48:49 +0800] "GET /eHR/img/icon_exit.png HTTP/1.1" 200 3607
192.168.11.132 - - [24/Oct/2025:08:48:49 +0800] "GET /eHR/img/ess-logo.png HTTP/1.1" 200 9030 "http://192.168.1.83:8088/eHR/css/layout/layout.min.css" "Mozilla/5.0 (Windows NT 10.0; Win64; x64; rv:144.0) Gecko/20100101 Firefox/144.0"
192.168.11.132 - - [24/Oct/2025:08:48:49 +0800] "GET /eHR/img/ess-logo.png HTTP/1.1" 200 9030
192.168.11.132 - - [24/Oct/2025:08:48:49 +0800] "GET /eHR/img/human.png HTTP/1.1" 200 26107 "http://192.168.1.83:8088/eHR/css/layout/layout.min.css" "Mozilla/5.0 (Windows NT 10.0; Win64; x64; rv:144.0) Gecko/20100101 Firefox/144.0"
192.168.11.132 - - [24/Oct/2025:08:48:49 +0800] "GET /eHR/img/human.png HTTP/1.1" 200 26107
192.168.11.132 - - [24/Oct/2025:08:48:48 +0800] "GET /eHR/ess/redirect.php HTTP/1.1" 200 8926 "http://192.168.1.83:8088/eHR/ess/" "Mozilla/5.0 (Windows NT 10.0; Win64; x64; rv:144.0) Gecko/20100101 Firefox/144.0"
192.168.11.132 - - [24/Oct/2025:08:48:48 +0800] "GET /eHR/ess/redirect.php HTTP/1.1" 200 8926
192.168.11.132 - - [24/Oct/2025:08:48:49 +0800] "GET /eHR/img/Person.png HTTP/1.1" 200 960 "http://192.168.1.83:8088/eHR/ess/redirect.php" "Mozilla/5.0 (Windows NT 10.0; Win64; x64; rv:144.0) Gecko/20100101 Firefox/144.0"
192.168.11.132 - - [24/Oct/2025:08:48:49 +0800] "GET /eHR/img/Person.png HTTP/1.1" 200 960
192.168.11.132 - - [24/Oct/2025:08:48:49 +0800] "GET /eHR/img/layout/toggle-lt.gif HTTP/1.1" 200 871 "http://192.168.1.83:8088/eHR/css/layout/layout.min.css" "Mozilla/5.0 (Windows NT 10.0; Win64; x64; rv:144.0) Gecko/20100101 Firefox/144.0"
192.168.11.132 - - [24/Oct/2025:08:48:49 +0800] "GET /eHR/img/layout/toggle-lt.gif HTTP/1.1" 200 871
192.168.11.132 - - [24/Oct/2025:08:48:49 +0800] "GET /eHR/css/jqueryui/themes/redmond/images/ui-icons_6da8d5_256x240.png HTTP/1.1" 200 4369 "http://192.168.1.83:8088/eHR/css/jqueryui/themes/redmond/jquery.ui.theme.css" "Mozilla/5.0 (Windows NT 10.0; Win64; x64; rv:144.0) Gecko/20100101 Firefox/144.0"
192.168.11.132 - - [24/Oct/2025:08:48:49 +0800] "GET /eHR/css/jqueryui/themes/redmond/images/ui-icons_6da8d5_256x240.png HTTP/1.1" 200 4369
192.168.11.132 - - [24/Oct/2025:08:48:49 +0800] "GET /eHR/css/jqueryui/themes/redmond/images/ui-bg_inset-hard_100_fcfdfd_1x100.png HTTP/1.1" 200 88 "http://192.168.1.83:8088/eHR/css/jqueryui/themes/redmond/jquery.ui.theme.css" "Mozilla/5.0 (Windows NT 10.0; Win64; x64; rv:144.0) Gecko/20100101 Firefox/144.0"
192.168.11.132 - - [24/Oct/2025:08:48:49 +0800] "GET /eHR/css/jqueryui/themes/redmond/images/ui-bg_inset-hard_100_fcfdfd_1x100.png HTTP/1.1" 200 88
192.168.11.151 - - [24/Oct/2025:08:48:44 +0800] "POST /eHR/ess/redirect.php?scriptname=emp_lov&openW=Y&rand=0.7530964877681081 HTTP/1.1" 200 15208 "http://192.168.1.83:8088/eHR/ess/redirect.php?scriptname=emp_lov&openW=Y&rand=0.7530964877681081" "Mozilla/5.0 (Windows NT 6.2; Win64; x64) AppleWebKit/537.36 (KHTML, like Gecko) Chrome/105.0.0.0 Safari/537.36"
192.168.11.151 - - [24/Oct/2025:08:48:44 +0800] "POST /eHR/ess/redirect.php?scriptname=emp_lov&openW=Y&rand=0.7530964877681081 HTTP/1.1" 200 15208
192.168.11.132 - - [24/Oct/2025:08:48:49 +0800] "GET /eHR/ess/redirect.php?scriptname=ESNH000 HTTP/1.1" 200 9866 "http://192.168.1.83:8088/eHR/ess/redirect.php" "Mozilla/5.0 (Windows NT 10.0; Win64; x64; rv:144.0) Gecko/20100101 Firefox/144.0"
192.168.11.132 - - [24/Oct/2025:08:48:49 +0800] "GET /eHR/ess/redirect.php?scriptname=ESNH000 HTTP/1.1" 200 9866
192.168.11.132 - - [24/Oct/2025:08:48:52 +0800] "GET /eHR/css/jqueryui/themes/redmond/images/ui-icons_217bc0_256x240.png HTTP/1.1" 200 4369 "http://192.168.1.83:8088/eHR/css/jqueryui/themes/redmond/jquery.ui.theme.css" "Mozilla/5.0 (Windows NT 10.0; Win64; x64; rv:144.0) Gecko/20100101 Firefox/144.0"
192.168.11.132 - - [24/Oct/2025:08:48:52 +0800] "GET /eHR/css/jqueryui/themes/redmond/images/ui-icons_217bc0_256x240.png HTTP/1.1" 200 4369
192.168.11.132 - - [24/Oct/2025:08:48:53 +0800] "GET /eHR/css/jqueryui/themes/redmond/images/ui-icons_f9bd01_256x240.png HTTP/1.1" 200 4369 "http://192.168.1.83:8088/eHR/css/jqueryui/themes/redmond/jquery.ui.theme.css" "Mozilla/5.0 (Windows NT 10.0; Win64; x64; rv:144.0) Gecko/20100101 Firefox/144.0"
192.168.11.132 - - [24/Oct/2025:08:48:53 +0800] "GET /eHR/css/jqueryui/themes/redmond/images/ui-icons_f9bd01_256x240.png HTTP/1.1" 200 4369
192.168.11.132 - - [24/Oct/2025:08:48:55 +0800] "GET /eHR/css/jqueryui/themes/redmond/images/ui-bg_gloss-wave_55_5c9ccc_500x100.png HTTP/1.1" 200 3457 "http://192.168.1.83:8088/eHR/css/jqueryui/themes/redmond/jquery.ui.theme.css" "Mozilla/5.0 (Windows NT 10.0; Win64; x64; rv:144.0) Gecko/20100101 Firefox/144.0"
192.168.11.132 - - [24/Oct/2025:08:48:55 +0800] "GET /eHR/css/jqueryui/themes/redmond/images/ui-bg_gloss-wave_55_5c9ccc_500x100.png HTTP/1.1" 200 3457
192.168.11.132 - - [24/Oct/2025:08:48:54 +0800] "GET /eHR/ess/redirect.php?scriptname=ESNE001&appdesc=%E6%89%B9%E9%87%8F%E5%8A%A0%E7%8F%AD%E7%94%B3%E8%AF%B7 HTTP/1.1" 200 15271 "http://192.168.1.83:8088/eHR/ess/redirect.php" "Mozilla/5.0 (Windows NT 10.0; Win64; x64; rv:144.0) Gecko/20100101 Firefox/144.0"
192.168.11.132 - - [24/Oct/2025:08:48:54 +0800] "GET /eHR/ess/redirect.php?scriptname=ESNE001&appdesc=%E6%89%B9%E9%87%8F%E5%8A%A0%E7%8F%AD%E7%94%B3%E8%AF%B7 HTTP/1.1" 200 15271
192.168.11.132 - - [24/Oct/2025:08:48:55 +0800] "GET /eHR/img/date.png HTTP/1.1" 200 626 "http://192.168.1.83:8088/eHR/ess/redirect.php?scriptname=ESNE001&appdesc=%E6%89%B9%E9%87%8F%E5%8A%A0%E7%8F%AD%E7%94%B3%E8%AF%B7" "Mozilla/5.0 (Windows NT 10.0; Win64; x64; rv:144.0) Gecko/20100101 Firefox/144.0"
192.168.11.132 - - [24/Oct/2025:08:48:55 +0800] "GET /eHR/img/date.png HTTP/1.1" 200 626
192.168.11.178 - - [24/Oct/2025:08:48:56 +0800] "GET /eHR/ess/redirect.php?scriptname=ESNE001&appdesc=%E6%89%B9%E9%87%8F%E5%8A%A0%E7%8F%AD%E7%94%B3%E8%AF%B7 HTTP/1.1" 200 15271 "http://192.168.1.83:8088/eHR/ess/redirect.php" "Mozilla/5.0 (Windows NT 6.2; Win64; x64) AppleWebKit/537.36 (KHTML, like Gecko) Chrome/105.0.0.0 Safari/537.36"
192.168.11.178 - - [24/Oct/2025:08:48:56 +0800] "GET /eHR/ess/redirect.php?scriptname=ESNE001&appdesc=%E6%89%B9%E9%87%8F%E5%8A%A0%E7%8F%AD%E7%94%B3%E8%AF%B7 HTTP/1.1" 200 15271
192.168.11.132 - - [24/Oct/2025:08:48:57 +0800] "GET /eHR/css/jqueryui/themes/redmond/images/ui-icons_d8e7f3_256x240.png HTTP/1.1" 200 4369 "http://192.168.1.83:8088/eHR/css/jqueryui/themes/redmond/jquery.ui.theme.css" "Mozilla/5.0 (Windows NT 10.0; Win64; x64; rv:144.0) Gecko/20100101 Firefox/144.0"
192.168.11.132 - - [24/Oct/2025:08:48:57 +0800] "GET /eHR/css/jqueryui/themes/redmond/images/ui-icons_d8e7f3_256x240.png HTTP/1.1" 200 4369
192.168.11.132 - - [24/Oct/2025:08:48:57 +0800] "GET /eHR/css/jqueryui/themes/redmond/images/ui-bg_flat_55_fbec88_40x100.png HTTP/1.1" 200 182 "http://192.168.1.83:8088/eHR/css/jqueryui/themes/redmond/jquery.ui.theme.css" "Mozilla/5.0 (Windows NT 10.0; Win64; x64; rv:144.0) Gecko/20100101 Firefox/144.0"
192.168.11.132 - - [24/Oct/2025:08:48:57 +0800] "GET /eHR/css/jqueryui/themes/redmond/images/ui-bg_flat_55_fbec88_40x100.png HTTP/1.1" 200 182
192.168.11.178 - - [24/Oct/2025:08:49:06 +0800] "GET /eHR/ess/redirect.php?scriptname=emp_lov&openW=Y&rand=0.026100935861418817 HTTP/1.1" 200 8728 "http://192.168.1.83:8088/eHR/ess/redirect.php?scriptname=ESNE001&appdesc=%E6%89%B9%E9%87%8F%E5%8A%A0%E7%8F%AD%E7%94%B3%E8%AF%B7" "Mozilla/5.0 (Windows NT 6.2; Win64; x64) AppleWebKit/537.36 (KHTML, like Gecko) Chrome/105.0.0.0 Safari/537.36"
192.168.11.178 - - [24/Oct/2025:08:49:06 +0800] "GET /eHR/ess/redirect.php?scriptname=emp_lov&openW=Y&rand=0.026100935861418817 HTTP/1.1" 200 8728
192.168.11.178 - - [24/Oct/2025:08:49:09 +0800] "POST /eHR/ess/redirect.php?scriptname=emp_lov&openW=Y&rand=0.026100935861418817 HTTP/1.1" 200 14146 "http://192.168.1.83:8088/eHR/ess/redirect.php?scriptname=emp_lov&openW=Y&rand=0.026100935861418817" "Mozilla/5.0 (Windows NT 6.2; Win64; x64) AppleWebKit/537.36 (KHTML, like Gecko) Chrome/105.0.0.0 Safari/537.36"
192.168.11.178 - - [24/Oct/2025:08:49:09 +0800] "POST /eHR/ess/redirect.php?scriptname=emp_lov&openW=Y&rand=0.026100935861418817 HTTP/1.1" 200 14146
192.168.11.151 - - [24/Oct/2025:08:49:12 +0800] "POST /eHR/ess/redirect.php?scriptname=ESNE001&appdesc=%E6%89%B9%E9%87%8F%E5%8A%A0%E7%8F%AD%E7%94%B3%E8%AF%B7 HTTP/1.1" 200 4499 "http://192.168.1.83:8088/eHR/ess/redirect.php?scriptname=ESNE001&appdesc=%E6%89%B9%E9%87%8F%E5%8A%A0%E7%8F%AD%E7%94%B3%E8%AF%B7" "Mozilla/5.0 (Windows NT 6.2; Win64; x64) AppleWebKit/537.36 (KHTML, like Gecko) Chrome/105.0.0.0 Safari/537.36"
192.168.11.151 - - [24/Oct/2025:08:49:12 +0800] "POST /eHR/ess/redirect.php?scriptname=ESNE001&appdesc=%E6%89%B9%E9%87%8F%E5%8A%A0%E7%8F%AD%E7%94%B3%E8%AF%B7 HTTP/1.1" 200 4499
192.168.11.178 - - [24/Oct/2025:08:49:16 +0800] "POST /eHR/ess/redirect.php?scriptname=ESNE001&appdesc=%E6%89%B9%E9%87%8F%E5%8A%A0%E7%8F%AD%E7%94%B3%E8%AF%B7 HTTP/1.1" 200 4468 "http://192.168.1.83:8088/eHR/ess/redirect.php?scriptname=ESNE001&appdesc=%E6%89%B9%E9%87%8F%E5%8A%A0%E7%8F%AD%E7%94%B3%E8%AF%B7" "Mozilla/5.0 (Windows NT 6.2; Win64; x64) AppleWebKit/537.36 (KHTML, like Gecko) Chrome/105.0.0.0 Safari/537.36"
192.168.11.178 - - [24/Oct/2025:08:49:16 +0800] "POST /eHR/ess/redirect.php?scriptname=ESNE001&appdesc=%E6%89%B9%E9%87%8F%E5%8A%A0%E7%8F%AD%E7%94%B3%E8%AF%B7 HTTP/1.1" 200 4468
192.168.11.151 - - [24/Oct/2025:08:49:17 +0800] "GET /eHR/ess/redirect.php?scriptname=ESNE001&appdesc=%E6%89%B9%E9%87%8F%E5%8A%A0%E7%8F%AD%E7%94%B3%E8%AF%B7 HTTP/1.1" 200 15271 "http://192.168.1.83:8088/eHR/ess/redirect.php" "Mozilla/5.0 (Windows NT 6.2; Win64; x64) AppleWebKit/537.36 (KHTML, like Gecko) Chrome/105.0.0.0 Safari/537.36"
192.168.11.151 - - [24/Oct/2025:08:49:17 +0800] "GET /eHR/ess/redirect.php?scriptname=ESNE001&appdesc=%E6%89%B9%E9%87%8F%E5%8A%A0%E7%8F%AD%E7%94%B3%E8%AF%B7 HTTP/1.1" 200 15271
192.168.11.178 - - [24/Oct/2025:08:49:20 +0800] "GET /eHR/ess/redirect.php?scriptname=ESNE003&appdesc=%E6%89%B9%E9%87%8F%E5%8A%A0%E7%8F%AD%E6%9F%A5%E8%AF%A2 HTTP/1.1" 200 7969 "http://192.168.1.83:8088/eHR/ess/redirect.php" "Mozilla/5.0 (Windows NT 6.2; Win64; x64) AppleWebKit/537.36 (KHTML, like Gecko) Chrome/105.0.0.0 Safari/537.36"
192.168.11.178 - - [24/Oct/2025:08:49:20 +0800] "GET /eHR/ess/redirect.php?scriptname=ESNE003&appdesc=%E6%89%B9%E9%87%8F%E5%8A%A0%E7%8F%AD%E6%9F%A5%E8%AF%A2 HTTP/1.1" 200 7969
192.168.11.132 - - [24/Oct/2025:08:49:22 +0800] "GET /eHR/ess/redirect.php?scriptname=emp_lov&openW=Y&rand=0.9979501083175237 HTTP/1.1" 200 8988 "http://192.168.1.83:8088/eHR/ess/redirect.php?scriptname=ESNE001&appdesc=%E6%89%B9%E9%87%8F%E5%8A%A0%E7%8F%AD%E7%94%B3%E8%AF%B7" "Mozilla/5.0 (Windows NT 10.0; Win64; x64; rv:144.0) Gecko/20100101 Firefox/144.0"
192.168.11.132 - - [24/Oct/2025:08:49:22 +0800] "GET /eHR/ess/redirect.php?scriptname=emp_lov&openW=Y&rand=0.9979501083175237 HTTP/1.1" 200 8988
